{"id":7955,"date":"2026-03-08T21:47:04","date_gmt":"2026-03-09T00:47:04","guid":{"rendered":"https:\/\/coisasdegentepreta.com.br\/?page_id=7955"},"modified":"2026-03-11T09:54:22","modified_gmt":"2026-03-11T12:54:22","slug":"mulheres-negras-e-a-dupla-batalha-contra-o-racismo-e-o-patriarcado","status":"publish","type":"page","link":"https:\/\/coisasdegentepreta.com.br\/index.php\/mulheres-negras-e-a-dupla-batalha-contra-o-racismo-e-o-patriarcado\/","title":{"rendered":"\u201cMulheres negras e a dupla batalha contra o racismo e o patriarcado\u201d"},"content":{"rendered":"\t\t<div data-elementor-type=\"wp-page\" data-elementor-id=\"7955\" class=\"elementor elementor-7955\">\n\t\t\t\t<div class=\"elementor-element elementor-element-7568c43 e-flex e-con-boxed e-con e-parent\" data-id=\"7568c43\" data-element_type=\"container\" data-settings=\"{&quot;background_background&quot;:&quot;classic&quot;}\">\n\t\t\t\t\t<div class=\"e-con-inner\">\n\t\t<div class=\"elementor-element elementor-element-b16d87d e-con-full e-flex e-con e-child\" data-id=\"b16d87d\" data-element_type=\"container\" data-settings=\"{&quot;background_background&quot;:&quot;classic&quot;}\">\n\t\t\t\t<div class=\"elementor-element elementor-element-7119be6 elementor-widget elementor-widget-image\" data-id=\"7119be6\" data-element_type=\"widget\" data-widget_type=\"image.default\">\n\t\t\t\t<div class=\"elementor-widget-container\">\n\t\t\t\t\t\t\t\t\t\t\t\t\t\t\t<img fetchpriority=\"high\" decoding=\"async\" width=\"853\" height=\"1280\" src=\"https:\/\/coisasdegentepreta.com.br\/wp-content\/uploads\/2026\/03\/WhatsApp-Image-2026-03-08-at-12.19.25.jpeg\" class=\"attachment-full size-full wp-image-7957\" alt=\"\" srcset=\"https:\/\/coisasdegentepreta.com.br\/wp-content\/uploads\/2026\/03\/WhatsApp-Image-2026-03-08-at-12.19.25.jpeg 853w, https:\/\/coisasdegentepreta.com.br\/wp-content\/uploads\/2026\/03\/WhatsApp-Image-2026-03-08-at-12.19.25-200x300.jpeg 200w, https:\/\/coisasdegentepreta.com.br\/wp-content\/uploads\/2026\/03\/WhatsApp-Image-2026-03-08-at-12.19.25-682x1024.jpeg 682w, https:\/\/coisasdegentepreta.com.br\/wp-content\/uploads\/2026\/03\/WhatsApp-Image-2026-03-08-at-12.19.25-768x1152.jpeg 768w, https:\/\/coisasdegentepreta.com.br\/wp-content\/uploads\/2026\/03\/WhatsApp-Image-2026-03-08-at-12.19.25-600x900.jpeg 600w\" sizes=\"(max-width: 853px) 100vw, 853px\" \/>\t\t\t\t\t\t\t\t\t\t\t\t\t\t\t<\/div>\n\t\t\t\t<\/div>\n\t\t\t\t<\/div>\n\t\t<div class=\"elementor-element elementor-element-e95d026 e-con-full e-flex e-con e-child\" data-id=\"e95d026\" data-element_type=\"container\" data-settings=\"{&quot;background_background&quot;:&quot;classic&quot;}\">\n\t\t\t\t<div class=\"elementor-element elementor-element-7742a20 elementor-widget elementor-widget-heading\" data-id=\"7742a20\" data-element_type=\"widget\" data-widget_type=\"heading.default\">\n\t\t\t\t<div class=\"elementor-widget-container\">\n\t\t\t\t\t<h2 class=\"elementor-heading-title elementor-size-default\">\u201cMulheres negras e a dupla batalha contra o racismo e o patriarcado\u201d\n<\/h2>\t\t\t\t<\/div>\n\t\t\t\t<\/div>\n\t\t\t\t<div class=\"elementor-element elementor-element-4e55008 elementor-widget elementor-widget-text-editor\" data-id=\"4e55008\" data-element_type=\"widget\" data-widget_type=\"text-editor.default\">\n\t\t\t\t<div class=\"elementor-widget-container\">\n\t\t\t\t\t\t\t\t\t<p>No Dia Internacional da Mulher, \u00e9 importante recordar que os avan\u00e7os alcan\u00e7ados pelas mulheres ao longo da hist\u00f3ria n\u00e3o foram concess\u00f5es espont\u00e2neas da sociedade. Foram conquistas arrancadas pela luta, pela organiza\u00e7\u00e3o coletiva e pela coragem de enfrentar estruturas que durante s\u00e9culos limitaram a presen\u00e7a feminina nos espa\u00e7os de decis\u00e3o, na pol\u00edtica, no trabalho e na vida p\u00fablica.<\/p><p>Essas conquistas, por\u00e9m, convivem com uma realidade persistente: a perman\u00eancia de uma sociedade ainda profundamente machista e patriarcal. Mesmo diante de transforma\u00e7\u00f5es importantes, muitos comportamentos, institui\u00e7\u00f5es e discursos continuam reproduzindo desigualdades que colocam as mulheres em posi\u00e7\u00e3o de vulnerabilidade ou de constante necessidade de provar sua legitimidade.<\/p><p>Nos \u00faltimos anos, esse cen\u00e1rio tem sido agravado pela ascens\u00e3o de um novo conservadorismo, que frequentemente tenta relativizar direitos j\u00e1 consolidados, revalorizando pap\u00e9is sociais r\u00edgidos e naturalizando assimetrias de poder entre homens e mulheres.<\/p><p>Quando observamos essa realidade a partir da experi\u00eancia hist\u00f3rica da popula\u00e7\u00e3o negra no Brasil, torna-se evidente que as mulheres negras s\u00e3o aquelas que mais sentem o peso combinado dessas estruturas. Sobre elas recaem simultaneamente o racismo estrutural e o sexismo hist\u00f3rico, produzindo desigualdades ainda mais profundas no acesso a renda, reconhecimento social, prote\u00e7\u00e3o e poder pol\u00edtico.<\/p><p>Ainda assim, \u00e9 tamb\u00e9m das mulheres negras que emergem algumas das mais vigorosas experi\u00eancias de resist\u00eancia social, organiza\u00e7\u00e3o comunit\u00e1ria, produ\u00e7\u00e3o cultural e lideran\u00e7a espiritual e pol\u00edtica. S\u00e3o elas que, muitas vezes, sustentam fam\u00edlias, territ\u00f3rios e tradi\u00e7\u00f5es, mesmo quando a sociedade insiste em invisibilizar sua centralidade.<\/p><p>Por isso, mais do que celebrar uma data, refletir sobre o Dia Internacional da Mulher exige reconhecer que a luta est\u00e1 longe de terminar. Se a sociedade brasileira ainda convive com estruturas patriarcais e racistas, ent\u00e3o a verdadeira igualdade continua sendo um projeto em disputa.<\/p><p>E talvez essa seja a reflex\u00e3o mais necess\u00e1ria neste momento: enquanto houver mulheres negras lutando para ter direitos b\u00e1sicos reconhecidos, qualquer discurso de igualdade plena ser\u00e1, no m\u00ednimo, prematuro e, no limite, uma forma sofisticada de negar a realidade.<\/p>\t\t\t\t\t\t\t\t<\/div>\n\t\t\t\t<\/div>\n\t\t\t\t<\/div>\n\t\t\t\t\t<\/div>\n\t\t\t\t<\/div>\n\t\t\t\t<\/div>\n\t\t","protected":false},"excerpt":{"rendered":"<p>\u201cMulheres negras e a dupla batalha contra o racismo e o patriarcado\u201d No Dia Internacional da Mulher, \u00e9 importante recordar que os avan\u00e7os alcan\u00e7ados pelas mulheres ao longo da hist\u00f3ria n\u00e3o foram concess\u00f5es espont\u00e2neas da sociedade. Foram conquistas arrancadas pela luta, pela organiza\u00e7\u00e3o coletiva e pela coragem de enfrentar estruturas que durante s\u00e9culos limitaram a &hellip;<\/p>\n<p class=\"read-more\"> <a class=\"\" href=\"https:\/\/coisasdegentepreta.com.br\/index.php\/mulheres-negras-e-a-dupla-batalha-contra-o-racismo-e-o-patriarcado\/\"> <span class=\"screen-reader-text\">\u201cMulheres negras e a dupla batalha contra o racismo e o patriarcado\u201d<\/span> Read More &raquo;<\/a><\/p>\n","protected":false},"author":1,"featured_media":0,"parent":0,"menu_order":0,"comment_status":"closed","ping_status":"closed","template":"","meta":{"site-sidebar-layout":"no-sidebar","site-content-layout":"","ast-site-content-layout":"full-width-container","site-content-style":"default","site-sidebar-style":"default","ast-global-header-display":"","ast-banner-title-visibility":"","ast-main-header-display":"","ast-hfb-above-header-display":"","ast-hfb-below-header-display":"","ast-hfb-mobile-header-display":"","site-post-title":"disabled","ast-breadcrumbs-content":"","ast-featured-img":"disabled","footer-sml-layout":"","theme-transparent-header-meta":"","adv-header-id-meta":"","stick-header-meta":"","header-above-stick-meta":"","header-main-stick-meta":"","header-below-stick-meta":"","astra-migrate-meta-layouts":"default","ast-page-background-enabled":"default","ast-page-background-meta":{"desktop":{"background-color":"var(--ast-global-color-4)","background-image":"","background-repeat":"repeat","background-position":"center center","background-size":"auto","background-attachment":"scroll","background-type":"","background-media":"","overlay-type":"","overlay-color":"","overlay-gradient":""},"tablet":{"background-color":"","background-image":"","background-repeat":"repeat","background-position":"center center","background-size":"auto","background-attachment":"scroll","background-type":"","background-media":"","overlay-type":"","overlay-color":"","overlay-gradient":""},"mobile":{"background-color":"","background-image":"","background-repeat":"repeat","background-position":"center center","background-size":"auto","background-attachment":"scroll","background-type":"","background-media":"","overlay-type":"","overlay-color":"","overlay-gradient":""}},"ast-content-background-meta":{"desktop":{"background-color":"var(--ast-global-color-5)","background-image":"","background-repeat":"repeat","background-position":"center center","background-size":"auto","background-attachment":"scroll","background-type":"","background-media":"","overlay-type":"","overlay-color":"","overlay-gradient":""},"tablet":{"background-color":"var(--ast-global-color-5)","background-image":"","background-repeat":"repeat","background-position":"center center","background-size":"auto","background-attachment":"scroll","background-type":"","background-media":"","overlay-type":"","overlay-color":"","overlay-gradient":""},"mobile":{"background-color":"var(--ast-global-color-5)","background-image":"","background-repeat":"repeat","background-position":"center center","background-size":"auto","background-attachment":"scroll","background-type":"","background-media":"","overlay-type":"","overlay-color":"","overlay-gradient":""}},"footnotes":""},"class_list":["post-7955","page","type-page","status-publish","hentry"],"yoast_head":"<!-- This site is optimized with the Yoast SEO plugin v24.2 - https:\/\/yoast.com\/wordpress\/plugins\/seo\/ -->\n<title>\u201cMulheres negras e a dupla batalha contra o racismo e o patriarcado\u201d -<\/title>\n<meta name=\"robots\" content=\"index, follow, max-snippet:-1, max-image-preview:large, max-video-preview:-1\" \/>\n<link rel=\"canonical\" href=\"https:\/\/coisasdegentepreta.com.br\/index.php\/mulheres-negras-e-a-dupla-batalha-contra-o-racismo-e-o-patriarcado\/\" \/>\n<meta property=\"og:locale\" content=\"en_US\" \/>\n<meta property=\"og:type\" content=\"article\" \/>\n<meta property=\"og:title\" content=\"\u201cMulheres negras e a dupla batalha contra o racismo e o patriarcado\u201d -\" \/>\n<meta property=\"og:description\" content=\"\u201cMulheres negras e a dupla batalha contra o racismo e o patriarcado\u201d No Dia Internacional da Mulher, \u00e9 importante recordar que os avan\u00e7os alcan\u00e7ados pelas mulheres ao longo da hist\u00f3ria n\u00e3o foram concess\u00f5es espont\u00e2neas da sociedade. Foram conquistas arrancadas pela luta, pela organiza\u00e7\u00e3o coletiva e pela coragem de enfrentar estruturas que durante s\u00e9culos limitaram a &hellip; \u201cMulheres negras e a dupla batalha contra o racismo e o patriarcado\u201d Read More &raquo;\" \/>\n<meta property=\"og:url\" content=\"https:\/\/coisasdegentepreta.com.br\/index.php\/mulheres-negras-e-a-dupla-batalha-contra-o-racismo-e-o-patriarcado\/\" \/>\n<meta property=\"article:publisher\" content=\"https:\/\/facebook.com\/cmmcomcoisasdegente\" \/>\n<meta property=\"article:modified_time\" content=\"2026-03-11T12:54:22+00:00\" \/>\n<meta property=\"og:image\" content=\"https:\/\/coisasdegentepreta.com.br\/wp-content\/uploads\/2026\/03\/WhatsApp-Image-2026-03-08-at-12.19.25.jpeg\" \/>\n\t<meta property=\"og:image:width\" content=\"853\" \/>\n\t<meta property=\"og:image:height\" content=\"1280\" \/>\n\t<meta property=\"og:image:type\" content=\"image\/jpeg\" \/>\n<meta name=\"twitter:card\" content=\"summary_large_image\" \/>\n<meta name=\"twitter:site\" content=\"@cmmcomcoisasdegente\" \/>\n<meta name=\"twitter:label1\" content=\"Est. reading time\" \/>\n\t<meta name=\"twitter:data1\" content=\"2 minutes\" \/>\n<script type=\"application\/ld+json\" class=\"yoast-schema-graph\">{\"@context\":\"https:\/\/schema.org\",\"@graph\":[{\"@type\":\"WebPage\",\"@id\":\"https:\/\/coisasdegentepreta.com.br\/index.php\/mulheres-negras-e-a-dupla-batalha-contra-o-racismo-e-o-patriarcado\/\",\"url\":\"https:\/\/coisasdegentepreta.com.br\/index.php\/mulheres-negras-e-a-dupla-batalha-contra-o-racismo-e-o-patriarcado\/\",\"name\":\"\u201cMulheres negras e a dupla batalha contra o racismo e o patriarcado\u201d -\",\"isPartOf\":{\"@id\":\"https:\/\/coisasdegentepreta.com.br\/#website\"},\"primaryImageOfPage\":{\"@id\":\"https:\/\/coisasdegentepreta.com.br\/index.php\/mulheres-negras-e-a-dupla-batalha-contra-o-racismo-e-o-patriarcado\/#primaryimage\"},\"image\":{\"@id\":\"https:\/\/coisasdegentepreta.com.br\/index.php\/mulheres-negras-e-a-dupla-batalha-contra-o-racismo-e-o-patriarcado\/#primaryimage\"},\"thumbnailUrl\":\"https:\/\/coisasdegentepreta.com.br\/wp-content\/uploads\/2026\/03\/WhatsApp-Image-2026-03-08-at-12.19.25.jpeg\",\"datePublished\":\"2026-03-09T00:47:04+00:00\",\"dateModified\":\"2026-03-11T12:54:22+00:00\",\"breadcrumb\":{\"@id\":\"https:\/\/coisasdegentepreta.com.br\/index.php\/mulheres-negras-e-a-dupla-batalha-contra-o-racismo-e-o-patriarcado\/#breadcrumb\"},\"inLanguage\":\"en-US\",\"potentialAction\":[{\"@type\":\"ReadAction\",\"target\":[\"https:\/\/coisasdegentepreta.com.br\/index.php\/mulheres-negras-e-a-dupla-batalha-contra-o-racismo-e-o-patriarcado\/\"]}]},{\"@type\":\"ImageObject\",\"inLanguage\":\"en-US\",\"@id\":\"https:\/\/coisasdegentepreta.com.br\/index.php\/mulheres-negras-e-a-dupla-batalha-contra-o-racismo-e-o-patriarcado\/#primaryimage\",\"url\":\"https:\/\/coisasdegentepreta.com.br\/wp-content\/uploads\/2026\/03\/WhatsApp-Image-2026-03-08-at-12.19.25.jpeg\",\"contentUrl\":\"https:\/\/coisasdegentepreta.com.br\/wp-content\/uploads\/2026\/03\/WhatsApp-Image-2026-03-08-at-12.19.25.jpeg\",\"width\":853,\"height\":1280},{\"@type\":\"BreadcrumbList\",\"@id\":\"https:\/\/coisasdegentepreta.com.br\/index.php\/mulheres-negras-e-a-dupla-batalha-contra-o-racismo-e-o-patriarcado\/#breadcrumb\",\"itemListElement\":[{\"@type\":\"ListItem\",\"position\":1,\"name\":\"ECMM\",\"item\":\"https:\/\/coisasdegentepreta.com.br\/\"},{\"@type\":\"ListItem\",\"position\":2,\"name\":\"\u201cMulheres negras e a dupla batalha contra o racismo e o patriarcado\u201d\"}]},{\"@type\":\"WebSite\",\"@id\":\"https:\/\/coisasdegentepreta.com.br\/#website\",\"url\":\"https:\/\/coisasdegentepreta.com.br\/\",\"name\":\"https:\/\/coisasdegentepreta.com.br\",\"description\":\"\",\"publisher\":{\"@id\":\"https:\/\/coisasdegentepreta.com.br\/#organization\"},\"potentialAction\":[{\"@type\":\"SearchAction\",\"target\":{\"@type\":\"EntryPoint\",\"urlTemplate\":\"https:\/\/coisasdegentepreta.com.br\/?s={search_term_string}\"},\"query-input\":{\"@type\":\"PropertyValueSpecification\",\"valueRequired\":true,\"valueName\":\"search_term_string\"}}],\"inLanguage\":\"en-US\"},{\"@type\":\"Organization\",\"@id\":\"https:\/\/coisasdegentepreta.com.br\/#organization\",\"name\":\"Espa\u00e7o de Capacita\u00e7\u00e3o M\u00e1rcio Madeira RJ\",\"url\":\"https:\/\/coisasdegentepreta.com.br\/\",\"logo\":{\"@type\":\"ImageObject\",\"inLanguage\":\"en-US\",\"@id\":\"https:\/\/coisasdegentepreta.com.br\/#\/schema\/logo\/image\/\",\"url\":\"https:\/\/coisasdegentepreta.com.br\/wp-content\/uploads\/2023\/12\/logo-2.png\",\"contentUrl\":\"https:\/\/coisasdegentepreta.com.br\/wp-content\/uploads\/2023\/12\/logo-2.png\",\"width\":2064,\"height\":1021,\"caption\":\"Espa\u00e7o de Capacita\u00e7\u00e3o M\u00e1rcio Madeira RJ\"},\"image\":{\"@id\":\"https:\/\/coisasdegentepreta.com.br\/#\/schema\/logo\/image\/\"},\"sameAs\":[\"https:\/\/facebook.com\/cmmcomcoisasdegente\",\"https:\/\/x.com\/cmmcomcoisasdegente\",\"https:\/\/instagram.com\/cmmcomcoisasdegente\"]}]}<\/script>\n<!-- \/ Yoast SEO plugin. -->","yoast_head_json":{"title":"\u201cMulheres negras e a dupla batalha contra o racismo e o patriarcado\u201d -","robots":{"index":"index","follow":"follow","max-snippet":"max-snippet:-1","max-image-preview":"max-image-preview:large","max-video-preview":"max-video-preview:-1"},"canonical":"https:\/\/coisasdegentepreta.com.br\/index.php\/mulheres-negras-e-a-dupla-batalha-contra-o-racismo-e-o-patriarcado\/","og_locale":"en_US","og_type":"article","og_title":"\u201cMulheres negras e a dupla batalha contra o racismo e o patriarcado\u201d -","og_description":"\u201cMulheres negras e a dupla batalha contra o racismo e o patriarcado\u201d No Dia Internacional da Mulher, \u00e9 importante recordar que os avan\u00e7os alcan\u00e7ados pelas mulheres ao longo da hist\u00f3ria n\u00e3o foram concess\u00f5es espont\u00e2neas da sociedade. Foram conquistas arrancadas pela luta, pela organiza\u00e7\u00e3o coletiva e pela coragem de enfrentar estruturas que durante s\u00e9culos limitaram a &hellip; \u201cMulheres negras e a dupla batalha contra o racismo e o patriarcado\u201d Read More &raquo;","og_url":"https:\/\/coisasdegentepreta.com.br\/index.php\/mulheres-negras-e-a-dupla-batalha-contra-o-racismo-e-o-patriarcado\/","article_publisher":"https:\/\/facebook.com\/cmmcomcoisasdegente","article_modified_time":"2026-03-11T12:54:22+00:00","og_image":[{"width":853,"height":1280,"url":"https:\/\/coisasdegentepreta.com.br\/wp-content\/uploads\/2026\/03\/WhatsApp-Image-2026-03-08-at-12.19.25.jpeg","type":"image\/jpeg"}],"twitter_card":"summary_large_image","twitter_site":"@cmmcomcoisasdegente","twitter_misc":{"Est. reading time":"2 minutes"},"schema":{"@context":"https:\/\/schema.org","@graph":[{"@type":"WebPage","@id":"https:\/\/coisasdegentepreta.com.br\/index.php\/mulheres-negras-e-a-dupla-batalha-contra-o-racismo-e-o-patriarcado\/","url":"https:\/\/coisasdegentepreta.com.br\/index.php\/mulheres-negras-e-a-dupla-batalha-contra-o-racismo-e-o-patriarcado\/","name":"\u201cMulheres negras e a dupla batalha contra o racismo e o patriarcado\u201d -","isPartOf":{"@id":"https:\/\/coisasdegentepreta.com.br\/#website"},"primaryImageOfPage":{"@id":"https:\/\/coisasdegentepreta.com.br\/index.php\/mulheres-negras-e-a-dupla-batalha-contra-o-racismo-e-o-patriarcado\/#primaryimage"},"image":{"@id":"https:\/\/coisasdegentepreta.com.br\/index.php\/mulheres-negras-e-a-dupla-batalha-contra-o-racismo-e-o-patriarcado\/#primaryimage"},"thumbnailUrl":"https:\/\/coisasdegentepreta.com.br\/wp-content\/uploads\/2026\/03\/WhatsApp-Image-2026-03-08-at-12.19.25.jpeg","datePublished":"2026-03-09T00:47:04+00:00","dateModified":"2026-03-11T12:54:22+00:00","breadcrumb":{"@id":"https:\/\/coisasdegentepreta.com.br\/index.php\/mulheres-negras-e-a-dupla-batalha-contra-o-racismo-e-o-patriarcado\/#breadcrumb"},"inLanguage":"en-US","potentialAction":[{"@type":"ReadAction","target":["https:\/\/coisasdegentepreta.com.br\/index.php\/mulheres-negras-e-a-dupla-batalha-contra-o-racismo-e-o-patriarcado\/"]}]},{"@type":"ImageObject","inLanguage":"en-US","@id":"https:\/\/coisasdegentepreta.com.br\/index.php\/mulheres-negras-e-a-dupla-batalha-contra-o-racismo-e-o-patriarcado\/#primaryimage","url":"https:\/\/coisasdegentepreta.com.br\/wp-content\/uploads\/2026\/03\/WhatsApp-Image-2026-03-08-at-12.19.25.jpeg","contentUrl":"https:\/\/coisasdegentepreta.com.br\/wp-content\/uploads\/2026\/03\/WhatsApp-Image-2026-03-08-at-12.19.25.jpeg","width":853,"height":1280},{"@type":"BreadcrumbList","@id":"https:\/\/coisasdegentepreta.com.br\/index.php\/mulheres-negras-e-a-dupla-batalha-contra-o-racismo-e-o-patriarcado\/#breadcrumb","itemListElement":[{"@type":"ListItem","position":1,"name":"ECMM","item":"https:\/\/coisasdegentepreta.com.br\/"},{"@type":"ListItem","position":2,"name":"\u201cMulheres negras e a dupla batalha contra o racismo e o patriarcado\u201d"}]},{"@type":"WebSite","@id":"https:\/\/coisasdegentepreta.com.br\/#website","url":"https:\/\/coisasdegentepreta.com.br\/","name":"https:\/\/coisasdegentepreta.com.br","description":"","publisher":{"@id":"https:\/\/coisasdegentepreta.com.br\/#organization"},"potentialAction":[{"@type":"SearchAction","target":{"@type":"EntryPoint","urlTemplate":"https:\/\/coisasdegentepreta.com.br\/?s={search_term_string}"},"query-input":{"@type":"PropertyValueSpecification","valueRequired":true,"valueName":"search_term_string"}}],"inLanguage":"en-US"},{"@type":"Organization","@id":"https:\/\/coisasdegentepreta.com.br\/#organization","name":"Espa\u00e7o de Capacita\u00e7\u00e3o M\u00e1rcio Madeira RJ","url":"https:\/\/coisasdegentepreta.com.br\/","logo":{"@type":"ImageObject","inLanguage":"en-US","@id":"https:\/\/coisasdegentepreta.com.br\/#\/schema\/logo\/image\/","url":"https:\/\/coisasdegentepreta.com.br\/wp-content\/uploads\/2023\/12\/logo-2.png","contentUrl":"https:\/\/coisasdegentepreta.com.br\/wp-content\/uploads\/2023\/12\/logo-2.png","width":2064,"height":1021,"caption":"Espa\u00e7o de Capacita\u00e7\u00e3o M\u00e1rcio Madeira RJ"},"image":{"@id":"https:\/\/coisasdegentepreta.com.br\/#\/schema\/logo\/image\/"},"sameAs":["https:\/\/facebook.com\/cmmcomcoisasdegente","https:\/\/x.com\/cmmcomcoisasdegente","https:\/\/instagram.com\/cmmcomcoisasdegente"]}]}},"_links":{"self":[{"href":"https:\/\/coisasdegentepreta.com.br\/index.php\/wp-json\/wp\/v2\/pages\/7955","targetHints":{"allow":["GET"]}}],"collection":[{"href":"https:\/\/coisasdegentepreta.com.br\/index.php\/wp-json\/wp\/v2\/pages"}],"about":[{"href":"https:\/\/coisasdegentepreta.com.br\/index.php\/wp-json\/wp\/v2\/types\/page"}],"author":[{"embeddable":true,"href":"https:\/\/coisasdegentepreta.com.br\/index.php\/wp-json\/wp\/v2\/users\/1"}],"replies":[{"embeddable":true,"href":"https:\/\/coisasdegentepreta.com.br\/index.php\/wp-json\/wp\/v2\/comments?post=7955"}],"version-history":[{"count":16,"href":"https:\/\/coisasdegentepreta.com.br\/index.php\/wp-json\/wp\/v2\/pages\/7955\/revisions"}],"predecessor-version":[{"id":7999,"href":"https:\/\/coisasdegentepreta.com.br\/index.php\/wp-json\/wp\/v2\/pages\/7955\/revisions\/7999"}],"wp:attachment":[{"href":"https:\/\/coisasdegentepreta.com.br\/index.php\/wp-json\/wp\/v2\/media?parent=7955"}],"curies":[{"name":"wp","href":"https:\/\/api.w.org\/{rel}","templated":true}]}}