{"id":7939,"date":"2026-03-04T07:25:04","date_gmt":"2026-03-04T10:25:04","guid":{"rendered":"https:\/\/coisasdegentepreta.com.br\/?page_id=7939"},"modified":"2026-03-04T07:27:00","modified_gmt":"2026-03-04T10:27:00","slug":"patriarcado-hegemonia-e-a-normalizacao-do-abuso","status":"publish","type":"page","link":"https:\/\/coisasdegentepreta.com.br\/index.php\/patriarcado-hegemonia-e-a-normalizacao-do-abuso\/","title":{"rendered":"Patriarcado, Hegemonia e a Normaliza\u00e7\u00e3o do Abuso"},"content":{"rendered":"\t\t<div data-elementor-type=\"wp-page\" data-elementor-id=\"7939\" class=\"elementor elementor-7939\">\n\t\t\t\t<div class=\"elementor-element elementor-element-d2d7293 e-flex e-con-boxed e-con e-parent\" data-id=\"d2d7293\" data-element_type=\"container\" data-settings=\"{&quot;background_background&quot;:&quot;classic&quot;}\">\n\t\t\t\t\t<div class=\"e-con-inner\">\n\t\t<div class=\"elementor-element elementor-element-6b5fa67 e-con-full e-flex e-con e-child\" data-id=\"6b5fa67\" data-element_type=\"container\" data-settings=\"{&quot;background_background&quot;:&quot;classic&quot;}\">\n\t\t\t\t<div class=\"elementor-element elementor-element-d88ca07 elementor-widget elementor-widget-image\" data-id=\"d88ca07\" data-element_type=\"widget\" data-widget_type=\"image.default\">\n\t\t\t\t<div class=\"elementor-widget-container\">\n\t\t\t\t\t\t\t\t\t\t\t\t\t\t\t<img fetchpriority=\"high\" decoding=\"async\" width=\"1536\" height=\"1024\" src=\"https:\/\/coisasdegentepreta.com.br\/wp-content\/uploads\/2026\/03\/WhatsApp-Image-2026-03-04-at-07.08.30.jpeg\" class=\"attachment-full size-full wp-image-7941\" alt=\"\" srcset=\"https:\/\/coisasdegentepreta.com.br\/wp-content\/uploads\/2026\/03\/WhatsApp-Image-2026-03-04-at-07.08.30.jpeg 1536w, https:\/\/coisasdegentepreta.com.br\/wp-content\/uploads\/2026\/03\/WhatsApp-Image-2026-03-04-at-07.08.30-300x200.jpeg 300w, https:\/\/coisasdegentepreta.com.br\/wp-content\/uploads\/2026\/03\/WhatsApp-Image-2026-03-04-at-07.08.30-1024x683.jpeg 1024w, https:\/\/coisasdegentepreta.com.br\/wp-content\/uploads\/2026\/03\/WhatsApp-Image-2026-03-04-at-07.08.30-768x512.jpeg 768w, https:\/\/coisasdegentepreta.com.br\/wp-content\/uploads\/2026\/03\/WhatsApp-Image-2026-03-04-at-07.08.30-600x400.jpeg 600w\" sizes=\"(max-width: 1536px) 100vw, 1536px\" \/>\t\t\t\t\t\t\t\t\t\t\t\t\t\t\t<\/div>\n\t\t\t\t<\/div>\n\t\t\t\t<\/div>\n\t\t<div class=\"elementor-element elementor-element-d44c208 e-con-full e-flex e-con e-child\" data-id=\"d44c208\" data-element_type=\"container\" data-settings=\"{&quot;background_background&quot;:&quot;classic&quot;}\">\n\t\t\t\t<div class=\"elementor-element elementor-element-32e5bc6 elementor-widget elementor-widget-heading\" data-id=\"32e5bc6\" data-element_type=\"widget\" data-widget_type=\"heading.default\">\n\t\t\t\t<div class=\"elementor-widget-container\">\n\t\t\t\t\t<h2 class=\"elementor-heading-title elementor-size-default\">Patriarcado, Hegemonia e a Normaliza\u00e7\u00e3o do Abuso.<\/h2>\t\t\t\t<\/div>\n\t\t\t\t<\/div>\n\t\t\t\t<div class=\"elementor-element elementor-element-80a2f3b elementor-widget elementor-widget-text-editor\" data-id=\"80a2f3b\" data-element_type=\"widget\" data-widget_type=\"text-editor.default\">\n\t\t\t\t<div class=\"elementor-widget-container\">\n\t\t\t\t\t\t\t\t\t<p>A decis\u00e3o do desembargador Magid Nauef L\u00e1uar, do Tribunal de Justi\u00e7a de Minas Gerais, ao absolver um homem de 35 anos acusado de estupro de vulner\u00e1vel contra uma menina de 12 anos sob a tese de \u201cv\u00ednculo afetivo\u201d, n\u00e3o foi um epis\u00f3dio isolado.<\/p><p>A legisla\u00e7\u00e3o brasileira \u00e9 objetiva: qualquer rela\u00e7\u00e3o sexual com menor de 14 anos configura estupro de vulner\u00e1vel. N\u00e3o h\u00e1 consentimento juridicamente v\u00e1lido nessa faixa et\u00e1ria.<\/p><p>A posterior revers\u00e3o da decis\u00e3o e a apura\u00e7\u00e3o instaurada pelo Conselho Nacional de Justi\u00e7a n\u00e3o alteram o ponto central: a tese inicial revelou uma l\u00f3gica estrutural.<\/p><p>N\u00e3o erraram. Aplicaram uma mentalidade.<\/p><p>Uma mentalidade patriarcal que naturaliza a assimetria entre homem adulto e menina. Que romantiza desigualdades. Que transforma viol\u00eancia em narrativa afetiva.<\/p><p>Quando essa l\u00f3gica atravessa institui\u00e7\u00f5es, ela ganha apar\u00eancia de legitimidade.<\/p><p>O problema, portanto, n\u00e3o \u00e9 apenas jur\u00eddico. \u00c9 cultural. \u00c9 estrutural.<\/p><p>Chamar abuso de \u201cv\u00ednculo\u201d \u00e9 opera\u00e7\u00e3o discursiva. \u00c9 deslocar o foco da viol\u00eancia para uma hist\u00f3ria conveniente. \u00c9 reorganizar o sentido das palavras para preservar hierarquias.<\/p><p>Essa din\u00e2mica n\u00e3o \u00e9 exclusiva do Brasil. Nos Estados Unidos, o ex-presidente Donald Trump manteve rela\u00e7\u00e3o social nos anos 1990 com o financista Jeffrey Epstein, posteriormente condenado por crimes sexuais. Trump nega qualquer envolvimento e n\u00e3o h\u00e1 prova de participa\u00e7\u00e3o nos delitos. Ainda assim, o caso exp\u00f4s como c\u00edrculos de poder frequentemente orbitam ambientes marcados por assimetrias protegidas por blindagem simb\u00f3lica.<\/p><p>A hegemonia tamb\u00e9m opera pela narrativa. Quem controla o discurso controla a percep\u00e7\u00e3o moral da sociedade.<\/p><p>Quando a estrutura funciona, ela revela suas prioridades: protege reputa\u00e7\u00f5es, relativiza viol\u00eancias e disciplina os de baixo enquanto preserva os de cima.<\/p><p>A disputa n\u00e3o \u00e9 apenas sobre uma senten\u00e7a.<br \/>\u00c9 sobre quem define o que \u00e9 viol\u00eancia.<br \/>Quem transforma abuso em afeto.<br \/>Quem decide quais corpos merecem prote\u00e7\u00e3o integral.<\/p><p>O que vimos n\u00e3o foi um erro, foi a estrutura funcionando.<\/p><p><br \/>M\u00e1rcio Madeira \u2234<br \/>Portal Coisas de Gente Preta. Informa\u00e7\u00e3o, consci\u00eancia racial e compromisso pol\u00edtico.<\/p>\t\t\t\t\t\t\t\t<\/div>\n\t\t\t\t<\/div>\n\t\t\t\t<\/div>\n\t\t\t\t\t<\/div>\n\t\t\t\t<\/div>\n\t\t\t\t<\/div>\n\t\t","protected":false},"excerpt":{"rendered":"<p>Patriarcado, Hegemonia e a Normaliza\u00e7\u00e3o do Abuso. A decis\u00e3o do desembargador Magid Nauef L\u00e1uar, do Tribunal de Justi\u00e7a de Minas Gerais, ao absolver um homem de 35 anos acusado de estupro de vulner\u00e1vel contra uma menina de 12 anos sob a tese de \u201cv\u00ednculo afetivo\u201d, n\u00e3o foi um epis\u00f3dio isolado. A legisla\u00e7\u00e3o brasileira \u00e9 objetiva: &hellip;<\/p>\n<p class=\"read-more\"> <a class=\"\" href=\"https:\/\/coisasdegentepreta.com.br\/index.php\/patriarcado-hegemonia-e-a-normalizacao-do-abuso\/\"> <span class=\"screen-reader-text\">Patriarcado, Hegemonia e a Normaliza\u00e7\u00e3o do Abuso<\/span> Read More &raquo;<\/a><\/p>\n","protected":false},"author":1,"featured_media":0,"parent":0,"menu_order":0,"comment_status":"closed","ping_status":"closed","template":"","meta":{"site-sidebar-layout":"no-sidebar","site-content-layout":"","ast-site-content-layout":"full-width-container","site-content-style":"default","site-sidebar-style":"default","ast-global-header-display":"","ast-banner-title-visibility":"","ast-main-header-display":"","ast-hfb-above-header-display":"","ast-hfb-below-header-display":"","ast-hfb-mobile-header-display":"","site-post-title":"disabled","ast-breadcrumbs-content":"","ast-featured-img":"disabled","footer-sml-layout":"","theme-transparent-header-meta":"","adv-header-id-meta":"","stick-header-meta":"","header-above-stick-meta":"","header-main-stick-meta":"","header-below-stick-meta":"","astra-migrate-meta-layouts":"default","ast-page-background-enabled":"default","ast-page-background-meta":{"desktop":{"background-color":"var(--ast-global-color-4)","background-image":"","background-repeat":"repeat","background-position":"center center","background-size":"auto","background-attachment":"scroll","background-type":"","background-media":"","overlay-type":"","overlay-color":"","overlay-gradient":""},"tablet":{"background-color":"","background-image":"","background-repeat":"repeat","background-position":"center center","background-size":"auto","background-attachment":"scroll","background-type":"","background-media":"","overlay-type":"","overlay-color":"","overlay-gradient":""},"mobile":{"background-color":"","background-image":"","background-repeat":"repeat","background-position":"center center","background-size":"auto","background-attachment":"scroll","background-type":"","background-media":"","overlay-type":"","overlay-color":"","overlay-gradient":""}},"ast-content-background-meta":{"desktop":{"background-color":"var(--ast-global-color-5)","background-image":"","background-repeat":"repeat","background-position":"center center","background-size":"auto","background-attachment":"scroll","background-type":"","background-media":"","overlay-type":"","overlay-color":"","overlay-gradient":""},"tablet":{"background-color":"var(--ast-global-color-5)","background-image":"","background-repeat":"repeat","background-position":"center center","background-size":"auto","background-attachment":"scroll","background-type":"","background-media":"","overlay-type":"","overlay-color":"","overlay-gradient":""},"mobile":{"background-color":"var(--ast-global-color-5)","background-image":"","background-repeat":"repeat","background-position":"center center","background-size":"auto","background-attachment":"scroll","background-type":"","background-media":"","overlay-type":"","overlay-color":"","overlay-gradient":""}},"footnotes":""},"class_list":["post-7939","page","type-page","status-publish","hentry"],"yoast_head":"<!-- This site is optimized with the Yoast SEO plugin v24.2 - https:\/\/yoast.com\/wordpress\/plugins\/seo\/ -->\n<title>Patriarcado, Hegemonia e a Normaliza\u00e7\u00e3o do Abuso -<\/title>\n<meta name=\"robots\" content=\"index, follow, max-snippet:-1, max-image-preview:large, max-video-preview:-1\" \/>\n<link rel=\"canonical\" href=\"https:\/\/coisasdegentepreta.com.br\/index.php\/patriarcado-hegemonia-e-a-normalizacao-do-abuso\/\" \/>\n<meta property=\"og:locale\" content=\"en_US\" \/>\n<meta property=\"og:type\" content=\"article\" \/>\n<meta property=\"og:title\" content=\"Patriarcado, Hegemonia e a Normaliza\u00e7\u00e3o do Abuso -\" \/>\n<meta property=\"og:description\" content=\"Patriarcado, Hegemonia e a Normaliza\u00e7\u00e3o do Abuso. A decis\u00e3o do desembargador Magid Nauef L\u00e1uar, do Tribunal de Justi\u00e7a de Minas Gerais, ao absolver um homem de 35 anos acusado de estupro de vulner\u00e1vel contra uma menina de 12 anos sob a tese de \u201cv\u00ednculo afetivo\u201d, n\u00e3o foi um epis\u00f3dio isolado. A legisla\u00e7\u00e3o brasileira \u00e9 objetiva: &hellip; Patriarcado, Hegemonia e a Normaliza\u00e7\u00e3o do Abuso Read More &raquo;\" \/>\n<meta property=\"og:url\" content=\"https:\/\/coisasdegentepreta.com.br\/index.php\/patriarcado-hegemonia-e-a-normalizacao-do-abuso\/\" \/>\n<meta property=\"article:publisher\" content=\"https:\/\/facebook.com\/cmmcomcoisasdegente\" \/>\n<meta property=\"article:modified_time\" content=\"2026-03-04T10:27:00+00:00\" \/>\n<meta property=\"og:image\" content=\"https:\/\/coisasdegentepreta.com.br\/wp-content\/uploads\/2026\/03\/WhatsApp-Image-2026-03-04-at-07.08.30.jpeg\" \/>\n\t<meta property=\"og:image:width\" content=\"1536\" \/>\n\t<meta property=\"og:image:height\" content=\"1024\" \/>\n\t<meta property=\"og:image:type\" content=\"image\/jpeg\" \/>\n<meta name=\"twitter:card\" content=\"summary_large_image\" \/>\n<meta name=\"twitter:site\" content=\"@cmmcomcoisasdegente\" \/>\n<meta name=\"twitter:label1\" content=\"Est. reading time\" \/>\n\t<meta name=\"twitter:data1\" content=\"2 minutes\" \/>\n<script type=\"application\/ld+json\" class=\"yoast-schema-graph\">{\"@context\":\"https:\/\/schema.org\",\"@graph\":[{\"@type\":\"WebPage\",\"@id\":\"https:\/\/coisasdegentepreta.com.br\/index.php\/patriarcado-hegemonia-e-a-normalizacao-do-abuso\/\",\"url\":\"https:\/\/coisasdegentepreta.com.br\/index.php\/patriarcado-hegemonia-e-a-normalizacao-do-abuso\/\",\"name\":\"Patriarcado, Hegemonia e a Normaliza\u00e7\u00e3o do Abuso -\",\"isPartOf\":{\"@id\":\"https:\/\/coisasdegentepreta.com.br\/#website\"},\"primaryImageOfPage\":{\"@id\":\"https:\/\/coisasdegentepreta.com.br\/index.php\/patriarcado-hegemonia-e-a-normalizacao-do-abuso\/#primaryimage\"},\"image\":{\"@id\":\"https:\/\/coisasdegentepreta.com.br\/index.php\/patriarcado-hegemonia-e-a-normalizacao-do-abuso\/#primaryimage\"},\"thumbnailUrl\":\"https:\/\/coisasdegentepreta.com.br\/wp-content\/uploads\/2026\/03\/WhatsApp-Image-2026-03-04-at-07.08.30.jpeg\",\"datePublished\":\"2026-03-04T10:25:04+00:00\",\"dateModified\":\"2026-03-04T10:27:00+00:00\",\"breadcrumb\":{\"@id\":\"https:\/\/coisasdegentepreta.com.br\/index.php\/patriarcado-hegemonia-e-a-normalizacao-do-abuso\/#breadcrumb\"},\"inLanguage\":\"en-US\",\"potentialAction\":[{\"@type\":\"ReadAction\",\"target\":[\"https:\/\/coisasdegentepreta.com.br\/index.php\/patriarcado-hegemonia-e-a-normalizacao-do-abuso\/\"]}]},{\"@type\":\"ImageObject\",\"inLanguage\":\"en-US\",\"@id\":\"https:\/\/coisasdegentepreta.com.br\/index.php\/patriarcado-hegemonia-e-a-normalizacao-do-abuso\/#primaryimage\",\"url\":\"https:\/\/coisasdegentepreta.com.br\/wp-content\/uploads\/2026\/03\/WhatsApp-Image-2026-03-04-at-07.08.30.jpeg\",\"contentUrl\":\"https:\/\/coisasdegentepreta.com.br\/wp-content\/uploads\/2026\/03\/WhatsApp-Image-2026-03-04-at-07.08.30.jpeg\",\"width\":1536,\"height\":1024},{\"@type\":\"BreadcrumbList\",\"@id\":\"https:\/\/coisasdegentepreta.com.br\/index.php\/patriarcado-hegemonia-e-a-normalizacao-do-abuso\/#breadcrumb\",\"itemListElement\":[{\"@type\":\"ListItem\",\"position\":1,\"name\":\"ECMM\",\"item\":\"https:\/\/coisasdegentepreta.com.br\/\"},{\"@type\":\"ListItem\",\"position\":2,\"name\":\"Patriarcado, Hegemonia e a Normaliza\u00e7\u00e3o do Abuso\"}]},{\"@type\":\"WebSite\",\"@id\":\"https:\/\/coisasdegentepreta.com.br\/#website\",\"url\":\"https:\/\/coisasdegentepreta.com.br\/\",\"name\":\"https:\/\/coisasdegentepreta.com.br\",\"description\":\"\",\"publisher\":{\"@id\":\"https:\/\/coisasdegentepreta.com.br\/#organization\"},\"potentialAction\":[{\"@type\":\"SearchAction\",\"target\":{\"@type\":\"EntryPoint\",\"urlTemplate\":\"https:\/\/coisasdegentepreta.com.br\/?s={search_term_string}\"},\"query-input\":{\"@type\":\"PropertyValueSpecification\",\"valueRequired\":true,\"valueName\":\"search_term_string\"}}],\"inLanguage\":\"en-US\"},{\"@type\":\"Organization\",\"@id\":\"https:\/\/coisasdegentepreta.com.br\/#organization\",\"name\":\"Espa\u00e7o de Capacita\u00e7\u00e3o M\u00e1rcio Madeira RJ\",\"url\":\"https:\/\/coisasdegentepreta.com.br\/\",\"logo\":{\"@type\":\"ImageObject\",\"inLanguage\":\"en-US\",\"@id\":\"https:\/\/coisasdegentepreta.com.br\/#\/schema\/logo\/image\/\",\"url\":\"https:\/\/coisasdegentepreta.com.br\/wp-content\/uploads\/2023\/12\/logo-2.png\",\"contentUrl\":\"https:\/\/coisasdegentepreta.com.br\/wp-content\/uploads\/2023\/12\/logo-2.png\",\"width\":2064,\"height\":1021,\"caption\":\"Espa\u00e7o de Capacita\u00e7\u00e3o M\u00e1rcio Madeira RJ\"},\"image\":{\"@id\":\"https:\/\/coisasdegentepreta.com.br\/#\/schema\/logo\/image\/\"},\"sameAs\":[\"https:\/\/facebook.com\/cmmcomcoisasdegente\",\"https:\/\/x.com\/cmmcomcoisasdegente\",\"https:\/\/instagram.com\/cmmcomcoisasdegente\"]}]}<\/script>\n<!-- \/ Yoast SEO plugin. -->","yoast_head_json":{"title":"Patriarcado, Hegemonia e a Normaliza\u00e7\u00e3o do Abuso -","robots":{"index":"index","follow":"follow","max-snippet":"max-snippet:-1","max-image-preview":"max-image-preview:large","max-video-preview":"max-video-preview:-1"},"canonical":"https:\/\/coisasdegentepreta.com.br\/index.php\/patriarcado-hegemonia-e-a-normalizacao-do-abuso\/","og_locale":"en_US","og_type":"article","og_title":"Patriarcado, Hegemonia e a Normaliza\u00e7\u00e3o do Abuso -","og_description":"Patriarcado, Hegemonia e a Normaliza\u00e7\u00e3o do Abuso. A decis\u00e3o do desembargador Magid Nauef L\u00e1uar, do Tribunal de Justi\u00e7a de Minas Gerais, ao absolver um homem de 35 anos acusado de estupro de vulner\u00e1vel contra uma menina de 12 anos sob a tese de \u201cv\u00ednculo afetivo\u201d, n\u00e3o foi um epis\u00f3dio isolado. A legisla\u00e7\u00e3o brasileira \u00e9 objetiva: &hellip; Patriarcado, Hegemonia e a Normaliza\u00e7\u00e3o do Abuso Read More &raquo;","og_url":"https:\/\/coisasdegentepreta.com.br\/index.php\/patriarcado-hegemonia-e-a-normalizacao-do-abuso\/","article_publisher":"https:\/\/facebook.com\/cmmcomcoisasdegente","article_modified_time":"2026-03-04T10:27:00+00:00","og_image":[{"width":1536,"height":1024,"url":"https:\/\/coisasdegentepreta.com.br\/wp-content\/uploads\/2026\/03\/WhatsApp-Image-2026-03-04-at-07.08.30.jpeg","type":"image\/jpeg"}],"twitter_card":"summary_large_image","twitter_site":"@cmmcomcoisasdegente","twitter_misc":{"Est. reading time":"2 minutes"},"schema":{"@context":"https:\/\/schema.org","@graph":[{"@type":"WebPage","@id":"https:\/\/coisasdegentepreta.com.br\/index.php\/patriarcado-hegemonia-e-a-normalizacao-do-abuso\/","url":"https:\/\/coisasdegentepreta.com.br\/index.php\/patriarcado-hegemonia-e-a-normalizacao-do-abuso\/","name":"Patriarcado, Hegemonia e a Normaliza\u00e7\u00e3o do Abuso -","isPartOf":{"@id":"https:\/\/coisasdegentepreta.com.br\/#website"},"primaryImageOfPage":{"@id":"https:\/\/coisasdegentepreta.com.br\/index.php\/patriarcado-hegemonia-e-a-normalizacao-do-abuso\/#primaryimage"},"image":{"@id":"https:\/\/coisasdegentepreta.com.br\/index.php\/patriarcado-hegemonia-e-a-normalizacao-do-abuso\/#primaryimage"},"thumbnailUrl":"https:\/\/coisasdegentepreta.com.br\/wp-content\/uploads\/2026\/03\/WhatsApp-Image-2026-03-04-at-07.08.30.jpeg","datePublished":"2026-03-04T10:25:04+00:00","dateModified":"2026-03-04T10:27:00+00:00","breadcrumb":{"@id":"https:\/\/coisasdegentepreta.com.br\/index.php\/patriarcado-hegemonia-e-a-normalizacao-do-abuso\/#breadcrumb"},"inLanguage":"en-US","potentialAction":[{"@type":"ReadAction","target":["https:\/\/coisasdegentepreta.com.br\/index.php\/patriarcado-hegemonia-e-a-normalizacao-do-abuso\/"]}]},{"@type":"ImageObject","inLanguage":"en-US","@id":"https:\/\/coisasdegentepreta.com.br\/index.php\/patriarcado-hegemonia-e-a-normalizacao-do-abuso\/#primaryimage","url":"https:\/\/coisasdegentepreta.com.br\/wp-content\/uploads\/2026\/03\/WhatsApp-Image-2026-03-04-at-07.08.30.jpeg","contentUrl":"https:\/\/coisasdegentepreta.com.br\/wp-content\/uploads\/2026\/03\/WhatsApp-Image-2026-03-04-at-07.08.30.jpeg","width":1536,"height":1024},{"@type":"BreadcrumbList","@id":"https:\/\/coisasdegentepreta.com.br\/index.php\/patriarcado-hegemonia-e-a-normalizacao-do-abuso\/#breadcrumb","itemListElement":[{"@type":"ListItem","position":1,"name":"ECMM","item":"https:\/\/coisasdegentepreta.com.br\/"},{"@type":"ListItem","position":2,"name":"Patriarcado, Hegemonia e a Normaliza\u00e7\u00e3o do Abuso"}]},{"@type":"WebSite","@id":"https:\/\/coisasdegentepreta.com.br\/#website","url":"https:\/\/coisasdegentepreta.com.br\/","name":"https:\/\/coisasdegentepreta.com.br","description":"","publisher":{"@id":"https:\/\/coisasdegentepreta.com.br\/#organization"},"potentialAction":[{"@type":"SearchAction","target":{"@type":"EntryPoint","urlTemplate":"https:\/\/coisasdegentepreta.com.br\/?s={search_term_string}"},"query-input":{"@type":"PropertyValueSpecification","valueRequired":true,"valueName":"search_term_string"}}],"inLanguage":"en-US"},{"@type":"Organization","@id":"https:\/\/coisasdegentepreta.com.br\/#organization","name":"Espa\u00e7o de Capacita\u00e7\u00e3o M\u00e1rcio Madeira RJ","url":"https:\/\/coisasdegentepreta.com.br\/","logo":{"@type":"ImageObject","inLanguage":"en-US","@id":"https:\/\/coisasdegentepreta.com.br\/#\/schema\/logo\/image\/","url":"https:\/\/coisasdegentepreta.com.br\/wp-content\/uploads\/2023\/12\/logo-2.png","contentUrl":"https:\/\/coisasdegentepreta.com.br\/wp-content\/uploads\/2023\/12\/logo-2.png","width":2064,"height":1021,"caption":"Espa\u00e7o de Capacita\u00e7\u00e3o M\u00e1rcio Madeira RJ"},"image":{"@id":"https:\/\/coisasdegentepreta.com.br\/#\/schema\/logo\/image\/"},"sameAs":["https:\/\/facebook.com\/cmmcomcoisasdegente","https:\/\/x.com\/cmmcomcoisasdegente","https:\/\/instagram.com\/cmmcomcoisasdegente"]}]}},"_links":{"self":[{"href":"https:\/\/coisasdegentepreta.com.br\/index.php\/wp-json\/wp\/v2\/pages\/7939","targetHints":{"allow":["GET"]}}],"collection":[{"href":"https:\/\/coisasdegentepreta.com.br\/index.php\/wp-json\/wp\/v2\/pages"}],"about":[{"href":"https:\/\/coisasdegentepreta.com.br\/index.php\/wp-json\/wp\/v2\/types\/page"}],"author":[{"embeddable":true,"href":"https:\/\/coisasdegentepreta.com.br\/index.php\/wp-json\/wp\/v2\/users\/1"}],"replies":[{"embeddable":true,"href":"https:\/\/coisasdegentepreta.com.br\/index.php\/wp-json\/wp\/v2\/comments?post=7939"}],"version-history":[{"count":4,"href":"https:\/\/coisasdegentepreta.com.br\/index.php\/wp-json\/wp\/v2\/pages\/7939\/revisions"}],"predecessor-version":[{"id":7944,"href":"https:\/\/coisasdegentepreta.com.br\/index.php\/wp-json\/wp\/v2\/pages\/7939\/revisions\/7944"}],"wp:attachment":[{"href":"https:\/\/coisasdegentepreta.com.br\/index.php\/wp-json\/wp\/v2\/media?parent=7939"}],"curies":[{"name":"wp","href":"https:\/\/api.w.org\/{rel}","templated":true}]}}