{"id":7865,"date":"2026-01-30T18:01:34","date_gmt":"2026-01-30T21:01:34","guid":{"rendered":"https:\/\/coisasdegentepreta.com.br\/?page_id=7865"},"modified":"2026-01-30T18:04:54","modified_gmt":"2026-01-30T21:04:54","slug":"catequese-evangelismo-e-a-fragmentacao-do-povo-preto","status":"publish","type":"page","link":"https:\/\/coisasdegentepreta.com.br\/index.php\/catequese-evangelismo-e-a-fragmentacao-do-povo-preto\/","title":{"rendered":"Catequese, Evangelismo e a Fragmenta\u00e7\u00e3o do Povo Preto"},"content":{"rendered":"\t\t<div data-elementor-type=\"wp-page\" data-elementor-id=\"7865\" class=\"elementor elementor-7865\">\n\t\t\t\t<div class=\"elementor-element elementor-element-071e5bc e-flex e-con-boxed e-con e-parent\" data-id=\"071e5bc\" data-element_type=\"container\" data-settings=\"{&quot;background_background&quot;:&quot;classic&quot;}\">\n\t\t\t\t\t<div class=\"e-con-inner\">\n\t\t<div class=\"elementor-element elementor-element-9e2707b e-con-full e-flex e-con e-child\" data-id=\"9e2707b\" data-element_type=\"container\" data-settings=\"{&quot;background_background&quot;:&quot;classic&quot;}\">\n\t\t\t\t<div class=\"elementor-element elementor-element-869eea2 elementor-widget elementor-widget-image\" data-id=\"869eea2\" data-element_type=\"widget\" data-widget_type=\"image.default\">\n\t\t\t\t<div class=\"elementor-widget-container\">\n\t\t\t\t\t\t\t\t\t\t\t\t\t\t\t<img fetchpriority=\"high\" decoding=\"async\" width=\"1024\" height=\"1024\" src=\"https:\/\/coisasdegentepreta.com.br\/wp-content\/uploads\/2026\/01\/WhatsApp-Image-2026-01-30-at-16.17.12.jpeg\" class=\"attachment-full size-full wp-image-7867\" alt=\"\" srcset=\"https:\/\/coisasdegentepreta.com.br\/wp-content\/uploads\/2026\/01\/WhatsApp-Image-2026-01-30-at-16.17.12.jpeg 1024w, https:\/\/coisasdegentepreta.com.br\/wp-content\/uploads\/2026\/01\/WhatsApp-Image-2026-01-30-at-16.17.12-300x300.jpeg 300w, https:\/\/coisasdegentepreta.com.br\/wp-content\/uploads\/2026\/01\/WhatsApp-Image-2026-01-30-at-16.17.12-150x150.jpeg 150w, https:\/\/coisasdegentepreta.com.br\/wp-content\/uploads\/2026\/01\/WhatsApp-Image-2026-01-30-at-16.17.12-768x768.jpeg 768w, https:\/\/coisasdegentepreta.com.br\/wp-content\/uploads\/2026\/01\/WhatsApp-Image-2026-01-30-at-16.17.12-600x600.jpeg 600w, https:\/\/coisasdegentepreta.com.br\/wp-content\/uploads\/2026\/01\/WhatsApp-Image-2026-01-30-at-16.17.12-100x100.jpeg 100w\" sizes=\"(max-width: 1024px) 100vw, 1024px\" \/>\t\t\t\t\t\t\t\t\t\t\t\t\t\t\t<\/div>\n\t\t\t\t<\/div>\n\t\t\t\t<\/div>\n\t\t<div class=\"elementor-element elementor-element-a0b1f97 e-con-full e-flex e-con e-child\" data-id=\"a0b1f97\" data-element_type=\"container\" data-settings=\"{&quot;background_background&quot;:&quot;classic&quot;}\">\n\t\t\t\t<div class=\"elementor-element elementor-element-c5a9aea elementor-widget elementor-widget-heading\" data-id=\"c5a9aea\" data-element_type=\"widget\" data-widget_type=\"heading.default\">\n\t\t\t\t<div class=\"elementor-widget-container\">\n\t\t\t\t\t<h2 class=\"elementor-heading-title elementor-size-default\">Catequese, Evangelismo e a Fragmenta\u00e7\u00e3o do Povo Preto\n<\/h2>\t\t\t\t<\/div>\n\t\t\t\t<\/div>\n\t\t\t\t<div class=\"elementor-element elementor-element-5ad2828 elementor-widget elementor-widget-text-editor\" data-id=\"5ad2828\" data-element_type=\"widget\" data-widget_type=\"text-editor.default\">\n\t\t\t\t<div class=\"elementor-widget-container\">\n\t\t\t\t\t\t\t\t\t<p>A hist\u00f3ria nos mostra que a catequese colonial e, mais tarde, o evangelismo expandido nos territ\u00f3rios negros n\u00e3o foram apenas experi\u00eancias religiosas, mas tamb\u00e9m projetos de organiza\u00e7\u00e3o social impostos de fora para dentro. Converter corpos e consci\u00eancias sempre foi parte do processo de domina\u00e7\u00e3o.<\/p><p>N\u00e3o se trata de atacar a f\u00e9. A f\u00e9 sempre esteve presente na resist\u00eancia preta. O problema come\u00e7a quando ela substitui a organiza\u00e7\u00e3o coletiva, desloca a luta do campo pol\u00edtico para o moral e enfraquece a constru\u00e7\u00e3o de unidade.<\/p><p>Os efeitos dessa fragmenta\u00e7\u00e3o s\u00e3o vis\u00edveis e cotidianos. Um deles \u00e9 a enorme dificuldade de convencer pessoas pretas da import\u00e2ncia de construir um projeto pol\u00edtico pr\u00f3prio, s\u00f3lido, disciplinado e duradouro. Fala-se muito em representatividade, mas hesita-se quando o debate envolve organiza\u00e7\u00e3o, partido, estrat\u00e9gia e poder.<\/p><p>Enquanto fomos catequizados e evangelizados, n\u00e3o fomos educados para pensar como povo organizado. Fomos ensinados a esperar que tudo se resolva \u201cpela vontade de Deus\u201d ou pela a\u00e7\u00e3o de algum \u201cungido\u201d, transferindo responsabilidades coletivas para figuras salvacionistas. Isso n\u00e3o tem rela\u00e7\u00e3o com Jah, da na\u00e7\u00e3o Rastafari, que afirma consci\u00eancia e liberta\u00e7\u00e3o, mas com um messianismo pol\u00edtico travestido de \u201cDeus, P\u00e1tria e Fam\u00edlia\u201d, que dispensa organiza\u00e7\u00e3o popular, exige f\u00e9 cega e mant\u00e9m o povo esperando milagres em vez de construir poder.<\/p><p>N\u00e3o \u00e9 coincid\u00eancia que iniciativas pretas de organiza\u00e7\u00e3o pol\u00edtica encontrem tanta resist\u00eancia interna. A fragmenta\u00e7\u00e3o \u00e9 funcional a um sistema que se beneficia de um povo disperso, desconfiado de si mesmo e avesso \u00e0 constru\u00e7\u00e3o de instrumentos pr\u00f3prios de poder.<\/p><p>Este texto n\u00e3o \u00e9 acusa\u00e7\u00e3o; \u00e9 alerta. Sem unidade m\u00ednima, n\u00e3o h\u00e1 projeto pol\u00edtico poss\u00edvel. Sem projeto, seguimos reagindo, nunca decidindo. F\u00e9 pode caminhar junto, mas n\u00e3o substitui consci\u00eancia, organiza\u00e7\u00e3o e compromisso coletivo.<\/p><p>M\u00e1rcio Madeira \u2234<br \/>Portal Coisas de Gente Preta. Informa\u00e7\u00e3o, consci\u00eancia racial e compromisso pol\u00edtico.<\/p>\t\t\t\t\t\t\t\t<\/div>\n\t\t\t\t<\/div>\n\t\t\t\t<\/div>\n\t\t\t\t\t<\/div>\n\t\t\t\t<\/div>\n\t\t\t\t<\/div>\n\t\t","protected":false},"excerpt":{"rendered":"<p>Catequese, Evangelismo e a Fragmenta\u00e7\u00e3o do Povo Preto A hist\u00f3ria nos mostra que a catequese colonial e, mais tarde, o evangelismo expandido nos territ\u00f3rios negros n\u00e3o foram apenas experi\u00eancias religiosas, mas tamb\u00e9m projetos de organiza\u00e7\u00e3o social impostos de fora para dentro. Converter corpos e consci\u00eancias sempre foi parte do processo de domina\u00e7\u00e3o. N\u00e3o se trata &hellip;<\/p>\n<p class=\"read-more\"> <a class=\"\" href=\"https:\/\/coisasdegentepreta.com.br\/index.php\/catequese-evangelismo-e-a-fragmentacao-do-povo-preto\/\"> <span class=\"screen-reader-text\">Catequese, Evangelismo e a Fragmenta\u00e7\u00e3o do Povo Preto<\/span> Read More &raquo;<\/a><\/p>\n","protected":false},"author":1,"featured_media":0,"parent":0,"menu_order":0,"comment_status":"closed","ping_status":"closed","template":"","meta":{"site-sidebar-layout":"no-sidebar","site-content-layout":"","ast-site-content-layout":"full-width-container","site-content-style":"default","site-sidebar-style":"default","ast-global-header-display":"","ast-banner-title-visibility":"","ast-main-header-display":"","ast-hfb-above-header-display":"","ast-hfb-below-header-display":"","ast-hfb-mobile-header-display":"","site-post-title":"disabled","ast-breadcrumbs-content":"","ast-featured-img":"disabled","footer-sml-layout":"","theme-transparent-header-meta":"","adv-header-id-meta":"","stick-header-meta":"","header-above-stick-meta":"","header-main-stick-meta":"","header-below-stick-meta":"","astra-migrate-meta-layouts":"default","ast-page-background-enabled":"default","ast-page-background-meta":{"desktop":{"background-color":"var(--ast-global-color-4)","background-image":"","background-repeat":"repeat","background-position":"center center","background-size":"auto","background-attachment":"scroll","background-type":"","background-media":"","overlay-type":"","overlay-color":"","overlay-gradient":""},"tablet":{"background-color":"","background-image":"","background-repeat":"repeat","background-position":"center center","background-size":"auto","background-attachment":"scroll","background-type":"","background-media":"","overlay-type":"","overlay-color":"","overlay-gradient":""},"mobile":{"background-color":"","background-image":"","background-repeat":"repeat","background-position":"center center","background-size":"auto","background-attachment":"scroll","background-type":"","background-media":"","overlay-type":"","overlay-color":"","overlay-gradient":""}},"ast-content-background-meta":{"desktop":{"background-color":"var(--ast-global-color-5)","background-image":"","background-repeat":"repeat","background-position":"center center","background-size":"auto","background-attachment":"scroll","background-type":"","background-media":"","overlay-type":"","overlay-color":"","overlay-gradient":""},"tablet":{"background-color":"var(--ast-global-color-5)","background-image":"","background-repeat":"repeat","background-position":"center center","background-size":"auto","background-attachment":"scroll","background-type":"","background-media":"","overlay-type":"","overlay-color":"","overlay-gradient":""},"mobile":{"background-color":"var(--ast-global-color-5)","background-image":"","background-repeat":"repeat","background-position":"center center","background-size":"auto","background-attachment":"scroll","background-type":"","background-media":"","overlay-type":"","overlay-color":"","overlay-gradient":""}},"footnotes":""},"class_list":["post-7865","page","type-page","status-publish","hentry"],"yoast_head":"<!-- This site is optimized with the Yoast SEO plugin v24.2 - https:\/\/yoast.com\/wordpress\/plugins\/seo\/ -->\n<title>Catequese, Evangelismo e a Fragmenta\u00e7\u00e3o do Povo Preto -<\/title>\n<meta name=\"robots\" content=\"index, follow, max-snippet:-1, max-image-preview:large, max-video-preview:-1\" \/>\n<link rel=\"canonical\" href=\"https:\/\/coisasdegentepreta.com.br\/index.php\/catequese-evangelismo-e-a-fragmentacao-do-povo-preto\/\" \/>\n<meta property=\"og:locale\" content=\"en_US\" \/>\n<meta property=\"og:type\" content=\"article\" \/>\n<meta property=\"og:title\" content=\"Catequese, Evangelismo e a Fragmenta\u00e7\u00e3o do Povo Preto -\" \/>\n<meta property=\"og:description\" content=\"Catequese, Evangelismo e a Fragmenta\u00e7\u00e3o do Povo Preto A hist\u00f3ria nos mostra que a catequese colonial e, mais tarde, o evangelismo expandido nos territ\u00f3rios negros n\u00e3o foram apenas experi\u00eancias religiosas, mas tamb\u00e9m projetos de organiza\u00e7\u00e3o social impostos de fora para dentro. Converter corpos e consci\u00eancias sempre foi parte do processo de domina\u00e7\u00e3o. N\u00e3o se trata &hellip; Catequese, Evangelismo e a Fragmenta\u00e7\u00e3o do Povo Preto Read More &raquo;\" \/>\n<meta property=\"og:url\" content=\"https:\/\/coisasdegentepreta.com.br\/index.php\/catequese-evangelismo-e-a-fragmentacao-do-povo-preto\/\" \/>\n<meta property=\"article:publisher\" content=\"https:\/\/facebook.com\/cmmcomcoisasdegente\" \/>\n<meta property=\"article:modified_time\" content=\"2026-01-30T21:04:54+00:00\" \/>\n<meta property=\"og:image\" content=\"https:\/\/coisasdegentepreta.com.br\/wp-content\/uploads\/2026\/01\/WhatsApp-Image-2026-01-30-at-16.17.12.jpeg\" \/>\n\t<meta property=\"og:image:width\" content=\"1024\" \/>\n\t<meta property=\"og:image:height\" content=\"1024\" \/>\n\t<meta property=\"og:image:type\" content=\"image\/jpeg\" \/>\n<meta name=\"twitter:card\" content=\"summary_large_image\" \/>\n<meta name=\"twitter:site\" content=\"@cmmcomcoisasdegente\" \/>\n<meta name=\"twitter:label1\" content=\"Est. reading time\" \/>\n\t<meta name=\"twitter:data1\" content=\"2 minutes\" \/>\n<script type=\"application\/ld+json\" class=\"yoast-schema-graph\">{\"@context\":\"https:\/\/schema.org\",\"@graph\":[{\"@type\":\"WebPage\",\"@id\":\"https:\/\/coisasdegentepreta.com.br\/index.php\/catequese-evangelismo-e-a-fragmentacao-do-povo-preto\/\",\"url\":\"https:\/\/coisasdegentepreta.com.br\/index.php\/catequese-evangelismo-e-a-fragmentacao-do-povo-preto\/\",\"name\":\"Catequese, Evangelismo e a Fragmenta\u00e7\u00e3o do Povo Preto -\",\"isPartOf\":{\"@id\":\"https:\/\/coisasdegentepreta.com.br\/#website\"},\"primaryImageOfPage\":{\"@id\":\"https:\/\/coisasdegentepreta.com.br\/index.php\/catequese-evangelismo-e-a-fragmentacao-do-povo-preto\/#primaryimage\"},\"image\":{\"@id\":\"https:\/\/coisasdegentepreta.com.br\/index.php\/catequese-evangelismo-e-a-fragmentacao-do-povo-preto\/#primaryimage\"},\"thumbnailUrl\":\"https:\/\/coisasdegentepreta.com.br\/wp-content\/uploads\/2026\/01\/WhatsApp-Image-2026-01-30-at-16.17.12.jpeg\",\"datePublished\":\"2026-01-30T21:01:34+00:00\",\"dateModified\":\"2026-01-30T21:04:54+00:00\",\"breadcrumb\":{\"@id\":\"https:\/\/coisasdegentepreta.com.br\/index.php\/catequese-evangelismo-e-a-fragmentacao-do-povo-preto\/#breadcrumb\"},\"inLanguage\":\"en-US\",\"potentialAction\":[{\"@type\":\"ReadAction\",\"target\":[\"https:\/\/coisasdegentepreta.com.br\/index.php\/catequese-evangelismo-e-a-fragmentacao-do-povo-preto\/\"]}]},{\"@type\":\"ImageObject\",\"inLanguage\":\"en-US\",\"@id\":\"https:\/\/coisasdegentepreta.com.br\/index.php\/catequese-evangelismo-e-a-fragmentacao-do-povo-preto\/#primaryimage\",\"url\":\"https:\/\/coisasdegentepreta.com.br\/wp-content\/uploads\/2026\/01\/WhatsApp-Image-2026-01-30-at-16.17.12.jpeg\",\"contentUrl\":\"https:\/\/coisasdegentepreta.com.br\/wp-content\/uploads\/2026\/01\/WhatsApp-Image-2026-01-30-at-16.17.12.jpeg\",\"width\":1024,\"height\":1024},{\"@type\":\"BreadcrumbList\",\"@id\":\"https:\/\/coisasdegentepreta.com.br\/index.php\/catequese-evangelismo-e-a-fragmentacao-do-povo-preto\/#breadcrumb\",\"itemListElement\":[{\"@type\":\"ListItem\",\"position\":1,\"name\":\"ECMM\",\"item\":\"https:\/\/coisasdegentepreta.com.br\/\"},{\"@type\":\"ListItem\",\"position\":2,\"name\":\"Catequese, Evangelismo e a Fragmenta\u00e7\u00e3o do Povo Preto\"}]},{\"@type\":\"WebSite\",\"@id\":\"https:\/\/coisasdegentepreta.com.br\/#website\",\"url\":\"https:\/\/coisasdegentepreta.com.br\/\",\"name\":\"https:\/\/coisasdegentepreta.com.br\",\"description\":\"\",\"publisher\":{\"@id\":\"https:\/\/coisasdegentepreta.com.br\/#organization\"},\"potentialAction\":[{\"@type\":\"SearchAction\",\"target\":{\"@type\":\"EntryPoint\",\"urlTemplate\":\"https:\/\/coisasdegentepreta.com.br\/?s={search_term_string}\"},\"query-input\":{\"@type\":\"PropertyValueSpecification\",\"valueRequired\":true,\"valueName\":\"search_term_string\"}}],\"inLanguage\":\"en-US\"},{\"@type\":\"Organization\",\"@id\":\"https:\/\/coisasdegentepreta.com.br\/#organization\",\"name\":\"Espa\u00e7o de Capacita\u00e7\u00e3o M\u00e1rcio Madeira RJ\",\"url\":\"https:\/\/coisasdegentepreta.com.br\/\",\"logo\":{\"@type\":\"ImageObject\",\"inLanguage\":\"en-US\",\"@id\":\"https:\/\/coisasdegentepreta.com.br\/#\/schema\/logo\/image\/\",\"url\":\"https:\/\/coisasdegentepreta.com.br\/wp-content\/uploads\/2023\/12\/logo-2.png\",\"contentUrl\":\"https:\/\/coisasdegentepreta.com.br\/wp-content\/uploads\/2023\/12\/logo-2.png\",\"width\":2064,\"height\":1021,\"caption\":\"Espa\u00e7o de Capacita\u00e7\u00e3o M\u00e1rcio Madeira RJ\"},\"image\":{\"@id\":\"https:\/\/coisasdegentepreta.com.br\/#\/schema\/logo\/image\/\"},\"sameAs\":[\"https:\/\/facebook.com\/cmmcomcoisasdegente\",\"https:\/\/x.com\/cmmcomcoisasdegente\",\"https:\/\/instagram.com\/cmmcomcoisasdegente\"]}]}<\/script>\n<!-- \/ Yoast SEO plugin. -->","yoast_head_json":{"title":"Catequese, Evangelismo e a Fragmenta\u00e7\u00e3o do Povo Preto -","robots":{"index":"index","follow":"follow","max-snippet":"max-snippet:-1","max-image-preview":"max-image-preview:large","max-video-preview":"max-video-preview:-1"},"canonical":"https:\/\/coisasdegentepreta.com.br\/index.php\/catequese-evangelismo-e-a-fragmentacao-do-povo-preto\/","og_locale":"en_US","og_type":"article","og_title":"Catequese, Evangelismo e a Fragmenta\u00e7\u00e3o do Povo Preto -","og_description":"Catequese, Evangelismo e a Fragmenta\u00e7\u00e3o do Povo Preto A hist\u00f3ria nos mostra que a catequese colonial e, mais tarde, o evangelismo expandido nos territ\u00f3rios negros n\u00e3o foram apenas experi\u00eancias religiosas, mas tamb\u00e9m projetos de organiza\u00e7\u00e3o social impostos de fora para dentro. Converter corpos e consci\u00eancias sempre foi parte do processo de domina\u00e7\u00e3o. N\u00e3o se trata &hellip; Catequese, Evangelismo e a Fragmenta\u00e7\u00e3o do Povo Preto Read More &raquo;","og_url":"https:\/\/coisasdegentepreta.com.br\/index.php\/catequese-evangelismo-e-a-fragmentacao-do-povo-preto\/","article_publisher":"https:\/\/facebook.com\/cmmcomcoisasdegente","article_modified_time":"2026-01-30T21:04:54+00:00","og_image":[{"width":1024,"height":1024,"url":"https:\/\/coisasdegentepreta.com.br\/wp-content\/uploads\/2026\/01\/WhatsApp-Image-2026-01-30-at-16.17.12.jpeg","type":"image\/jpeg"}],"twitter_card":"summary_large_image","twitter_site":"@cmmcomcoisasdegente","twitter_misc":{"Est. reading time":"2 minutes"},"schema":{"@context":"https:\/\/schema.org","@graph":[{"@type":"WebPage","@id":"https:\/\/coisasdegentepreta.com.br\/index.php\/catequese-evangelismo-e-a-fragmentacao-do-povo-preto\/","url":"https:\/\/coisasdegentepreta.com.br\/index.php\/catequese-evangelismo-e-a-fragmentacao-do-povo-preto\/","name":"Catequese, Evangelismo e a Fragmenta\u00e7\u00e3o do Povo Preto -","isPartOf":{"@id":"https:\/\/coisasdegentepreta.com.br\/#website"},"primaryImageOfPage":{"@id":"https:\/\/coisasdegentepreta.com.br\/index.php\/catequese-evangelismo-e-a-fragmentacao-do-povo-preto\/#primaryimage"},"image":{"@id":"https:\/\/coisasdegentepreta.com.br\/index.php\/catequese-evangelismo-e-a-fragmentacao-do-povo-preto\/#primaryimage"},"thumbnailUrl":"https:\/\/coisasdegentepreta.com.br\/wp-content\/uploads\/2026\/01\/WhatsApp-Image-2026-01-30-at-16.17.12.jpeg","datePublished":"2026-01-30T21:01:34+00:00","dateModified":"2026-01-30T21:04:54+00:00","breadcrumb":{"@id":"https:\/\/coisasdegentepreta.com.br\/index.php\/catequese-evangelismo-e-a-fragmentacao-do-povo-preto\/#breadcrumb"},"inLanguage":"en-US","potentialAction":[{"@type":"ReadAction","target":["https:\/\/coisasdegentepreta.com.br\/index.php\/catequese-evangelismo-e-a-fragmentacao-do-povo-preto\/"]}]},{"@type":"ImageObject","inLanguage":"en-US","@id":"https:\/\/coisasdegentepreta.com.br\/index.php\/catequese-evangelismo-e-a-fragmentacao-do-povo-preto\/#primaryimage","url":"https:\/\/coisasdegentepreta.com.br\/wp-content\/uploads\/2026\/01\/WhatsApp-Image-2026-01-30-at-16.17.12.jpeg","contentUrl":"https:\/\/coisasdegentepreta.com.br\/wp-content\/uploads\/2026\/01\/WhatsApp-Image-2026-01-30-at-16.17.12.jpeg","width":1024,"height":1024},{"@type":"BreadcrumbList","@id":"https:\/\/coisasdegentepreta.com.br\/index.php\/catequese-evangelismo-e-a-fragmentacao-do-povo-preto\/#breadcrumb","itemListElement":[{"@type":"ListItem","position":1,"name":"ECMM","item":"https:\/\/coisasdegentepreta.com.br\/"},{"@type":"ListItem","position":2,"name":"Catequese, Evangelismo e a Fragmenta\u00e7\u00e3o do Povo Preto"}]},{"@type":"WebSite","@id":"https:\/\/coisasdegentepreta.com.br\/#website","url":"https:\/\/coisasdegentepreta.com.br\/","name":"https:\/\/coisasdegentepreta.com.br","description":"","publisher":{"@id":"https:\/\/coisasdegentepreta.com.br\/#organization"},"potentialAction":[{"@type":"SearchAction","target":{"@type":"EntryPoint","urlTemplate":"https:\/\/coisasdegentepreta.com.br\/?s={search_term_string}"},"query-input":{"@type":"PropertyValueSpecification","valueRequired":true,"valueName":"search_term_string"}}],"inLanguage":"en-US"},{"@type":"Organization","@id":"https:\/\/coisasdegentepreta.com.br\/#organization","name":"Espa\u00e7o de Capacita\u00e7\u00e3o M\u00e1rcio Madeira RJ","url":"https:\/\/coisasdegentepreta.com.br\/","logo":{"@type":"ImageObject","inLanguage":"en-US","@id":"https:\/\/coisasdegentepreta.com.br\/#\/schema\/logo\/image\/","url":"https:\/\/coisasdegentepreta.com.br\/wp-content\/uploads\/2023\/12\/logo-2.png","contentUrl":"https:\/\/coisasdegentepreta.com.br\/wp-content\/uploads\/2023\/12\/logo-2.png","width":2064,"height":1021,"caption":"Espa\u00e7o de Capacita\u00e7\u00e3o M\u00e1rcio Madeira RJ"},"image":{"@id":"https:\/\/coisasdegentepreta.com.br\/#\/schema\/logo\/image\/"},"sameAs":["https:\/\/facebook.com\/cmmcomcoisasdegente","https:\/\/x.com\/cmmcomcoisasdegente","https:\/\/instagram.com\/cmmcomcoisasdegente"]}]}},"_links":{"self":[{"href":"https:\/\/coisasdegentepreta.com.br\/index.php\/wp-json\/wp\/v2\/pages\/7865","targetHints":{"allow":["GET"]}}],"collection":[{"href":"https:\/\/coisasdegentepreta.com.br\/index.php\/wp-json\/wp\/v2\/pages"}],"about":[{"href":"https:\/\/coisasdegentepreta.com.br\/index.php\/wp-json\/wp\/v2\/types\/page"}],"author":[{"embeddable":true,"href":"https:\/\/coisasdegentepreta.com.br\/index.php\/wp-json\/wp\/v2\/users\/1"}],"replies":[{"embeddable":true,"href":"https:\/\/coisasdegentepreta.com.br\/index.php\/wp-json\/wp\/v2\/comments?post=7865"}],"version-history":[{"count":4,"href":"https:\/\/coisasdegentepreta.com.br\/index.php\/wp-json\/wp\/v2\/pages\/7865\/revisions"}],"predecessor-version":[{"id":7871,"href":"https:\/\/coisasdegentepreta.com.br\/index.php\/wp-json\/wp\/v2\/pages\/7865\/revisions\/7871"}],"wp:attachment":[{"href":"https:\/\/coisasdegentepreta.com.br\/index.php\/wp-json\/wp\/v2\/media?parent=7865"}],"curies":[{"name":"wp","href":"https:\/\/api.w.org\/{rel}","templated":true}]}}