{"id":7793,"date":"2026-01-23T00:09:44","date_gmt":"2026-01-23T03:09:44","guid":{"rendered":"https:\/\/coisasdegentepreta.com.br\/?page_id=7793"},"modified":"2026-01-23T00:12:21","modified_gmt":"2026-01-23T03:12:21","slug":"por-que-o-povo-negro-se-tornou-evangelicofe-pertencimento-e-o-vazio-deixado-pelo-estado","status":"publish","type":"page","link":"https:\/\/coisasdegentepreta.com.br\/index.php\/por-que-o-povo-negro-se-tornou-evangelicofe-pertencimento-e-o-vazio-deixado-pelo-estado\/","title":{"rendered":"Por que o povo negro se tornou evang\u00e9lico?F\u00e9, pertencimento e o vazio deixado pelo Estado"},"content":{"rendered":"\t\t<div data-elementor-type=\"wp-page\" data-elementor-id=\"7793\" class=\"elementor elementor-7793\">\n\t\t\t\t<div class=\"elementor-element elementor-element-21e8490 e-flex e-con-boxed e-con e-parent\" data-id=\"21e8490\" data-element_type=\"container\" data-settings=\"{&quot;background_background&quot;:&quot;classic&quot;}\">\n\t\t\t\t\t<div class=\"e-con-inner\">\n\t\t<div class=\"elementor-element elementor-element-63e02a7 e-con-full e-flex e-con e-child\" data-id=\"63e02a7\" data-element_type=\"container\" data-settings=\"{&quot;background_background&quot;:&quot;classic&quot;}\">\n\t\t\t\t<div class=\"elementor-element elementor-element-a54bb3c elementor-widget elementor-widget-image\" data-id=\"a54bb3c\" data-element_type=\"widget\" data-widget_type=\"image.default\">\n\t\t\t\t<div class=\"elementor-widget-container\">\n\t\t\t\t\t\t\t\t\t\t\t\t\t\t\t<img fetchpriority=\"high\" decoding=\"async\" width=\"1280\" height=\"853\" src=\"https:\/\/coisasdegentepreta.com.br\/wp-content\/uploads\/2026\/01\/WhatsApp-Image-2026-01-20-at-18.47.36.jpeg\" class=\"attachment-full size-full wp-image-7795\" alt=\"\" srcset=\"https:\/\/coisasdegentepreta.com.br\/wp-content\/uploads\/2026\/01\/WhatsApp-Image-2026-01-20-at-18.47.36.jpeg 1280w, https:\/\/coisasdegentepreta.com.br\/wp-content\/uploads\/2026\/01\/WhatsApp-Image-2026-01-20-at-18.47.36-300x200.jpeg 300w, https:\/\/coisasdegentepreta.com.br\/wp-content\/uploads\/2026\/01\/WhatsApp-Image-2026-01-20-at-18.47.36-1024x682.jpeg 1024w, https:\/\/coisasdegentepreta.com.br\/wp-content\/uploads\/2026\/01\/WhatsApp-Image-2026-01-20-at-18.47.36-768x512.jpeg 768w, https:\/\/coisasdegentepreta.com.br\/wp-content\/uploads\/2026\/01\/WhatsApp-Image-2026-01-20-at-18.47.36-600x400.jpeg 600w\" sizes=\"(max-width: 1280px) 100vw, 1280px\" \/>\t\t\t\t\t\t\t\t\t\t\t\t\t\t\t<\/div>\n\t\t\t\t<\/div>\n\t\t\t\t<\/div>\n\t\t<div class=\"elementor-element elementor-element-b2bd44e e-con-full e-flex e-con e-child\" data-id=\"b2bd44e\" data-element_type=\"container\" data-settings=\"{&quot;background_background&quot;:&quot;classic&quot;}\">\n\t\t\t\t<div class=\"elementor-element elementor-element-c862a7b elementor-widget elementor-widget-heading\" data-id=\"c862a7b\" data-element_type=\"widget\" data-widget_type=\"heading.default\">\n\t\t\t\t<div class=\"elementor-widget-container\">\n\t\t\t\t\t<h2 class=\"elementor-heading-title elementor-size-default\">Por que o povo negro se tornou evang\u00e9lico?  \nF\u00e9, pertencimento e o vazio deixado pelo Estado<\/h2>\t\t\t\t<\/div>\n\t\t\t\t<\/div>\n\t\t\t\t<div class=\"elementor-element elementor-element-ee1e6d2 elementor-widget elementor-widget-text-editor\" data-id=\"ee1e6d2\" data-element_type=\"widget\" data-widget_type=\"text-editor.default\">\n\t\t\t\t<div class=\"elementor-widget-container\">\n\t\t\t\t\t\t\t\t\t<p>Essa pergunta incomoda e, por isso mesmo, precisa ser feita. N\u00e3o para atacar a f\u00e9 de ningu\u00e9m, mas para compreender um processo hist\u00f3rico, social e pol\u00edtico que atravessa a experi\u00eancia negra no Brasil.<\/p><p>O crescimento do evangelicalismo entre a popula\u00e7\u00e3o negra n\u00e3o se explica apenas pela religi\u00e3o. Ele resulta da aus\u00eancia do Estado, da fal\u00eancia de pol\u00edticas p\u00fablicas continuadas e do esvaziamento de espa\u00e7os hist\u00f3ricos de organiza\u00e7\u00e3o negra. Onde o poder p\u00fablico n\u00e3o chegou, algu\u00e9m chegou.<\/p><p>Antes disso, por\u00e9m, o acolhimento cotidiano da popula\u00e7\u00e3o negra e de outras minorias sempre foi garantido por redes espirituais comunit\u00e1rias. As casas de Candombl\u00e9, os centros esp\u00edritas, as benzedeiras e rezadeiras cumpriram, historicamente, fun\u00e7\u00f5es de cuidado, escuta, cura, orienta\u00e7\u00e3o moral e prote\u00e7\u00e3o simb\u00f3lica, especialmente nos territ\u00f3rios onde o Estado nunca se fez presente. Esses espa\u00e7os operavam como verdadeira assist\u00eancia social informal, ancorada na tradi\u00e7\u00e3o, na oralidade e na confian\u00e7a comunit\u00e1ria.<\/p><p>Desde o p\u00f3s-aboli\u00e7\u00e3o, o povo negro foi lan\u00e7ado \u00e0 pr\u00f3pria sorte. Sem terra, sem indeniza\u00e7\u00e3o e sem pol\u00edticas de integra\u00e7\u00e3o, construiu formas de sobreviv\u00eancia por meio de associa\u00e7\u00f5es, irmandades, terreiros, clubes sociais, jornais e redes de solidariedade. A imprensa negra e as organiza\u00e7\u00f5es de ajuda m\u00fatua garantiram dignidade onde o Estado se negava a existir.<\/p><p>Esse papel tamb\u00e9m foi exercido por institui\u00e7\u00f5es negras estruturadas. A Frente Negra Brasileira, nos anos 1930, os jornais O Menelick e A Voz da Ra\u00e7a e o Instituto de Pesquisas das Culturas Negras (IPCN), fundado em 1975, cumpriram fun\u00e7\u00f5es centrais de forma\u00e7\u00e3o pol\u00edtica, produ\u00e7\u00e3o de conhecimento e afirma\u00e7\u00e3o identit\u00e1ria. O enfraquecimento desses espa\u00e7os foi resultado de escolhas pol\u00edticas e da aus\u00eancia de apoio institucional.<\/p><p>A trajet\u00f3ria do protestantismo ajuda a compreender o deslocamento posterior. Ele surge no s\u00e9culo XVI ligado a projetos coloniais europeus e, no s\u00e9culo XIX, consolida-se como religi\u00e3o de imigrantes e de miss\u00f5es norte-americanas voltadas \u00e0s camadas m\u00e9dias. Apenas no in\u00edcio do s\u00e9culo XX, com o avan\u00e7o do pentecostalismo, passa a ocupar territ\u00f3rios populares.<\/p><p>\u00c9 nesse momento que muitos observam um processo decisivo: fun\u00e7\u00f5es hist\u00f3ricas de acolhimento, escuta e reorganiza\u00e7\u00e3o da vida comunit\u00e1ria, antes exercidas por terreiros, centros esp\u00edritas, benzedeiras e rezadeiras, passam a ser progressivamente absorvidas por projetos protestantes, agora estruturados, midi\u00e1ticos e territorializados. N\u00e3o se trata apenas de convers\u00e3o religiosa, mas de substitui\u00e7\u00e3o institucional do cuidado em contextos de abandono social.<\/p><p>Nos Estados Unidos, parte das igrejas negras assumiu tamb\u00e9m papel pol\u00edtico expl\u00edcito. Foi desses espa\u00e7os que emergiram lideran\u00e7as como Martin Luther King Jr., articulando f\u00e9, direitos civis e enfrentamento do racismo estrutural. Isso demonstra que o problema n\u00e3o \u00e9 a religi\u00e3o, mas a dire\u00e7\u00e3o pol\u00edtica que se d\u00e1 a ela.<\/p><p>No Brasil, com a criminaliza\u00e7\u00e3o das religi\u00f5es afro-brasileiras e o enfraquecimento das organiza\u00e7\u00f5es negras, as igrejas evang\u00e9licas se expandiram com m\u00e9todo, presen\u00e7a territorial e linguagem acess\u00edvel. Ofereceram acolhimento e pertencimento onde o Estado falhou.<\/p><p>Para grande parte da popula\u00e7\u00e3o negra perif\u00e9rica, tornar-se evang\u00e9lico significou reorganizar a vida em meio ao caos social. Trata-se menos de cren\u00e7a individual e mais de sobreviv\u00eancia social.<\/p><p>O problema central n\u00e3o \u00e9 a f\u00e9, mas sua captura pol\u00edtica e o sil\u00eancio diante do racismo religioso, quando tradi\u00e7\u00f5es negras s\u00e3o demonizadas e apagadas, enquanto outras s\u00e3o legitimadas como \u00fanicas formas aceit\u00e1veis de espiritualidade.<\/p><p>A pergunta, portanto, precisa ser ampliada: por que o povo negro encontrou acolhimento nas igrejas, mas n\u00e3o encontrou prote\u00e7\u00e3o do Estado, respeito \u00e0s suas religi\u00f5es ancestrais ou reconhecimento pleno de sua cultura?<\/p><p>Enquanto isso n\u00e3o for enfrentado com honestidade hist\u00f3rica, a f\u00e9 seguir\u00e1 sendo, para muitos, o \u00faltimo lugar de acolhimento revelando mais sobre o fracasso do Estado e da pol\u00edtica brasileira do que sobre a religi\u00e3o.<\/p>\t\t\t\t\t\t\t\t<\/div>\n\t\t\t\t<\/div>\n\t\t\t\t<\/div>\n\t\t\t\t\t<\/div>\n\t\t\t\t<\/div>\n\t\t\t\t<\/div>\n\t\t","protected":false},"excerpt":{"rendered":"<p>Por que o povo negro se tornou evang\u00e9lico? F\u00e9, pertencimento e o vazio deixado pelo Estado Essa pergunta incomoda e, por isso mesmo, precisa ser feita. N\u00e3o para atacar a f\u00e9 de ningu\u00e9m, mas para compreender um processo hist\u00f3rico, social e pol\u00edtico que atravessa a experi\u00eancia negra no Brasil. O crescimento do evangelicalismo entre a &hellip;<\/p>\n<p class=\"read-more\"> <a class=\"\" href=\"https:\/\/coisasdegentepreta.com.br\/index.php\/por-que-o-povo-negro-se-tornou-evangelicofe-pertencimento-e-o-vazio-deixado-pelo-estado\/\"> <span class=\"screen-reader-text\">Por que o povo negro se tornou evang\u00e9lico?F\u00e9, pertencimento e o vazio deixado pelo Estado<\/span> Read More &raquo;<\/a><\/p>\n","protected":false},"author":1,"featured_media":0,"parent":0,"menu_order":0,"comment_status":"closed","ping_status":"closed","template":"","meta":{"site-sidebar-layout":"no-sidebar","site-content-layout":"","ast-site-content-layout":"full-width-container","site-content-style":"default","site-sidebar-style":"default","ast-global-header-display":"","ast-banner-title-visibility":"","ast-main-header-display":"","ast-hfb-above-header-display":"","ast-hfb-below-header-display":"","ast-hfb-mobile-header-display":"","site-post-title":"disabled","ast-breadcrumbs-content":"","ast-featured-img":"disabled","footer-sml-layout":"","theme-transparent-header-meta":"","adv-header-id-meta":"","stick-header-meta":"","header-above-stick-meta":"","header-main-stick-meta":"","header-below-stick-meta":"","astra-migrate-meta-layouts":"default","ast-page-background-enabled":"default","ast-page-background-meta":{"desktop":{"background-color":"var(--ast-global-color-4)","background-image":"","background-repeat":"repeat","background-position":"center center","background-size":"auto","background-attachment":"scroll","background-type":"","background-media":"","overlay-type":"","overlay-color":"","overlay-gradient":""},"tablet":{"background-color":"","background-image":"","background-repeat":"repeat","background-position":"center center","background-size":"auto","background-attachment":"scroll","background-type":"","background-media":"","overlay-type":"","overlay-color":"","overlay-gradient":""},"mobile":{"background-color":"","background-image":"","background-repeat":"repeat","background-position":"center center","background-size":"auto","background-attachment":"scroll","background-type":"","background-media":"","overlay-type":"","overlay-color":"","overlay-gradient":""}},"ast-content-background-meta":{"desktop":{"background-color":"var(--ast-global-color-5)","background-image":"","background-repeat":"repeat","background-position":"center center","background-size":"auto","background-attachment":"scroll","background-type":"","background-media":"","overlay-type":"","overlay-color":"","overlay-gradient":""},"tablet":{"background-color":"var(--ast-global-color-5)","background-image":"","background-repeat":"repeat","background-position":"center center","background-size":"auto","background-attachment":"scroll","background-type":"","background-media":"","overlay-type":"","overlay-color":"","overlay-gradient":""},"mobile":{"background-color":"var(--ast-global-color-5)","background-image":"","background-repeat":"repeat","background-position":"center center","background-size":"auto","background-attachment":"scroll","background-type":"","background-media":"","overlay-type":"","overlay-color":"","overlay-gradient":""}},"footnotes":""},"class_list":["post-7793","page","type-page","status-publish","hentry"],"yoast_head":"<!-- This site is optimized with the Yoast SEO plugin v24.2 - https:\/\/yoast.com\/wordpress\/plugins\/seo\/ -->\n<title>Por que o povo negro se tornou evang\u00e9lico?F\u00e9, pertencimento e o vazio deixado pelo Estado -<\/title>\n<meta name=\"robots\" content=\"index, follow, max-snippet:-1, max-image-preview:large, max-video-preview:-1\" \/>\n<link rel=\"canonical\" href=\"https:\/\/coisasdegentepreta.com.br\/index.php\/por-que-o-povo-negro-se-tornou-evangelicofe-pertencimento-e-o-vazio-deixado-pelo-estado\/\" \/>\n<meta property=\"og:locale\" content=\"en_US\" \/>\n<meta property=\"og:type\" content=\"article\" \/>\n<meta property=\"og:title\" content=\"Por que o povo negro se tornou evang\u00e9lico?F\u00e9, pertencimento e o vazio deixado pelo Estado -\" \/>\n<meta property=\"og:description\" content=\"Por que o povo negro se tornou evang\u00e9lico? F\u00e9, pertencimento e o vazio deixado pelo Estado Essa pergunta incomoda e, por isso mesmo, precisa ser feita. N\u00e3o para atacar a f\u00e9 de ningu\u00e9m, mas para compreender um processo hist\u00f3rico, social e pol\u00edtico que atravessa a experi\u00eancia negra no Brasil. O crescimento do evangelicalismo entre a &hellip; Por que o povo negro se tornou evang\u00e9lico?F\u00e9, pertencimento e o vazio deixado pelo Estado Read More &raquo;\" \/>\n<meta property=\"og:url\" content=\"https:\/\/coisasdegentepreta.com.br\/index.php\/por-que-o-povo-negro-se-tornou-evangelicofe-pertencimento-e-o-vazio-deixado-pelo-estado\/\" \/>\n<meta property=\"article:publisher\" content=\"https:\/\/facebook.com\/cmmcomcoisasdegente\" \/>\n<meta property=\"article:modified_time\" content=\"2026-01-23T03:12:21+00:00\" \/>\n<meta property=\"og:image\" content=\"https:\/\/coisasdegentepreta.com.br\/wp-content\/uploads\/2026\/01\/WhatsApp-Image-2026-01-20-at-18.47.36.jpeg\" \/>\n\t<meta property=\"og:image:width\" content=\"1280\" \/>\n\t<meta property=\"og:image:height\" content=\"853\" \/>\n\t<meta property=\"og:image:type\" content=\"image\/jpeg\" \/>\n<meta name=\"twitter:card\" content=\"summary_large_image\" \/>\n<meta name=\"twitter:site\" content=\"@cmmcomcoisasdegente\" \/>\n<meta name=\"twitter:label1\" content=\"Est. reading time\" \/>\n\t<meta name=\"twitter:data1\" content=\"3 minutes\" \/>\n<script type=\"application\/ld+json\" class=\"yoast-schema-graph\">{\"@context\":\"https:\/\/schema.org\",\"@graph\":[{\"@type\":\"WebPage\",\"@id\":\"https:\/\/coisasdegentepreta.com.br\/index.php\/por-que-o-povo-negro-se-tornou-evangelicofe-pertencimento-e-o-vazio-deixado-pelo-estado\/\",\"url\":\"https:\/\/coisasdegentepreta.com.br\/index.php\/por-que-o-povo-negro-se-tornou-evangelicofe-pertencimento-e-o-vazio-deixado-pelo-estado\/\",\"name\":\"Por que o povo negro se tornou evang\u00e9lico?F\u00e9, pertencimento e o vazio deixado pelo Estado -\",\"isPartOf\":{\"@id\":\"https:\/\/coisasdegentepreta.com.br\/#website\"},\"primaryImageOfPage\":{\"@id\":\"https:\/\/coisasdegentepreta.com.br\/index.php\/por-que-o-povo-negro-se-tornou-evangelicofe-pertencimento-e-o-vazio-deixado-pelo-estado\/#primaryimage\"},\"image\":{\"@id\":\"https:\/\/coisasdegentepreta.com.br\/index.php\/por-que-o-povo-negro-se-tornou-evangelicofe-pertencimento-e-o-vazio-deixado-pelo-estado\/#primaryimage\"},\"thumbnailUrl\":\"https:\/\/coisasdegentepreta.com.br\/wp-content\/uploads\/2026\/01\/WhatsApp-Image-2026-01-20-at-18.47.36.jpeg\",\"datePublished\":\"2026-01-23T03:09:44+00:00\",\"dateModified\":\"2026-01-23T03:12:21+00:00\",\"breadcrumb\":{\"@id\":\"https:\/\/coisasdegentepreta.com.br\/index.php\/por-que-o-povo-negro-se-tornou-evangelicofe-pertencimento-e-o-vazio-deixado-pelo-estado\/#breadcrumb\"},\"inLanguage\":\"en-US\",\"potentialAction\":[{\"@type\":\"ReadAction\",\"target\":[\"https:\/\/coisasdegentepreta.com.br\/index.php\/por-que-o-povo-negro-se-tornou-evangelicofe-pertencimento-e-o-vazio-deixado-pelo-estado\/\"]}]},{\"@type\":\"ImageObject\",\"inLanguage\":\"en-US\",\"@id\":\"https:\/\/coisasdegentepreta.com.br\/index.php\/por-que-o-povo-negro-se-tornou-evangelicofe-pertencimento-e-o-vazio-deixado-pelo-estado\/#primaryimage\",\"url\":\"https:\/\/coisasdegentepreta.com.br\/wp-content\/uploads\/2026\/01\/WhatsApp-Image-2026-01-20-at-18.47.36.jpeg\",\"contentUrl\":\"https:\/\/coisasdegentepreta.com.br\/wp-content\/uploads\/2026\/01\/WhatsApp-Image-2026-01-20-at-18.47.36.jpeg\",\"width\":1280,\"height\":853},{\"@type\":\"BreadcrumbList\",\"@id\":\"https:\/\/coisasdegentepreta.com.br\/index.php\/por-que-o-povo-negro-se-tornou-evangelicofe-pertencimento-e-o-vazio-deixado-pelo-estado\/#breadcrumb\",\"itemListElement\":[{\"@type\":\"ListItem\",\"position\":1,\"name\":\"ECMM\",\"item\":\"https:\/\/coisasdegentepreta.com.br\/\"},{\"@type\":\"ListItem\",\"position\":2,\"name\":\"Por que o povo negro se tornou evang\u00e9lico?F\u00e9, pertencimento e o vazio deixado pelo Estado\"}]},{\"@type\":\"WebSite\",\"@id\":\"https:\/\/coisasdegentepreta.com.br\/#website\",\"url\":\"https:\/\/coisasdegentepreta.com.br\/\",\"name\":\"https:\/\/coisasdegentepreta.com.br\",\"description\":\"\",\"publisher\":{\"@id\":\"https:\/\/coisasdegentepreta.com.br\/#organization\"},\"potentialAction\":[{\"@type\":\"SearchAction\",\"target\":{\"@type\":\"EntryPoint\",\"urlTemplate\":\"https:\/\/coisasdegentepreta.com.br\/?s={search_term_string}\"},\"query-input\":{\"@type\":\"PropertyValueSpecification\",\"valueRequired\":true,\"valueName\":\"search_term_string\"}}],\"inLanguage\":\"en-US\"},{\"@type\":\"Organization\",\"@id\":\"https:\/\/coisasdegentepreta.com.br\/#organization\",\"name\":\"Espa\u00e7o de Capacita\u00e7\u00e3o M\u00e1rcio Madeira RJ\",\"url\":\"https:\/\/coisasdegentepreta.com.br\/\",\"logo\":{\"@type\":\"ImageObject\",\"inLanguage\":\"en-US\",\"@id\":\"https:\/\/coisasdegentepreta.com.br\/#\/schema\/logo\/image\/\",\"url\":\"https:\/\/coisasdegentepreta.com.br\/wp-content\/uploads\/2023\/12\/logo-2.png\",\"contentUrl\":\"https:\/\/coisasdegentepreta.com.br\/wp-content\/uploads\/2023\/12\/logo-2.png\",\"width\":2064,\"height\":1021,\"caption\":\"Espa\u00e7o de Capacita\u00e7\u00e3o M\u00e1rcio Madeira RJ\"},\"image\":{\"@id\":\"https:\/\/coisasdegentepreta.com.br\/#\/schema\/logo\/image\/\"},\"sameAs\":[\"https:\/\/facebook.com\/cmmcomcoisasdegente\",\"https:\/\/x.com\/cmmcomcoisasdegente\",\"https:\/\/instagram.com\/cmmcomcoisasdegente\"]}]}<\/script>\n<!-- \/ Yoast SEO plugin. -->","yoast_head_json":{"title":"Por que o povo negro se tornou evang\u00e9lico?F\u00e9, pertencimento e o vazio deixado pelo Estado -","robots":{"index":"index","follow":"follow","max-snippet":"max-snippet:-1","max-image-preview":"max-image-preview:large","max-video-preview":"max-video-preview:-1"},"canonical":"https:\/\/coisasdegentepreta.com.br\/index.php\/por-que-o-povo-negro-se-tornou-evangelicofe-pertencimento-e-o-vazio-deixado-pelo-estado\/","og_locale":"en_US","og_type":"article","og_title":"Por que o povo negro se tornou evang\u00e9lico?F\u00e9, pertencimento e o vazio deixado pelo Estado -","og_description":"Por que o povo negro se tornou evang\u00e9lico? F\u00e9, pertencimento e o vazio deixado pelo Estado Essa pergunta incomoda e, por isso mesmo, precisa ser feita. N\u00e3o para atacar a f\u00e9 de ningu\u00e9m, mas para compreender um processo hist\u00f3rico, social e pol\u00edtico que atravessa a experi\u00eancia negra no Brasil. O crescimento do evangelicalismo entre a &hellip; Por que o povo negro se tornou evang\u00e9lico?F\u00e9, pertencimento e o vazio deixado pelo Estado Read More &raquo;","og_url":"https:\/\/coisasdegentepreta.com.br\/index.php\/por-que-o-povo-negro-se-tornou-evangelicofe-pertencimento-e-o-vazio-deixado-pelo-estado\/","article_publisher":"https:\/\/facebook.com\/cmmcomcoisasdegente","article_modified_time":"2026-01-23T03:12:21+00:00","og_image":[{"width":1280,"height":853,"url":"https:\/\/coisasdegentepreta.com.br\/wp-content\/uploads\/2026\/01\/WhatsApp-Image-2026-01-20-at-18.47.36.jpeg","type":"image\/jpeg"}],"twitter_card":"summary_large_image","twitter_site":"@cmmcomcoisasdegente","twitter_misc":{"Est. reading time":"3 minutes"},"schema":{"@context":"https:\/\/schema.org","@graph":[{"@type":"WebPage","@id":"https:\/\/coisasdegentepreta.com.br\/index.php\/por-que-o-povo-negro-se-tornou-evangelicofe-pertencimento-e-o-vazio-deixado-pelo-estado\/","url":"https:\/\/coisasdegentepreta.com.br\/index.php\/por-que-o-povo-negro-se-tornou-evangelicofe-pertencimento-e-o-vazio-deixado-pelo-estado\/","name":"Por que o povo negro se tornou evang\u00e9lico?F\u00e9, pertencimento e o vazio deixado pelo Estado -","isPartOf":{"@id":"https:\/\/coisasdegentepreta.com.br\/#website"},"primaryImageOfPage":{"@id":"https:\/\/coisasdegentepreta.com.br\/index.php\/por-que-o-povo-negro-se-tornou-evangelicofe-pertencimento-e-o-vazio-deixado-pelo-estado\/#primaryimage"},"image":{"@id":"https:\/\/coisasdegentepreta.com.br\/index.php\/por-que-o-povo-negro-se-tornou-evangelicofe-pertencimento-e-o-vazio-deixado-pelo-estado\/#primaryimage"},"thumbnailUrl":"https:\/\/coisasdegentepreta.com.br\/wp-content\/uploads\/2026\/01\/WhatsApp-Image-2026-01-20-at-18.47.36.jpeg","datePublished":"2026-01-23T03:09:44+00:00","dateModified":"2026-01-23T03:12:21+00:00","breadcrumb":{"@id":"https:\/\/coisasdegentepreta.com.br\/index.php\/por-que-o-povo-negro-se-tornou-evangelicofe-pertencimento-e-o-vazio-deixado-pelo-estado\/#breadcrumb"},"inLanguage":"en-US","potentialAction":[{"@type":"ReadAction","target":["https:\/\/coisasdegentepreta.com.br\/index.php\/por-que-o-povo-negro-se-tornou-evangelicofe-pertencimento-e-o-vazio-deixado-pelo-estado\/"]}]},{"@type":"ImageObject","inLanguage":"en-US","@id":"https:\/\/coisasdegentepreta.com.br\/index.php\/por-que-o-povo-negro-se-tornou-evangelicofe-pertencimento-e-o-vazio-deixado-pelo-estado\/#primaryimage","url":"https:\/\/coisasdegentepreta.com.br\/wp-content\/uploads\/2026\/01\/WhatsApp-Image-2026-01-20-at-18.47.36.jpeg","contentUrl":"https:\/\/coisasdegentepreta.com.br\/wp-content\/uploads\/2026\/01\/WhatsApp-Image-2026-01-20-at-18.47.36.jpeg","width":1280,"height":853},{"@type":"BreadcrumbList","@id":"https:\/\/coisasdegentepreta.com.br\/index.php\/por-que-o-povo-negro-se-tornou-evangelicofe-pertencimento-e-o-vazio-deixado-pelo-estado\/#breadcrumb","itemListElement":[{"@type":"ListItem","position":1,"name":"ECMM","item":"https:\/\/coisasdegentepreta.com.br\/"},{"@type":"ListItem","position":2,"name":"Por que o povo negro se tornou evang\u00e9lico?F\u00e9, pertencimento e o vazio deixado pelo Estado"}]},{"@type":"WebSite","@id":"https:\/\/coisasdegentepreta.com.br\/#website","url":"https:\/\/coisasdegentepreta.com.br\/","name":"https:\/\/coisasdegentepreta.com.br","description":"","publisher":{"@id":"https:\/\/coisasdegentepreta.com.br\/#organization"},"potentialAction":[{"@type":"SearchAction","target":{"@type":"EntryPoint","urlTemplate":"https:\/\/coisasdegentepreta.com.br\/?s={search_term_string}"},"query-input":{"@type":"PropertyValueSpecification","valueRequired":true,"valueName":"search_term_string"}}],"inLanguage":"en-US"},{"@type":"Organization","@id":"https:\/\/coisasdegentepreta.com.br\/#organization","name":"Espa\u00e7o de Capacita\u00e7\u00e3o M\u00e1rcio Madeira RJ","url":"https:\/\/coisasdegentepreta.com.br\/","logo":{"@type":"ImageObject","inLanguage":"en-US","@id":"https:\/\/coisasdegentepreta.com.br\/#\/schema\/logo\/image\/","url":"https:\/\/coisasdegentepreta.com.br\/wp-content\/uploads\/2023\/12\/logo-2.png","contentUrl":"https:\/\/coisasdegentepreta.com.br\/wp-content\/uploads\/2023\/12\/logo-2.png","width":2064,"height":1021,"caption":"Espa\u00e7o de Capacita\u00e7\u00e3o M\u00e1rcio Madeira RJ"},"image":{"@id":"https:\/\/coisasdegentepreta.com.br\/#\/schema\/logo\/image\/"},"sameAs":["https:\/\/facebook.com\/cmmcomcoisasdegente","https:\/\/x.com\/cmmcomcoisasdegente","https:\/\/instagram.com\/cmmcomcoisasdegente"]}]}},"_links":{"self":[{"href":"https:\/\/coisasdegentepreta.com.br\/index.php\/wp-json\/wp\/v2\/pages\/7793","targetHints":{"allow":["GET"]}}],"collection":[{"href":"https:\/\/coisasdegentepreta.com.br\/index.php\/wp-json\/wp\/v2\/pages"}],"about":[{"href":"https:\/\/coisasdegentepreta.com.br\/index.php\/wp-json\/wp\/v2\/types\/page"}],"author":[{"embeddable":true,"href":"https:\/\/coisasdegentepreta.com.br\/index.php\/wp-json\/wp\/v2\/users\/1"}],"replies":[{"embeddable":true,"href":"https:\/\/coisasdegentepreta.com.br\/index.php\/wp-json\/wp\/v2\/comments?post=7793"}],"version-history":[{"count":4,"href":"https:\/\/coisasdegentepreta.com.br\/index.php\/wp-json\/wp\/v2\/pages\/7793\/revisions"}],"predecessor-version":[{"id":7798,"href":"https:\/\/coisasdegentepreta.com.br\/index.php\/wp-json\/wp\/v2\/pages\/7793\/revisions\/7798"}],"wp:attachment":[{"href":"https:\/\/coisasdegentepreta.com.br\/index.php\/wp-json\/wp\/v2\/media?parent=7793"}],"curies":[{"name":"wp","href":"https:\/\/api.w.org\/{rel}","templated":true}]}}