{"id":7734,"date":"2026-01-15T21:11:46","date_gmt":"2026-01-16T00:11:46","guid":{"rendered":"https:\/\/coisasdegentepreta.com.br\/?page_id=7734"},"modified":"2026-01-15T21:13:40","modified_gmt":"2026-01-16T00:13:40","slug":"ivanir-dos-santos-e-a-responsabilidade-publica-com-o-axe","status":"publish","type":"page","link":"https:\/\/coisasdegentepreta.com.br\/index.php\/ivanir-dos-santos-e-a-responsabilidade-publica-com-o-axe\/","title":{"rendered":"Ivanir dos santos e a responsabilidade p\u00fablica com o ax\u00e9"},"content":{"rendered":"\t\t<div data-elementor-type=\"wp-page\" data-elementor-id=\"7734\" class=\"elementor elementor-7734\">\n\t\t\t\t<div class=\"elementor-element elementor-element-3dac1b7 e-flex e-con-boxed e-con e-parent\" data-id=\"3dac1b7\" data-element_type=\"container\" data-settings=\"{&quot;background_background&quot;:&quot;classic&quot;}\">\n\t\t\t\t\t<div class=\"e-con-inner\">\n\t\t<div class=\"elementor-element elementor-element-87efdf7 e-con-full e-flex e-con e-child\" data-id=\"87efdf7\" data-element_type=\"container\" data-settings=\"{&quot;background_background&quot;:&quot;classic&quot;}\">\n\t\t\t\t<div class=\"elementor-element elementor-element-e478ccb elementor-widget elementor-widget-image\" data-id=\"e478ccb\" data-element_type=\"widget\" data-widget_type=\"image.default\">\n\t\t\t\t<div class=\"elementor-widget-container\">\n\t\t\t\t\t\t\t\t\t\t\t\t\t\t\t<img fetchpriority=\"high\" decoding=\"async\" width=\"1024\" height=\"1024\" src=\"https:\/\/coisasdegentepreta.com.br\/wp-content\/uploads\/2026\/01\/WhatsApp-Image-2026-01-15-at-18.33.57.jpeg\" class=\"attachment-full size-full wp-image-7736\" alt=\"\" srcset=\"https:\/\/coisasdegentepreta.com.br\/wp-content\/uploads\/2026\/01\/WhatsApp-Image-2026-01-15-at-18.33.57.jpeg 1024w, https:\/\/coisasdegentepreta.com.br\/wp-content\/uploads\/2026\/01\/WhatsApp-Image-2026-01-15-at-18.33.57-300x300.jpeg 300w, https:\/\/coisasdegentepreta.com.br\/wp-content\/uploads\/2026\/01\/WhatsApp-Image-2026-01-15-at-18.33.57-150x150.jpeg 150w, https:\/\/coisasdegentepreta.com.br\/wp-content\/uploads\/2026\/01\/WhatsApp-Image-2026-01-15-at-18.33.57-768x768.jpeg 768w, https:\/\/coisasdegentepreta.com.br\/wp-content\/uploads\/2026\/01\/WhatsApp-Image-2026-01-15-at-18.33.57-600x600.jpeg 600w, https:\/\/coisasdegentepreta.com.br\/wp-content\/uploads\/2026\/01\/WhatsApp-Image-2026-01-15-at-18.33.57-100x100.jpeg 100w\" sizes=\"(max-width: 1024px) 100vw, 1024px\" \/>\t\t\t\t\t\t\t\t\t\t\t\t\t\t\t<\/div>\n\t\t\t\t<\/div>\n\t\t\t\t<\/div>\n\t\t<div class=\"elementor-element elementor-element-c6d5b14 e-con-full e-flex e-con e-child\" data-id=\"c6d5b14\" data-element_type=\"container\" data-settings=\"{&quot;background_background&quot;:&quot;classic&quot;}\">\n\t\t\t\t<div class=\"elementor-element elementor-element-2465380 elementor-widget elementor-widget-heading\" data-id=\"2465380\" data-element_type=\"widget\" data-widget_type=\"heading.default\">\n\t\t\t\t<div class=\"elementor-widget-container\">\n\t\t\t\t\t<h2 class=\"elementor-heading-title elementor-size-default\">Ivanir dos Santos e a responsabilidade p\u00fablica com o Ax\u00e9\n<\/h2>\t\t\t\t<\/div>\n\t\t\t\t<\/div>\n\t\t\t\t<div class=\"elementor-element elementor-element-55fe1d6 elementor-widget elementor-widget-text-editor\" data-id=\"55fe1d6\" data-element_type=\"widget\" data-widget_type=\"text-editor.default\">\n\t\t\t\t<div class=\"elementor-widget-container\">\n\t\t\t\t\t\t\t\t\t<p>Reconhecer trajet\u00f3rias \u00e9 tamb\u00e9m um ato pol\u00edtico. A comunidade de Ax\u00e9 tem uma d\u00edvida hist\u00f3rica com aqueles que, de forma persistente, colocaram seus saberes, sua voz e sua presen\u00e7a na defesa da dignidade, da liberdade religiosa e dos direitos do povo de terreiro.<\/p><p>O Professor Doutor Babalorix\u00e1 Ivanir dos Santos \u00e9 uma dessas refer\u00eancias incontorn\u00e1veis. Seu trabalho ultrapassa os limites dos espa\u00e7os religiosos e se projeta na educa\u00e7\u00e3o, nos direitos humanos, no di\u00e1logo inter-religioso e na luta antirracista, conferindo visibilidade, prote\u00e7\u00e3o institucional e legitimidade p\u00fablica \u00e0s religi\u00f5es de matriz africana.<\/p><p>Ao longo de d\u00e9cadas, sua atua\u00e7\u00e3o ajudou a construir pontes entre a comunidade de Ax\u00e9, a sociedade civil e o poder p\u00fablico, sempre pautada pela \u00e9tica, pelo conhecimento e pelo compromisso coletivo. Trata-se de uma lideran\u00e7a formada, preparada e profundamente conectada \u00e0s demandas do povo que representa.<\/p><p>Diante do avan\u00e7o da intoler\u00e2ncia religiosa e do racismo estrutural, torna-se imprescind\u00edvel amplificar e potencializar trajet\u00f3rias como a sua, garantindo que esses ac\u00famulos hist\u00f3ricos ocupem, com legitimidade, os espa\u00e7os p\u00fablicos e institucionais.<\/p><p>A ocupa\u00e7\u00e3o qualificada desses espa\u00e7os n\u00e3o \u00e9 concess\u00e3o, mas necessidade democr\u00e1tica. Quando lideran\u00e7as com lastro, hist\u00f3ria e compromisso p\u00fablico ganham proje\u00e7\u00e3o, toda a sociedade avan\u00e7a.<\/p><p>Valorizar esse percurso \u00e9 um compromisso com o futuro do Ax\u00e9, da democracia e do Brasil.<\/p><p>Marcio Madeira \u2234<br \/>(Ex-Presidente do IPCN \u2013 Instituto de Pesquisa das Culturas Negras)<\/p><p>Ex-Vice-Presidente Operacional do COMDEDINE (Conselho Municipal de Defesa dos Direitos do Negro, Prefeitura do Rio de Janeiro)<\/p><p>Respons\u00e1vel pelo Portal Coisas de Gente Preta.<\/p><p>Lideran\u00e7a Nacional do PCN (Partido da Causa Negra)<\/p>\t\t\t\t\t\t\t\t<\/div>\n\t\t\t\t<\/div>\n\t\t\t\t<\/div>\n\t\t\t\t\t<\/div>\n\t\t\t\t<\/div>\n\t\t\t\t<\/div>\n\t\t","protected":false},"excerpt":{"rendered":"<p>Ivanir dos Santos e a responsabilidade p\u00fablica com o Ax\u00e9 Reconhecer trajet\u00f3rias \u00e9 tamb\u00e9m um ato pol\u00edtico. A comunidade de Ax\u00e9 tem uma d\u00edvida hist\u00f3rica com aqueles que, de forma persistente, colocaram seus saberes, sua voz e sua presen\u00e7a na defesa da dignidade, da liberdade religiosa e dos direitos do povo de terreiro. O Professor &hellip;<\/p>\n<p class=\"read-more\"> <a class=\"\" href=\"https:\/\/coisasdegentepreta.com.br\/index.php\/ivanir-dos-santos-e-a-responsabilidade-publica-com-o-axe\/\"> <span class=\"screen-reader-text\">Ivanir dos santos e a responsabilidade p\u00fablica com o ax\u00e9<\/span> Read More &raquo;<\/a><\/p>\n","protected":false},"author":1,"featured_media":0,"parent":0,"menu_order":0,"comment_status":"closed","ping_status":"closed","template":"","meta":{"site-sidebar-layout":"no-sidebar","site-content-layout":"","ast-site-content-layout":"full-width-container","site-content-style":"default","site-sidebar-style":"default","ast-global-header-display":"","ast-banner-title-visibility":"","ast-main-header-display":"","ast-hfb-above-header-display":"","ast-hfb-below-header-display":"","ast-hfb-mobile-header-display":"","site-post-title":"disabled","ast-breadcrumbs-content":"","ast-featured-img":"disabled","footer-sml-layout":"","theme-transparent-header-meta":"","adv-header-id-meta":"","stick-header-meta":"","header-above-stick-meta":"","header-main-stick-meta":"","header-below-stick-meta":"","astra-migrate-meta-layouts":"default","ast-page-background-enabled":"default","ast-page-background-meta":{"desktop":{"background-color":"var(--ast-global-color-4)","background-image":"","background-repeat":"repeat","background-position":"center center","background-size":"auto","background-attachment":"scroll","background-type":"","background-media":"","overlay-type":"","overlay-color":"","overlay-gradient":""},"tablet":{"background-color":"","background-image":"","background-repeat":"repeat","background-position":"center center","background-size":"auto","background-attachment":"scroll","background-type":"","background-media":"","overlay-type":"","overlay-color":"","overlay-gradient":""},"mobile":{"background-color":"","background-image":"","background-repeat":"repeat","background-position":"center center","background-size":"auto","background-attachment":"scroll","background-type":"","background-media":"","overlay-type":"","overlay-color":"","overlay-gradient":""}},"ast-content-background-meta":{"desktop":{"background-color":"var(--ast-global-color-5)","background-image":"","background-repeat":"repeat","background-position":"center center","background-size":"auto","background-attachment":"scroll","background-type":"","background-media":"","overlay-type":"","overlay-color":"","overlay-gradient":""},"tablet":{"background-color":"var(--ast-global-color-5)","background-image":"","background-repeat":"repeat","background-position":"center center","background-size":"auto","background-attachment":"scroll","background-type":"","background-media":"","overlay-type":"","overlay-color":"","overlay-gradient":""},"mobile":{"background-color":"var(--ast-global-color-5)","background-image":"","background-repeat":"repeat","background-position":"center center","background-size":"auto","background-attachment":"scroll","background-type":"","background-media":"","overlay-type":"","overlay-color":"","overlay-gradient":""}},"footnotes":""},"class_list":["post-7734","page","type-page","status-publish","hentry"],"yoast_head":"<!-- This site is optimized with the Yoast SEO plugin v24.2 - https:\/\/yoast.com\/wordpress\/plugins\/seo\/ -->\n<title>Ivanir dos santos e a responsabilidade p\u00fablica com o ax\u00e9 -<\/title>\n<meta name=\"robots\" content=\"index, follow, max-snippet:-1, max-image-preview:large, max-video-preview:-1\" \/>\n<link rel=\"canonical\" href=\"https:\/\/coisasdegentepreta.com.br\/index.php\/ivanir-dos-santos-e-a-responsabilidade-publica-com-o-axe\/\" \/>\n<meta property=\"og:locale\" content=\"en_US\" \/>\n<meta property=\"og:type\" content=\"article\" \/>\n<meta property=\"og:title\" content=\"Ivanir dos santos e a responsabilidade p\u00fablica com o ax\u00e9 -\" \/>\n<meta property=\"og:description\" content=\"Ivanir dos Santos e a responsabilidade p\u00fablica com o Ax\u00e9 Reconhecer trajet\u00f3rias \u00e9 tamb\u00e9m um ato pol\u00edtico. A comunidade de Ax\u00e9 tem uma d\u00edvida hist\u00f3rica com aqueles que, de forma persistente, colocaram seus saberes, sua voz e sua presen\u00e7a na defesa da dignidade, da liberdade religiosa e dos direitos do povo de terreiro. O Professor &hellip; Ivanir dos santos e a responsabilidade p\u00fablica com o ax\u00e9 Read More &raquo;\" \/>\n<meta property=\"og:url\" content=\"https:\/\/coisasdegentepreta.com.br\/index.php\/ivanir-dos-santos-e-a-responsabilidade-publica-com-o-axe\/\" \/>\n<meta property=\"article:publisher\" content=\"https:\/\/facebook.com\/cmmcomcoisasdegente\" \/>\n<meta property=\"article:modified_time\" content=\"2026-01-16T00:13:40+00:00\" \/>\n<meta property=\"og:image\" content=\"https:\/\/coisasdegentepreta.com.br\/wp-content\/uploads\/2026\/01\/WhatsApp-Image-2026-01-15-at-18.33.57.jpeg\" \/>\n\t<meta property=\"og:image:width\" content=\"1024\" \/>\n\t<meta property=\"og:image:height\" content=\"1024\" \/>\n\t<meta property=\"og:image:type\" content=\"image\/jpeg\" \/>\n<meta name=\"twitter:card\" content=\"summary_large_image\" \/>\n<meta name=\"twitter:site\" content=\"@cmmcomcoisasdegente\" \/>\n<meta name=\"twitter:label1\" content=\"Est. reading time\" \/>\n\t<meta name=\"twitter:data1\" content=\"2 minutes\" \/>\n<script type=\"application\/ld+json\" class=\"yoast-schema-graph\">{\"@context\":\"https:\/\/schema.org\",\"@graph\":[{\"@type\":\"WebPage\",\"@id\":\"https:\/\/coisasdegentepreta.com.br\/index.php\/ivanir-dos-santos-e-a-responsabilidade-publica-com-o-axe\/\",\"url\":\"https:\/\/coisasdegentepreta.com.br\/index.php\/ivanir-dos-santos-e-a-responsabilidade-publica-com-o-axe\/\",\"name\":\"Ivanir dos santos e a responsabilidade p\u00fablica com o ax\u00e9 -\",\"isPartOf\":{\"@id\":\"https:\/\/coisasdegentepreta.com.br\/#website\"},\"primaryImageOfPage\":{\"@id\":\"https:\/\/coisasdegentepreta.com.br\/index.php\/ivanir-dos-santos-e-a-responsabilidade-publica-com-o-axe\/#primaryimage\"},\"image\":{\"@id\":\"https:\/\/coisasdegentepreta.com.br\/index.php\/ivanir-dos-santos-e-a-responsabilidade-publica-com-o-axe\/#primaryimage\"},\"thumbnailUrl\":\"https:\/\/coisasdegentepreta.com.br\/wp-content\/uploads\/2026\/01\/WhatsApp-Image-2026-01-15-at-18.33.57.jpeg\",\"datePublished\":\"2026-01-16T00:11:46+00:00\",\"dateModified\":\"2026-01-16T00:13:40+00:00\",\"breadcrumb\":{\"@id\":\"https:\/\/coisasdegentepreta.com.br\/index.php\/ivanir-dos-santos-e-a-responsabilidade-publica-com-o-axe\/#breadcrumb\"},\"inLanguage\":\"en-US\",\"potentialAction\":[{\"@type\":\"ReadAction\",\"target\":[\"https:\/\/coisasdegentepreta.com.br\/index.php\/ivanir-dos-santos-e-a-responsabilidade-publica-com-o-axe\/\"]}]},{\"@type\":\"ImageObject\",\"inLanguage\":\"en-US\",\"@id\":\"https:\/\/coisasdegentepreta.com.br\/index.php\/ivanir-dos-santos-e-a-responsabilidade-publica-com-o-axe\/#primaryimage\",\"url\":\"https:\/\/coisasdegentepreta.com.br\/wp-content\/uploads\/2026\/01\/WhatsApp-Image-2026-01-15-at-18.33.57.jpeg\",\"contentUrl\":\"https:\/\/coisasdegentepreta.com.br\/wp-content\/uploads\/2026\/01\/WhatsApp-Image-2026-01-15-at-18.33.57.jpeg\",\"width\":1024,\"height\":1024},{\"@type\":\"BreadcrumbList\",\"@id\":\"https:\/\/coisasdegentepreta.com.br\/index.php\/ivanir-dos-santos-e-a-responsabilidade-publica-com-o-axe\/#breadcrumb\",\"itemListElement\":[{\"@type\":\"ListItem\",\"position\":1,\"name\":\"ECMM\",\"item\":\"https:\/\/coisasdegentepreta.com.br\/\"},{\"@type\":\"ListItem\",\"position\":2,\"name\":\"Ivanir dos santos e a responsabilidade p\u00fablica com o ax\u00e9\"}]},{\"@type\":\"WebSite\",\"@id\":\"https:\/\/coisasdegentepreta.com.br\/#website\",\"url\":\"https:\/\/coisasdegentepreta.com.br\/\",\"name\":\"https:\/\/coisasdegentepreta.com.br\",\"description\":\"\",\"publisher\":{\"@id\":\"https:\/\/coisasdegentepreta.com.br\/#organization\"},\"potentialAction\":[{\"@type\":\"SearchAction\",\"target\":{\"@type\":\"EntryPoint\",\"urlTemplate\":\"https:\/\/coisasdegentepreta.com.br\/?s={search_term_string}\"},\"query-input\":{\"@type\":\"PropertyValueSpecification\",\"valueRequired\":true,\"valueName\":\"search_term_string\"}}],\"inLanguage\":\"en-US\"},{\"@type\":\"Organization\",\"@id\":\"https:\/\/coisasdegentepreta.com.br\/#organization\",\"name\":\"Espa\u00e7o de Capacita\u00e7\u00e3o M\u00e1rcio Madeira RJ\",\"url\":\"https:\/\/coisasdegentepreta.com.br\/\",\"logo\":{\"@type\":\"ImageObject\",\"inLanguage\":\"en-US\",\"@id\":\"https:\/\/coisasdegentepreta.com.br\/#\/schema\/logo\/image\/\",\"url\":\"https:\/\/coisasdegentepreta.com.br\/wp-content\/uploads\/2023\/12\/logo-2.png\",\"contentUrl\":\"https:\/\/coisasdegentepreta.com.br\/wp-content\/uploads\/2023\/12\/logo-2.png\",\"width\":2064,\"height\":1021,\"caption\":\"Espa\u00e7o de Capacita\u00e7\u00e3o M\u00e1rcio Madeira RJ\"},\"image\":{\"@id\":\"https:\/\/coisasdegentepreta.com.br\/#\/schema\/logo\/image\/\"},\"sameAs\":[\"https:\/\/facebook.com\/cmmcomcoisasdegente\",\"https:\/\/x.com\/cmmcomcoisasdegente\",\"https:\/\/instagram.com\/cmmcomcoisasdegente\"]}]}<\/script>\n<!-- \/ Yoast SEO plugin. -->","yoast_head_json":{"title":"Ivanir dos santos e a responsabilidade p\u00fablica com o ax\u00e9 -","robots":{"index":"index","follow":"follow","max-snippet":"max-snippet:-1","max-image-preview":"max-image-preview:large","max-video-preview":"max-video-preview:-1"},"canonical":"https:\/\/coisasdegentepreta.com.br\/index.php\/ivanir-dos-santos-e-a-responsabilidade-publica-com-o-axe\/","og_locale":"en_US","og_type":"article","og_title":"Ivanir dos santos e a responsabilidade p\u00fablica com o ax\u00e9 -","og_description":"Ivanir dos Santos e a responsabilidade p\u00fablica com o Ax\u00e9 Reconhecer trajet\u00f3rias \u00e9 tamb\u00e9m um ato pol\u00edtico. A comunidade de Ax\u00e9 tem uma d\u00edvida hist\u00f3rica com aqueles que, de forma persistente, colocaram seus saberes, sua voz e sua presen\u00e7a na defesa da dignidade, da liberdade religiosa e dos direitos do povo de terreiro. O Professor &hellip; Ivanir dos santos e a responsabilidade p\u00fablica com o ax\u00e9 Read More &raquo;","og_url":"https:\/\/coisasdegentepreta.com.br\/index.php\/ivanir-dos-santos-e-a-responsabilidade-publica-com-o-axe\/","article_publisher":"https:\/\/facebook.com\/cmmcomcoisasdegente","article_modified_time":"2026-01-16T00:13:40+00:00","og_image":[{"width":1024,"height":1024,"url":"https:\/\/coisasdegentepreta.com.br\/wp-content\/uploads\/2026\/01\/WhatsApp-Image-2026-01-15-at-18.33.57.jpeg","type":"image\/jpeg"}],"twitter_card":"summary_large_image","twitter_site":"@cmmcomcoisasdegente","twitter_misc":{"Est. reading time":"2 minutes"},"schema":{"@context":"https:\/\/schema.org","@graph":[{"@type":"WebPage","@id":"https:\/\/coisasdegentepreta.com.br\/index.php\/ivanir-dos-santos-e-a-responsabilidade-publica-com-o-axe\/","url":"https:\/\/coisasdegentepreta.com.br\/index.php\/ivanir-dos-santos-e-a-responsabilidade-publica-com-o-axe\/","name":"Ivanir dos santos e a responsabilidade p\u00fablica com o ax\u00e9 -","isPartOf":{"@id":"https:\/\/coisasdegentepreta.com.br\/#website"},"primaryImageOfPage":{"@id":"https:\/\/coisasdegentepreta.com.br\/index.php\/ivanir-dos-santos-e-a-responsabilidade-publica-com-o-axe\/#primaryimage"},"image":{"@id":"https:\/\/coisasdegentepreta.com.br\/index.php\/ivanir-dos-santos-e-a-responsabilidade-publica-com-o-axe\/#primaryimage"},"thumbnailUrl":"https:\/\/coisasdegentepreta.com.br\/wp-content\/uploads\/2026\/01\/WhatsApp-Image-2026-01-15-at-18.33.57.jpeg","datePublished":"2026-01-16T00:11:46+00:00","dateModified":"2026-01-16T00:13:40+00:00","breadcrumb":{"@id":"https:\/\/coisasdegentepreta.com.br\/index.php\/ivanir-dos-santos-e-a-responsabilidade-publica-com-o-axe\/#breadcrumb"},"inLanguage":"en-US","potentialAction":[{"@type":"ReadAction","target":["https:\/\/coisasdegentepreta.com.br\/index.php\/ivanir-dos-santos-e-a-responsabilidade-publica-com-o-axe\/"]}]},{"@type":"ImageObject","inLanguage":"en-US","@id":"https:\/\/coisasdegentepreta.com.br\/index.php\/ivanir-dos-santos-e-a-responsabilidade-publica-com-o-axe\/#primaryimage","url":"https:\/\/coisasdegentepreta.com.br\/wp-content\/uploads\/2026\/01\/WhatsApp-Image-2026-01-15-at-18.33.57.jpeg","contentUrl":"https:\/\/coisasdegentepreta.com.br\/wp-content\/uploads\/2026\/01\/WhatsApp-Image-2026-01-15-at-18.33.57.jpeg","width":1024,"height":1024},{"@type":"BreadcrumbList","@id":"https:\/\/coisasdegentepreta.com.br\/index.php\/ivanir-dos-santos-e-a-responsabilidade-publica-com-o-axe\/#breadcrumb","itemListElement":[{"@type":"ListItem","position":1,"name":"ECMM","item":"https:\/\/coisasdegentepreta.com.br\/"},{"@type":"ListItem","position":2,"name":"Ivanir dos santos e a responsabilidade p\u00fablica com o ax\u00e9"}]},{"@type":"WebSite","@id":"https:\/\/coisasdegentepreta.com.br\/#website","url":"https:\/\/coisasdegentepreta.com.br\/","name":"https:\/\/coisasdegentepreta.com.br","description":"","publisher":{"@id":"https:\/\/coisasdegentepreta.com.br\/#organization"},"potentialAction":[{"@type":"SearchAction","target":{"@type":"EntryPoint","urlTemplate":"https:\/\/coisasdegentepreta.com.br\/?s={search_term_string}"},"query-input":{"@type":"PropertyValueSpecification","valueRequired":true,"valueName":"search_term_string"}}],"inLanguage":"en-US"},{"@type":"Organization","@id":"https:\/\/coisasdegentepreta.com.br\/#organization","name":"Espa\u00e7o de Capacita\u00e7\u00e3o M\u00e1rcio Madeira RJ","url":"https:\/\/coisasdegentepreta.com.br\/","logo":{"@type":"ImageObject","inLanguage":"en-US","@id":"https:\/\/coisasdegentepreta.com.br\/#\/schema\/logo\/image\/","url":"https:\/\/coisasdegentepreta.com.br\/wp-content\/uploads\/2023\/12\/logo-2.png","contentUrl":"https:\/\/coisasdegentepreta.com.br\/wp-content\/uploads\/2023\/12\/logo-2.png","width":2064,"height":1021,"caption":"Espa\u00e7o de Capacita\u00e7\u00e3o M\u00e1rcio Madeira RJ"},"image":{"@id":"https:\/\/coisasdegentepreta.com.br\/#\/schema\/logo\/image\/"},"sameAs":["https:\/\/facebook.com\/cmmcomcoisasdegente","https:\/\/x.com\/cmmcomcoisasdegente","https:\/\/instagram.com\/cmmcomcoisasdegente"]}]}},"_links":{"self":[{"href":"https:\/\/coisasdegentepreta.com.br\/index.php\/wp-json\/wp\/v2\/pages\/7734","targetHints":{"allow":["GET"]}}],"collection":[{"href":"https:\/\/coisasdegentepreta.com.br\/index.php\/wp-json\/wp\/v2\/pages"}],"about":[{"href":"https:\/\/coisasdegentepreta.com.br\/index.php\/wp-json\/wp\/v2\/types\/page"}],"author":[{"embeddable":true,"href":"https:\/\/coisasdegentepreta.com.br\/index.php\/wp-json\/wp\/v2\/users\/1"}],"replies":[{"embeddable":true,"href":"https:\/\/coisasdegentepreta.com.br\/index.php\/wp-json\/wp\/v2\/comments?post=7734"}],"version-history":[{"count":4,"href":"https:\/\/coisasdegentepreta.com.br\/index.php\/wp-json\/wp\/v2\/pages\/7734\/revisions"}],"predecessor-version":[{"id":7739,"href":"https:\/\/coisasdegentepreta.com.br\/index.php\/wp-json\/wp\/v2\/pages\/7734\/revisions\/7739"}],"wp:attachment":[{"href":"https:\/\/coisasdegentepreta.com.br\/index.php\/wp-json\/wp\/v2\/media?parent=7734"}],"curies":[{"name":"wp","href":"https:\/\/api.w.org\/{rel}","templated":true}]}}