{"id":7435,"date":"2025-10-15T17:18:32","date_gmt":"2025-10-15T20:18:32","guid":{"rendered":"https:\/\/coisasdegentepreta.com.br\/?page_id=7435"},"modified":"2025-10-15T17:38:40","modified_gmt":"2025-10-15T20:38:40","slug":"o-silencio-do-pt-e-o-preco-da-incoerencia","status":"publish","type":"page","link":"https:\/\/coisasdegentepreta.com.br\/index.php\/o-silencio-do-pt-e-o-preco-da-incoerencia\/","title":{"rendered":"O SIL\u00caNCIO DO PT E O PRE\u00c7O DA INCOER\u00caNCIA"},"content":{"rendered":"\t\t<div data-elementor-type=\"wp-page\" data-elementor-id=\"7435\" class=\"elementor elementor-7435\">\n\t\t\t\t<div class=\"elementor-element elementor-element-59b5c19 e-flex e-con-boxed e-con e-parent\" data-id=\"59b5c19\" data-element_type=\"container\" data-settings=\"{&quot;background_background&quot;:&quot;classic&quot;}\">\n\t\t\t\t\t<div class=\"e-con-inner\">\n\t\t<div class=\"elementor-element elementor-element-648fd0e e-con-full e-flex e-con e-child\" data-id=\"648fd0e\" data-element_type=\"container\" data-settings=\"{&quot;background_background&quot;:&quot;classic&quot;}\">\n\t\t\t\t<div class=\"elementor-element elementor-element-234a663 elementor-widget elementor-widget-image\" data-id=\"234a663\" data-element_type=\"widget\" data-widget_type=\"image.default\">\n\t\t\t\t<div class=\"elementor-widget-container\">\n\t\t\t\t\t\t\t\t\t\t\t\t\t\t\t<img fetchpriority=\"high\" decoding=\"async\" width=\"853\" height=\"1280\" src=\"https:\/\/coisasdegentepreta.com.br\/wp-content\/uploads\/2025\/10\/WhatsApp-Image-2025-10-15-at-16.55.08.jpeg\" class=\"attachment-full size-full wp-image-7437\" alt=\"\" srcset=\"https:\/\/coisasdegentepreta.com.br\/wp-content\/uploads\/2025\/10\/WhatsApp-Image-2025-10-15-at-16.55.08.jpeg 853w, https:\/\/coisasdegentepreta.com.br\/wp-content\/uploads\/2025\/10\/WhatsApp-Image-2025-10-15-at-16.55.08-200x300.jpeg 200w, https:\/\/coisasdegentepreta.com.br\/wp-content\/uploads\/2025\/10\/WhatsApp-Image-2025-10-15-at-16.55.08-682x1024.jpeg 682w, https:\/\/coisasdegentepreta.com.br\/wp-content\/uploads\/2025\/10\/WhatsApp-Image-2025-10-15-at-16.55.08-768x1152.jpeg 768w, https:\/\/coisasdegentepreta.com.br\/wp-content\/uploads\/2025\/10\/WhatsApp-Image-2025-10-15-at-16.55.08-600x900.jpeg 600w\" sizes=\"(max-width: 853px) 100vw, 853px\" \/>\t\t\t\t\t\t\t\t\t\t\t\t\t\t\t<\/div>\n\t\t\t\t<\/div>\n\t\t\t\t<\/div>\n\t\t<div class=\"elementor-element elementor-element-bbc27bf e-con-full e-flex e-con e-child\" data-id=\"bbc27bf\" data-element_type=\"container\" data-settings=\"{&quot;background_background&quot;:&quot;classic&quot;}\">\n\t\t\t\t<div class=\"elementor-element elementor-element-b540725 elementor-widget elementor-widget-heading\" data-id=\"b540725\" data-element_type=\"widget\" data-widget_type=\"heading.default\">\n\t\t\t\t<div class=\"elementor-widget-container\">\n\t\t\t\t\t<h2 class=\"elementor-heading-title elementor-size-default\">O SIL\u00caNCIO DO PT E O PRE\u00c7O DA INCOER\u00caNCIA\n<\/h2>\t\t\t\t<\/div>\n\t\t\t\t<\/div>\n\t\t\t\t<div class=\"elementor-element elementor-element-2d897e4 elementor-widget elementor-widget-text-editor\" data-id=\"2d897e4\" data-element_type=\"widget\" data-widget_type=\"text-editor.default\">\n\t\t\t\t<div class=\"elementor-widget-container\">\n\t\t\t\t\t\t\t\t\t<p>O sil\u00eancio, quando parte de quem se diz progressista, d\u00f3i mais do que o grito dos opressores.<\/p><p>Nos \u00faltimos dias, o pa\u00eds assistiu estarrecido \u00e0 den\u00fancia de racismo religioso envolvendo um prefeito do Partido dos Trabalhadores, acusado de ofender as religi\u00f5es de matriz africana \u2014 bases espirituais que sustentam a hist\u00f3ria, a resist\u00eancia e a cultura do povo preto brasileiro. As manifesta\u00e7\u00f5es de rep\u00fadio vieram de coletivos, institui\u00e7\u00f5es e lideran\u00e7as do movimento negro. Mas do partido que nasceu no discurso da justi\u00e7a social, o que se viu foi um constrangedor sil\u00eancio.<\/p><p>Como se n\u00e3o bastasse, o mesmo governo que tanto se vangloria de diversidade e inclus\u00e3o voltou a negar o \u00f3bvio: nenhuma mulher negra \u2014 nem sequer uma mulher ou um homem negro \u2014 foi indicada ao Supremo Tribunal Federal. \u00c9 a repeti\u00e7\u00e3o de um roteiro que o Brasil j\u00e1 conhece: discursos inflamados, palanques de representatividade e, quando chega a hora da decis\u00e3o, o mesmo perfil branco, masculino e distante das maiorias reais deste pa\u00eds.<\/p><p>O movimento negro brasileiro, que h\u00e1 d\u00e9cadas sustenta governos com sua mobiliza\u00e7\u00e3o e consci\u00eancia, n\u00e3o pode mais ser lembrado apenas em campanhas e datas simb\u00f3licas. Nossa luta \u00e9 concreta. Nossos corpos carregam as dores de s\u00e9culos e o peso da omiss\u00e3o de quem deveria, no m\u00ednimo, reconhecer a d\u00edvida hist\u00f3rica com o povo preto.<\/p><p>N\u00e3o h\u00e1 desculpa aceit\u00e1vel para o sil\u00eancio diante do racismo. N\u00e3o h\u00e1 coer\u00eancia poss\u00edvel quando se fala em inclus\u00e3o e se mant\u00e9m o STF como uma casa alheia \u00e0 cor e ao g\u00eanero que comp\u00f5em a base da na\u00e7\u00e3o.<\/p><p>O Coisas de Gente Preta se soma aos que exigem respeito, representatividade e repara\u00e7\u00e3o. O sil\u00eancio do PT e do governo Lula n\u00e3o \u00e9 t\u00e1tico, \u00e9 c\u00famplice.<\/p><p>E \u00e9 justamente por isso que precisamos de um partido da causa negra \u2014 um instrumento pol\u00edtico que fale em nossa voz, que nos represente sem filtros, e que n\u00e3o dependa da coniv\u00eancia ou da conveni\u00eancia de quem nunca sentiu na pele o peso do racismo.<br \/>Chegou o tempo de falarmos por n\u00f3s mesmos.<\/p><p>M\u00e1rcio Madeira &#8211; Respons\u00e1vel pelo editorial do Instituto <br \/>Coisas de Gente Preta<\/p>\t\t\t\t\t\t\t\t<\/div>\n\t\t\t\t<\/div>\n\t\t\t\t<\/div>\n\t\t\t\t\t<\/div>\n\t\t\t\t<\/div>\n\t\t\t\t<\/div>\n\t\t","protected":false},"excerpt":{"rendered":"<p>O SIL\u00caNCIO DO PT E O PRE\u00c7O DA INCOER\u00caNCIA O sil\u00eancio, quando parte de quem se diz progressista, d\u00f3i mais do que o grito dos opressores. Nos \u00faltimos dias, o pa\u00eds assistiu estarrecido \u00e0 den\u00fancia de racismo religioso envolvendo um prefeito do Partido dos Trabalhadores, acusado de ofender as religi\u00f5es de matriz africana \u2014 bases &hellip;<\/p>\n<p class=\"read-more\"> <a class=\"\" href=\"https:\/\/coisasdegentepreta.com.br\/index.php\/o-silencio-do-pt-e-o-preco-da-incoerencia\/\"> <span class=\"screen-reader-text\">O SIL\u00caNCIO DO PT E O PRE\u00c7O DA INCOER\u00caNCIA<\/span> Read More &raquo;<\/a><\/p>\n","protected":false},"author":1,"featured_media":0,"parent":0,"menu_order":0,"comment_status":"closed","ping_status":"closed","template":"","meta":{"site-sidebar-layout":"no-sidebar","site-content-layout":"","ast-site-content-layout":"full-width-container","site-content-style":"default","site-sidebar-style":"default","ast-global-header-display":"","ast-banner-title-visibility":"","ast-main-header-display":"","ast-hfb-above-header-display":"","ast-hfb-below-header-display":"","ast-hfb-mobile-header-display":"","site-post-title":"disabled","ast-breadcrumbs-content":"","ast-featured-img":"disabled","footer-sml-layout":"","theme-transparent-header-meta":"","adv-header-id-meta":"","stick-header-meta":"","header-above-stick-meta":"","header-main-stick-meta":"","header-below-stick-meta":"","astra-migrate-meta-layouts":"default","ast-page-background-enabled":"default","ast-page-background-meta":{"desktop":{"background-color":"var(--ast-global-color-4)","background-image":"","background-repeat":"repeat","background-position":"center center","background-size":"auto","background-attachment":"scroll","background-type":"","background-media":"","overlay-type":"","overlay-color":"","overlay-gradient":""},"tablet":{"background-color":"","background-image":"","background-repeat":"repeat","background-position":"center center","background-size":"auto","background-attachment":"scroll","background-type":"","background-media":"","overlay-type":"","overlay-color":"","overlay-gradient":""},"mobile":{"background-color":"","background-image":"","background-repeat":"repeat","background-position":"center center","background-size":"auto","background-attachment":"scroll","background-type":"","background-media":"","overlay-type":"","overlay-color":"","overlay-gradient":""}},"ast-content-background-meta":{"desktop":{"background-color":"var(--ast-global-color-5)","background-image":"","background-repeat":"repeat","background-position":"center center","background-size":"auto","background-attachment":"scroll","background-type":"","background-media":"","overlay-type":"","overlay-color":"","overlay-gradient":""},"tablet":{"background-color":"var(--ast-global-color-5)","background-image":"","background-repeat":"repeat","background-position":"center center","background-size":"auto","background-attachment":"scroll","background-type":"","background-media":"","overlay-type":"","overlay-color":"","overlay-gradient":""},"mobile":{"background-color":"var(--ast-global-color-5)","background-image":"","background-repeat":"repeat","background-position":"center center","background-size":"auto","background-attachment":"scroll","background-type":"","background-media":"","overlay-type":"","overlay-color":"","overlay-gradient":""}},"footnotes":""},"class_list":["post-7435","page","type-page","status-publish","hentry"],"yoast_head":"<!-- This site is optimized with the Yoast SEO plugin v24.2 - https:\/\/yoast.com\/wordpress\/plugins\/seo\/ -->\n<title>O SIL\u00caNCIO DO PT E O PRE\u00c7O DA INCOER\u00caNCIA -<\/title>\n<meta name=\"robots\" content=\"index, follow, max-snippet:-1, max-image-preview:large, max-video-preview:-1\" \/>\n<link rel=\"canonical\" href=\"https:\/\/coisasdegentepreta.com.br\/index.php\/o-silencio-do-pt-e-o-preco-da-incoerencia\/\" \/>\n<meta property=\"og:locale\" content=\"en_US\" \/>\n<meta property=\"og:type\" content=\"article\" \/>\n<meta property=\"og:title\" content=\"O SIL\u00caNCIO DO PT E O PRE\u00c7O DA INCOER\u00caNCIA -\" \/>\n<meta property=\"og:description\" content=\"O SIL\u00caNCIO DO PT E O PRE\u00c7O DA INCOER\u00caNCIA O sil\u00eancio, quando parte de quem se diz progressista, d\u00f3i mais do que o grito dos opressores. Nos \u00faltimos dias, o pa\u00eds assistiu estarrecido \u00e0 den\u00fancia de racismo religioso envolvendo um prefeito do Partido dos Trabalhadores, acusado de ofender as religi\u00f5es de matriz africana \u2014 bases &hellip; O SIL\u00caNCIO DO PT E O PRE\u00c7O DA INCOER\u00caNCIA Read More &raquo;\" \/>\n<meta property=\"og:url\" content=\"https:\/\/coisasdegentepreta.com.br\/index.php\/o-silencio-do-pt-e-o-preco-da-incoerencia\/\" \/>\n<meta property=\"article:publisher\" content=\"https:\/\/facebook.com\/cmmcomcoisasdegente\" \/>\n<meta property=\"article:modified_time\" content=\"2025-10-15T20:38:40+00:00\" \/>\n<meta property=\"og:image\" content=\"https:\/\/coisasdegentepreta.com.br\/wp-content\/uploads\/2025\/10\/WhatsApp-Image-2025-10-15-at-16.55.08.jpeg\" \/>\n\t<meta property=\"og:image:width\" content=\"853\" \/>\n\t<meta property=\"og:image:height\" content=\"1280\" \/>\n\t<meta property=\"og:image:type\" content=\"image\/jpeg\" \/>\n<meta name=\"twitter:card\" content=\"summary_large_image\" \/>\n<meta name=\"twitter:site\" content=\"@cmmcomcoisasdegente\" \/>\n<meta name=\"twitter:label1\" content=\"Est. reading time\" \/>\n\t<meta name=\"twitter:data1\" content=\"2 minutes\" \/>\n<script type=\"application\/ld+json\" class=\"yoast-schema-graph\">{\"@context\":\"https:\/\/schema.org\",\"@graph\":[{\"@type\":\"WebPage\",\"@id\":\"https:\/\/coisasdegentepreta.com.br\/index.php\/o-silencio-do-pt-e-o-preco-da-incoerencia\/\",\"url\":\"https:\/\/coisasdegentepreta.com.br\/index.php\/o-silencio-do-pt-e-o-preco-da-incoerencia\/\",\"name\":\"O SIL\u00caNCIO DO PT E O PRE\u00c7O DA INCOER\u00caNCIA -\",\"isPartOf\":{\"@id\":\"https:\/\/coisasdegentepreta.com.br\/#website\"},\"primaryImageOfPage\":{\"@id\":\"https:\/\/coisasdegentepreta.com.br\/index.php\/o-silencio-do-pt-e-o-preco-da-incoerencia\/#primaryimage\"},\"image\":{\"@id\":\"https:\/\/coisasdegentepreta.com.br\/index.php\/o-silencio-do-pt-e-o-preco-da-incoerencia\/#primaryimage\"},\"thumbnailUrl\":\"https:\/\/coisasdegentepreta.com.br\/wp-content\/uploads\/2025\/10\/WhatsApp-Image-2025-10-15-at-16.55.08.jpeg\",\"datePublished\":\"2025-10-15T20:18:32+00:00\",\"dateModified\":\"2025-10-15T20:38:40+00:00\",\"breadcrumb\":{\"@id\":\"https:\/\/coisasdegentepreta.com.br\/index.php\/o-silencio-do-pt-e-o-preco-da-incoerencia\/#breadcrumb\"},\"inLanguage\":\"en-US\",\"potentialAction\":[{\"@type\":\"ReadAction\",\"target\":[\"https:\/\/coisasdegentepreta.com.br\/index.php\/o-silencio-do-pt-e-o-preco-da-incoerencia\/\"]}]},{\"@type\":\"ImageObject\",\"inLanguage\":\"en-US\",\"@id\":\"https:\/\/coisasdegentepreta.com.br\/index.php\/o-silencio-do-pt-e-o-preco-da-incoerencia\/#primaryimage\",\"url\":\"https:\/\/coisasdegentepreta.com.br\/wp-content\/uploads\/2025\/10\/WhatsApp-Image-2025-10-15-at-16.55.08.jpeg\",\"contentUrl\":\"https:\/\/coisasdegentepreta.com.br\/wp-content\/uploads\/2025\/10\/WhatsApp-Image-2025-10-15-at-16.55.08.jpeg\",\"width\":853,\"height\":1280},{\"@type\":\"BreadcrumbList\",\"@id\":\"https:\/\/coisasdegentepreta.com.br\/index.php\/o-silencio-do-pt-e-o-preco-da-incoerencia\/#breadcrumb\",\"itemListElement\":[{\"@type\":\"ListItem\",\"position\":1,\"name\":\"ECMM\",\"item\":\"https:\/\/coisasdegentepreta.com.br\/\"},{\"@type\":\"ListItem\",\"position\":2,\"name\":\"O SIL\u00caNCIO DO PT E O PRE\u00c7O DA INCOER\u00caNCIA\"}]},{\"@type\":\"WebSite\",\"@id\":\"https:\/\/coisasdegentepreta.com.br\/#website\",\"url\":\"https:\/\/coisasdegentepreta.com.br\/\",\"name\":\"https:\/\/coisasdegentepreta.com.br\",\"description\":\"\",\"publisher\":{\"@id\":\"https:\/\/coisasdegentepreta.com.br\/#organization\"},\"potentialAction\":[{\"@type\":\"SearchAction\",\"target\":{\"@type\":\"EntryPoint\",\"urlTemplate\":\"https:\/\/coisasdegentepreta.com.br\/?s={search_term_string}\"},\"query-input\":{\"@type\":\"PropertyValueSpecification\",\"valueRequired\":true,\"valueName\":\"search_term_string\"}}],\"inLanguage\":\"en-US\"},{\"@type\":\"Organization\",\"@id\":\"https:\/\/coisasdegentepreta.com.br\/#organization\",\"name\":\"Espa\u00e7o de Capacita\u00e7\u00e3o M\u00e1rcio Madeira RJ\",\"url\":\"https:\/\/coisasdegentepreta.com.br\/\",\"logo\":{\"@type\":\"ImageObject\",\"inLanguage\":\"en-US\",\"@id\":\"https:\/\/coisasdegentepreta.com.br\/#\/schema\/logo\/image\/\",\"url\":\"https:\/\/coisasdegentepreta.com.br\/wp-content\/uploads\/2023\/12\/logo-2.png\",\"contentUrl\":\"https:\/\/coisasdegentepreta.com.br\/wp-content\/uploads\/2023\/12\/logo-2.png\",\"width\":2064,\"height\":1021,\"caption\":\"Espa\u00e7o de Capacita\u00e7\u00e3o M\u00e1rcio Madeira RJ\"},\"image\":{\"@id\":\"https:\/\/coisasdegentepreta.com.br\/#\/schema\/logo\/image\/\"},\"sameAs\":[\"https:\/\/facebook.com\/cmmcomcoisasdegente\",\"https:\/\/x.com\/cmmcomcoisasdegente\",\"https:\/\/instagram.com\/cmmcomcoisasdegente\"]}]}<\/script>\n<!-- \/ Yoast SEO plugin. -->","yoast_head_json":{"title":"O SIL\u00caNCIO DO PT E O PRE\u00c7O DA INCOER\u00caNCIA -","robots":{"index":"index","follow":"follow","max-snippet":"max-snippet:-1","max-image-preview":"max-image-preview:large","max-video-preview":"max-video-preview:-1"},"canonical":"https:\/\/coisasdegentepreta.com.br\/index.php\/o-silencio-do-pt-e-o-preco-da-incoerencia\/","og_locale":"en_US","og_type":"article","og_title":"O SIL\u00caNCIO DO PT E O PRE\u00c7O DA INCOER\u00caNCIA -","og_description":"O SIL\u00caNCIO DO PT E O PRE\u00c7O DA INCOER\u00caNCIA O sil\u00eancio, quando parte de quem se diz progressista, d\u00f3i mais do que o grito dos opressores. Nos \u00faltimos dias, o pa\u00eds assistiu estarrecido \u00e0 den\u00fancia de racismo religioso envolvendo um prefeito do Partido dos Trabalhadores, acusado de ofender as religi\u00f5es de matriz africana \u2014 bases &hellip; O SIL\u00caNCIO DO PT E O PRE\u00c7O DA INCOER\u00caNCIA Read More &raquo;","og_url":"https:\/\/coisasdegentepreta.com.br\/index.php\/o-silencio-do-pt-e-o-preco-da-incoerencia\/","article_publisher":"https:\/\/facebook.com\/cmmcomcoisasdegente","article_modified_time":"2025-10-15T20:38:40+00:00","og_image":[{"width":853,"height":1280,"url":"https:\/\/coisasdegentepreta.com.br\/wp-content\/uploads\/2025\/10\/WhatsApp-Image-2025-10-15-at-16.55.08.jpeg","type":"image\/jpeg"}],"twitter_card":"summary_large_image","twitter_site":"@cmmcomcoisasdegente","twitter_misc":{"Est. reading time":"2 minutes"},"schema":{"@context":"https:\/\/schema.org","@graph":[{"@type":"WebPage","@id":"https:\/\/coisasdegentepreta.com.br\/index.php\/o-silencio-do-pt-e-o-preco-da-incoerencia\/","url":"https:\/\/coisasdegentepreta.com.br\/index.php\/o-silencio-do-pt-e-o-preco-da-incoerencia\/","name":"O SIL\u00caNCIO DO PT E O PRE\u00c7O DA INCOER\u00caNCIA -","isPartOf":{"@id":"https:\/\/coisasdegentepreta.com.br\/#website"},"primaryImageOfPage":{"@id":"https:\/\/coisasdegentepreta.com.br\/index.php\/o-silencio-do-pt-e-o-preco-da-incoerencia\/#primaryimage"},"image":{"@id":"https:\/\/coisasdegentepreta.com.br\/index.php\/o-silencio-do-pt-e-o-preco-da-incoerencia\/#primaryimage"},"thumbnailUrl":"https:\/\/coisasdegentepreta.com.br\/wp-content\/uploads\/2025\/10\/WhatsApp-Image-2025-10-15-at-16.55.08.jpeg","datePublished":"2025-10-15T20:18:32+00:00","dateModified":"2025-10-15T20:38:40+00:00","breadcrumb":{"@id":"https:\/\/coisasdegentepreta.com.br\/index.php\/o-silencio-do-pt-e-o-preco-da-incoerencia\/#breadcrumb"},"inLanguage":"en-US","potentialAction":[{"@type":"ReadAction","target":["https:\/\/coisasdegentepreta.com.br\/index.php\/o-silencio-do-pt-e-o-preco-da-incoerencia\/"]}]},{"@type":"ImageObject","inLanguage":"en-US","@id":"https:\/\/coisasdegentepreta.com.br\/index.php\/o-silencio-do-pt-e-o-preco-da-incoerencia\/#primaryimage","url":"https:\/\/coisasdegentepreta.com.br\/wp-content\/uploads\/2025\/10\/WhatsApp-Image-2025-10-15-at-16.55.08.jpeg","contentUrl":"https:\/\/coisasdegentepreta.com.br\/wp-content\/uploads\/2025\/10\/WhatsApp-Image-2025-10-15-at-16.55.08.jpeg","width":853,"height":1280},{"@type":"BreadcrumbList","@id":"https:\/\/coisasdegentepreta.com.br\/index.php\/o-silencio-do-pt-e-o-preco-da-incoerencia\/#breadcrumb","itemListElement":[{"@type":"ListItem","position":1,"name":"ECMM","item":"https:\/\/coisasdegentepreta.com.br\/"},{"@type":"ListItem","position":2,"name":"O SIL\u00caNCIO DO PT E O PRE\u00c7O DA INCOER\u00caNCIA"}]},{"@type":"WebSite","@id":"https:\/\/coisasdegentepreta.com.br\/#website","url":"https:\/\/coisasdegentepreta.com.br\/","name":"https:\/\/coisasdegentepreta.com.br","description":"","publisher":{"@id":"https:\/\/coisasdegentepreta.com.br\/#organization"},"potentialAction":[{"@type":"SearchAction","target":{"@type":"EntryPoint","urlTemplate":"https:\/\/coisasdegentepreta.com.br\/?s={search_term_string}"},"query-input":{"@type":"PropertyValueSpecification","valueRequired":true,"valueName":"search_term_string"}}],"inLanguage":"en-US"},{"@type":"Organization","@id":"https:\/\/coisasdegentepreta.com.br\/#organization","name":"Espa\u00e7o de Capacita\u00e7\u00e3o M\u00e1rcio Madeira RJ","url":"https:\/\/coisasdegentepreta.com.br\/","logo":{"@type":"ImageObject","inLanguage":"en-US","@id":"https:\/\/coisasdegentepreta.com.br\/#\/schema\/logo\/image\/","url":"https:\/\/coisasdegentepreta.com.br\/wp-content\/uploads\/2023\/12\/logo-2.png","contentUrl":"https:\/\/coisasdegentepreta.com.br\/wp-content\/uploads\/2023\/12\/logo-2.png","width":2064,"height":1021,"caption":"Espa\u00e7o de Capacita\u00e7\u00e3o M\u00e1rcio Madeira RJ"},"image":{"@id":"https:\/\/coisasdegentepreta.com.br\/#\/schema\/logo\/image\/"},"sameAs":["https:\/\/facebook.com\/cmmcomcoisasdegente","https:\/\/x.com\/cmmcomcoisasdegente","https:\/\/instagram.com\/cmmcomcoisasdegente"]}]}},"_links":{"self":[{"href":"https:\/\/coisasdegentepreta.com.br\/index.php\/wp-json\/wp\/v2\/pages\/7435","targetHints":{"allow":["GET"]}}],"collection":[{"href":"https:\/\/coisasdegentepreta.com.br\/index.php\/wp-json\/wp\/v2\/pages"}],"about":[{"href":"https:\/\/coisasdegentepreta.com.br\/index.php\/wp-json\/wp\/v2\/types\/page"}],"author":[{"embeddable":true,"href":"https:\/\/coisasdegentepreta.com.br\/index.php\/wp-json\/wp\/v2\/users\/1"}],"replies":[{"embeddable":true,"href":"https:\/\/coisasdegentepreta.com.br\/index.php\/wp-json\/wp\/v2\/comments?post=7435"}],"version-history":[{"count":7,"href":"https:\/\/coisasdegentepreta.com.br\/index.php\/wp-json\/wp\/v2\/pages\/7435\/revisions"}],"predecessor-version":[{"id":7443,"href":"https:\/\/coisasdegentepreta.com.br\/index.php\/wp-json\/wp\/v2\/pages\/7435\/revisions\/7443"}],"wp:attachment":[{"href":"https:\/\/coisasdegentepreta.com.br\/index.php\/wp-json\/wp\/v2\/media?parent=7435"}],"curies":[{"name":"wp","href":"https:\/\/api.w.org\/{rel}","templated":true}]}}