{"id":7255,"date":"2025-09-27T20:43:21","date_gmt":"2025-09-27T23:43:21","guid":{"rendered":"https:\/\/coisasdegentepreta.com.br\/?page_id=7255"},"modified":"2025-09-27T20:49:08","modified_gmt":"2025-09-27T23:49:08","slug":"por-que-os-brancos-se-organizam-melhor-politicamente","status":"publish","type":"page","link":"https:\/\/coisasdegentepreta.com.br\/index.php\/por-que-os-brancos-se-organizam-melhor-politicamente\/","title":{"rendered":"Por que os brancos se organizam melhor politicamente?"},"content":{"rendered":"\t\t<div data-elementor-type=\"wp-page\" data-elementor-id=\"7255\" class=\"elementor elementor-7255\">\n\t\t\t\t<div class=\"elementor-element elementor-element-7df3303 e-flex e-con-boxed e-con e-parent\" data-id=\"7df3303\" data-element_type=\"container\" data-settings=\"{&quot;background_background&quot;:&quot;classic&quot;}\">\n\t\t\t\t\t<div class=\"e-con-inner\">\n\t\t<div class=\"elementor-element elementor-element-a2f00ed e-con-full e-flex e-con e-child\" data-id=\"a2f00ed\" data-element_type=\"container\" data-settings=\"{&quot;background_background&quot;:&quot;classic&quot;}\">\n\t\t\t\t<div class=\"elementor-element elementor-element-a7ba24f elementor-widget elementor-widget-image\" data-id=\"a7ba24f\" data-element_type=\"widget\" data-widget_type=\"image.default\">\n\t\t\t\t<div class=\"elementor-widget-container\">\n\t\t\t\t\t\t\t\t\t\t\t\t\t\t\t<img fetchpriority=\"high\" decoding=\"async\" width=\"482\" height=\"342\" src=\"https:\/\/coisasdegentepreta.com.br\/wp-content\/uploads\/2025\/09\/Imagem-do-WhatsApp-de-2025-09-27-as-15.23.26_85e2d626.jpg\" class=\"attachment-full size-full wp-image-7257\" alt=\"\" srcset=\"https:\/\/coisasdegentepreta.com.br\/wp-content\/uploads\/2025\/09\/Imagem-do-WhatsApp-de-2025-09-27-as-15.23.26_85e2d626.jpg 482w, https:\/\/coisasdegentepreta.com.br\/wp-content\/uploads\/2025\/09\/Imagem-do-WhatsApp-de-2025-09-27-as-15.23.26_85e2d626-300x213.jpg 300w\" sizes=\"(max-width: 482px) 100vw, 482px\" \/>\t\t\t\t\t\t\t\t\t\t\t\t\t\t\t<\/div>\n\t\t\t\t<\/div>\n\t\t\t\t<\/div>\n\t\t<div class=\"elementor-element elementor-element-bf7b437 e-con-full e-flex e-con e-child\" data-id=\"bf7b437\" data-element_type=\"container\" data-settings=\"{&quot;background_background&quot;:&quot;classic&quot;}\">\n\t\t\t\t<div class=\"elementor-element elementor-element-b7f26f5 elementor-widget elementor-widget-heading\" data-id=\"b7f26f5\" data-element_type=\"widget\" data-widget_type=\"heading.default\">\n\t\t\t\t<div class=\"elementor-widget-container\">\n\t\t\t\t\t<h2 class=\"elementor-heading-title elementor-size-default\">Por que os brancos se organizam melhor politicamente?<\/h2>\t\t\t\t<\/div>\n\t\t\t\t<\/div>\n\t\t\t\t<div class=\"elementor-element elementor-element-11655a3 elementor-widget elementor-widget-text-editor\" data-id=\"11655a3\" data-element_type=\"widget\" data-widget_type=\"text-editor.default\">\n\t\t\t\t<div class=\"elementor-widget-container\">\n\t\t\t\t\t\t\t\t\t<div>A popula\u00e7\u00e3o branca historicamente se organiza melhor politicamente do que a negra n\u00e3o por acaso, mas por desigualdades estruturais. Desde a forma\u00e7\u00e3o do Estado, a pol\u00edtica favoreceu elites brancas, garantindo-lhes maior acesso \u00e0 terra, educa\u00e7\u00e3o e recursos financeiros. Tentativas de organiza\u00e7\u00e3o negra foram frequentemente sufocadas: lideran\u00e7as perseguidas, movimentos criminalizados e coletivos fragmentados mostram que o racismo estrutural limitou o protagonismo pol\u00edtico negro.<\/div><div>\u00a0<\/div><div>O que dizem os autores:<\/div><div>\u00a0<\/div><div>\u2022 Abdias do Nascimento \u2013 \u201cO negro brasileiro sofre genoc\u00eddio social e pol\u00edtico.\u201d<\/div><div>\u2022 L\u00e9lia Gonzalez \u2013 \u201cO racismo estrutural fragmenta e invisibiliza a pol\u00edtica negra.\u201d<\/div><div>\u2022 Florestan Fernandes \u2013 \u201cA estrutura social brasileira privilegia a organiza\u00e7\u00e3o de quem j\u00e1 det\u00e9m poder.\u201d<\/div><div>\u2022 Cl\u00f3vis Moura \u2013 \u201cO povo negro enfrenta barreiras cont\u00ednuas \u00e0 articula\u00e7\u00e3o coletiva.\u201d<\/div><div>\u2022 Michael Hanchard \u2013 \u201cAs elites brancas consolidam redes de poder mais duradouras.\u201d<\/div><div>\u2022 Kabengele Munanga \u2013 \u201cParticipa\u00e7\u00e3o pol\u00edtica negra \u00e9 limitada por condi\u00e7\u00f5es hist\u00f3ricas e sociais.\u201d<\/div><div>\u2022 Pierre Bourdieu \u2013 \u201cCapital social e cultural determina a capacidade de organiza\u00e7\u00e3o pol\u00edtica.\u201d<\/div><div>\u00a0<\/div><div>Marginaliza\u00e7\u00e3o\u00a0<\/div><div>\u00a0<\/div><div>A marginaliza\u00e7\u00e3o da popula\u00e7\u00e3o negra vai al\u00e9m da exclus\u00e3o hist\u00f3rica: reflete-se na criminaliza\u00e7\u00e3o seletiva e na relega\u00e7\u00e3o a fun\u00e7\u00f5es subservientes. Em 2024, 69% da popula\u00e7\u00e3o carcer\u00e1ria era negra. Estudos mostram que negros enfrentam mais abordagens e viol\u00eancia policial, al\u00e9m de ocuparem predominantemente empregos informais e de menor renda. Esses n\u00fameros confirmam que a desigualdade \u00e9 estrutural, e que a sobreviv\u00eancia cotidiana frequentemente substitui o protagonismo pol\u00edtico.<\/div><div>\u00a0<\/div><div>Naturaliza\u00e7\u00e3o\u00a0<\/div><div>\u00a0<\/div><div>A naturaliza\u00e7\u00e3o da subservi\u00eancia corr\u00f3i a autonomia da popula\u00e7\u00e3o negra: aceitar migalhas, favores ou aten\u00e7\u00e3o apenas quando concedidos pelos governantes mant\u00e9m a depend\u00eancia e enfraquece a constru\u00e7\u00e3o de poder pr\u00f3prio.<\/div><div>\u00a0<\/div><div>Pires na m\u00e3o\u00a0<\/div><div>\u00a0<\/div><div>Chega de pedir esmolas ou \u201cfazer de pires na m\u00e3o\u201d junto aos governantes. Consolidar nossas pr\u00f3prias redes, ocupar espa\u00e7os de decis\u00e3o e exigir respeito \u00e9 a \u00fanica forma de romper d\u00e9cadas de imposi\u00e7\u00e3o e marginaliza\u00e7\u00e3o.<\/div><div>\u00a0<\/div><div>Dados hist\u00f3ricos e cient\u00edficos<\/div><div>\u00a0<\/div><div>\u2022 Representatividade Pol\u00edtica: Apesar de representarem 57% da popula\u00e7\u00e3o brasileira, negros ocupam apenas 26,2% das cadeiras no Congresso Nacional.<\/div><div>\u2022 Representatividade no Judici\u00e1rio: Em 2013, negros representavam apenas 15,6% dos magistrados.<\/div><div>\u2022 Discrimina\u00e7\u00e3o no Atendimento \u00e0 Sa\u00fade: 29,8% dos negros j\u00e1 sofreram discrimina\u00e7\u00e3o em servi\u00e7os de sa\u00fade; 48,2% presenciaram tais situa\u00e7\u00f5es.<\/div><div>\u00a0<\/div><div>Dados jornal\u00edsticos<\/div><div>\u00a0<\/div><div>\u2022 Disparidade na Defensoria P\u00fablica: Mesmo com pol\u00edticas de cotas, a representatividade negra continua baixa.<\/div><div>\u2022 Desigualdade no Mercado de Trabalho: Negros enfrentam maiores taxas de desemprego e ocupam principalmente posi\u00e7\u00f5es informais e de menor prest\u00edgio.<\/div><div>\u00a0<\/div><div>Conclus\u00e3o\u00a0<\/div><div>\u00a0<\/div><div>Romper com d\u00e9cadas de imposi\u00e7\u00e3o exige recusar o \u201cfarelo\u201d, consolidar nossas pr\u00f3prias redes e exigir presen\u00e7a efetiva nos espa\u00e7os de decis\u00e3o. A hist\u00f3ria negra, repleta de resist\u00eancia em irmandades, quilombos, jornais, partidos e frentes de luta, prova que a articula\u00e7\u00e3o pol\u00edtica \u00e9 poss\u00edvel e necess\u00e1ria. Fortalecer nossas redes \u00e9 fortalecer nosso futuro.<\/div><div>\u00a0<\/div><div>M\u00e1rcio Madeira \u2013 Respons\u00e1vel pelo Instituto Coisas de Gente Preta \/ Portal Coisas de Gente Preta<\/div>\t\t\t\t\t\t\t\t<\/div>\n\t\t\t\t<\/div>\n\t\t\t\t<\/div>\n\t\t\t\t\t<\/div>\n\t\t\t\t<\/div>\n\t\t\t\t<\/div>\n\t\t","protected":false},"excerpt":{"rendered":"<p>Por que os brancos se organizam melhor politicamente? A popula\u00e7\u00e3o branca historicamente se organiza melhor politicamente do que a negra n\u00e3o por acaso, mas por desigualdades estruturais. Desde a forma\u00e7\u00e3o do Estado, a pol\u00edtica favoreceu elites brancas, garantindo-lhes maior acesso \u00e0 terra, educa\u00e7\u00e3o e recursos financeiros. Tentativas de organiza\u00e7\u00e3o negra foram frequentemente sufocadas: lideran\u00e7as perseguidas, &hellip;<\/p>\n<p class=\"read-more\"> <a class=\"\" href=\"https:\/\/coisasdegentepreta.com.br\/index.php\/por-que-os-brancos-se-organizam-melhor-politicamente\/\"> <span class=\"screen-reader-text\">Por que os brancos se organizam melhor politicamente?<\/span> Read More &raquo;<\/a><\/p>\n","protected":false},"author":1,"featured_media":0,"parent":0,"menu_order":0,"comment_status":"closed","ping_status":"closed","template":"","meta":{"site-sidebar-layout":"no-sidebar","site-content-layout":"","ast-site-content-layout":"full-width-container","site-content-style":"default","site-sidebar-style":"default","ast-global-header-display":"","ast-banner-title-visibility":"","ast-main-header-display":"","ast-hfb-above-header-display":"","ast-hfb-below-header-display":"","ast-hfb-mobile-header-display":"","site-post-title":"disabled","ast-breadcrumbs-content":"","ast-featured-img":"disabled","footer-sml-layout":"","theme-transparent-header-meta":"","adv-header-id-meta":"","stick-header-meta":"","header-above-stick-meta":"","header-main-stick-meta":"","header-below-stick-meta":"","astra-migrate-meta-layouts":"default","ast-page-background-enabled":"default","ast-page-background-meta":{"desktop":{"background-color":"var(--ast-global-color-4)","background-image":"","background-repeat":"repeat","background-position":"center center","background-size":"auto","background-attachment":"scroll","background-type":"","background-media":"","overlay-type":"","overlay-color":"","overlay-gradient":""},"tablet":{"background-color":"","background-image":"","background-repeat":"repeat","background-position":"center center","background-size":"auto","background-attachment":"scroll","background-type":"","background-media":"","overlay-type":"","overlay-color":"","overlay-gradient":""},"mobile":{"background-color":"","background-image":"","background-repeat":"repeat","background-position":"center center","background-size":"auto","background-attachment":"scroll","background-type":"","background-media":"","overlay-type":"","overlay-color":"","overlay-gradient":""}},"ast-content-background-meta":{"desktop":{"background-color":"var(--ast-global-color-5)","background-image":"","background-repeat":"repeat","background-position":"center center","background-size":"auto","background-attachment":"scroll","background-type":"","background-media":"","overlay-type":"","overlay-color":"","overlay-gradient":""},"tablet":{"background-color":"var(--ast-global-color-5)","background-image":"","background-repeat":"repeat","background-position":"center center","background-size":"auto","background-attachment":"scroll","background-type":"","background-media":"","overlay-type":"","overlay-color":"","overlay-gradient":""},"mobile":{"background-color":"var(--ast-global-color-5)","background-image":"","background-repeat":"repeat","background-position":"center center","background-size":"auto","background-attachment":"scroll","background-type":"","background-media":"","overlay-type":"","overlay-color":"","overlay-gradient":""}},"footnotes":""},"class_list":["post-7255","page","type-page","status-publish","hentry"],"yoast_head":"<!-- This site is optimized with the Yoast SEO plugin v24.2 - https:\/\/yoast.com\/wordpress\/plugins\/seo\/ -->\n<title>Por que os brancos se organizam melhor politicamente? -<\/title>\n<meta name=\"robots\" content=\"index, follow, max-snippet:-1, max-image-preview:large, max-video-preview:-1\" \/>\n<link rel=\"canonical\" href=\"https:\/\/coisasdegentepreta.com.br\/index.php\/por-que-os-brancos-se-organizam-melhor-politicamente\/\" \/>\n<meta property=\"og:locale\" content=\"en_US\" \/>\n<meta property=\"og:type\" content=\"article\" \/>\n<meta property=\"og:title\" content=\"Por que os brancos se organizam melhor politicamente? -\" \/>\n<meta property=\"og:description\" content=\"Por que os brancos se organizam melhor politicamente? A popula\u00e7\u00e3o branca historicamente se organiza melhor politicamente do que a negra n\u00e3o por acaso, mas por desigualdades estruturais. Desde a forma\u00e7\u00e3o do Estado, a pol\u00edtica favoreceu elites brancas, garantindo-lhes maior acesso \u00e0 terra, educa\u00e7\u00e3o e recursos financeiros. Tentativas de organiza\u00e7\u00e3o negra foram frequentemente sufocadas: lideran\u00e7as perseguidas, &hellip; Por que os brancos se organizam melhor politicamente? Read More &raquo;\" \/>\n<meta property=\"og:url\" content=\"https:\/\/coisasdegentepreta.com.br\/index.php\/por-que-os-brancos-se-organizam-melhor-politicamente\/\" \/>\n<meta property=\"article:publisher\" content=\"https:\/\/facebook.com\/cmmcomcoisasdegente\" \/>\n<meta property=\"article:modified_time\" content=\"2025-09-27T23:49:08+00:00\" \/>\n<meta property=\"og:image\" content=\"https:\/\/coisasdegentepreta.com.br\/wp-content\/uploads\/2025\/09\/Imagem-do-WhatsApp-de-2025-09-27-as-15.23.26_85e2d626.jpg\" \/>\n\t<meta property=\"og:image:width\" content=\"482\" \/>\n\t<meta property=\"og:image:height\" content=\"342\" \/>\n\t<meta property=\"og:image:type\" content=\"image\/jpeg\" \/>\n<meta name=\"twitter:card\" content=\"summary_large_image\" \/>\n<meta name=\"twitter:site\" content=\"@cmmcomcoisasdegente\" \/>\n<meta name=\"twitter:label1\" content=\"Est. reading time\" \/>\n\t<meta name=\"twitter:data1\" content=\"3 minutes\" \/>\n<script type=\"application\/ld+json\" class=\"yoast-schema-graph\">{\"@context\":\"https:\/\/schema.org\",\"@graph\":[{\"@type\":\"WebPage\",\"@id\":\"https:\/\/coisasdegentepreta.com.br\/index.php\/por-que-os-brancos-se-organizam-melhor-politicamente\/\",\"url\":\"https:\/\/coisasdegentepreta.com.br\/index.php\/por-que-os-brancos-se-organizam-melhor-politicamente\/\",\"name\":\"Por que os brancos se organizam melhor politicamente? -\",\"isPartOf\":{\"@id\":\"https:\/\/coisasdegentepreta.com.br\/#website\"},\"primaryImageOfPage\":{\"@id\":\"https:\/\/coisasdegentepreta.com.br\/index.php\/por-que-os-brancos-se-organizam-melhor-politicamente\/#primaryimage\"},\"image\":{\"@id\":\"https:\/\/coisasdegentepreta.com.br\/index.php\/por-que-os-brancos-se-organizam-melhor-politicamente\/#primaryimage\"},\"thumbnailUrl\":\"https:\/\/coisasdegentepreta.com.br\/wp-content\/uploads\/2025\/09\/Imagem-do-WhatsApp-de-2025-09-27-as-15.23.26_85e2d626.jpg\",\"datePublished\":\"2025-09-27T23:43:21+00:00\",\"dateModified\":\"2025-09-27T23:49:08+00:00\",\"breadcrumb\":{\"@id\":\"https:\/\/coisasdegentepreta.com.br\/index.php\/por-que-os-brancos-se-organizam-melhor-politicamente\/#breadcrumb\"},\"inLanguage\":\"en-US\",\"potentialAction\":[{\"@type\":\"ReadAction\",\"target\":[\"https:\/\/coisasdegentepreta.com.br\/index.php\/por-que-os-brancos-se-organizam-melhor-politicamente\/\"]}]},{\"@type\":\"ImageObject\",\"inLanguage\":\"en-US\",\"@id\":\"https:\/\/coisasdegentepreta.com.br\/index.php\/por-que-os-brancos-se-organizam-melhor-politicamente\/#primaryimage\",\"url\":\"https:\/\/coisasdegentepreta.com.br\/wp-content\/uploads\/2025\/09\/Imagem-do-WhatsApp-de-2025-09-27-as-15.23.26_85e2d626.jpg\",\"contentUrl\":\"https:\/\/coisasdegentepreta.com.br\/wp-content\/uploads\/2025\/09\/Imagem-do-WhatsApp-de-2025-09-27-as-15.23.26_85e2d626.jpg\",\"width\":482,\"height\":342},{\"@type\":\"BreadcrumbList\",\"@id\":\"https:\/\/coisasdegentepreta.com.br\/index.php\/por-que-os-brancos-se-organizam-melhor-politicamente\/#breadcrumb\",\"itemListElement\":[{\"@type\":\"ListItem\",\"position\":1,\"name\":\"ECMM\",\"item\":\"https:\/\/coisasdegentepreta.com.br\/\"},{\"@type\":\"ListItem\",\"position\":2,\"name\":\"Por que os brancos se organizam melhor politicamente?\"}]},{\"@type\":\"WebSite\",\"@id\":\"https:\/\/coisasdegentepreta.com.br\/#website\",\"url\":\"https:\/\/coisasdegentepreta.com.br\/\",\"name\":\"https:\/\/coisasdegentepreta.com.br\",\"description\":\"\",\"publisher\":{\"@id\":\"https:\/\/coisasdegentepreta.com.br\/#organization\"},\"potentialAction\":[{\"@type\":\"SearchAction\",\"target\":{\"@type\":\"EntryPoint\",\"urlTemplate\":\"https:\/\/coisasdegentepreta.com.br\/?s={search_term_string}\"},\"query-input\":{\"@type\":\"PropertyValueSpecification\",\"valueRequired\":true,\"valueName\":\"search_term_string\"}}],\"inLanguage\":\"en-US\"},{\"@type\":\"Organization\",\"@id\":\"https:\/\/coisasdegentepreta.com.br\/#organization\",\"name\":\"Espa\u00e7o de Capacita\u00e7\u00e3o M\u00e1rcio Madeira RJ\",\"url\":\"https:\/\/coisasdegentepreta.com.br\/\",\"logo\":{\"@type\":\"ImageObject\",\"inLanguage\":\"en-US\",\"@id\":\"https:\/\/coisasdegentepreta.com.br\/#\/schema\/logo\/image\/\",\"url\":\"https:\/\/coisasdegentepreta.com.br\/wp-content\/uploads\/2023\/12\/logo-2.png\",\"contentUrl\":\"https:\/\/coisasdegentepreta.com.br\/wp-content\/uploads\/2023\/12\/logo-2.png\",\"width\":2064,\"height\":1021,\"caption\":\"Espa\u00e7o de Capacita\u00e7\u00e3o M\u00e1rcio Madeira RJ\"},\"image\":{\"@id\":\"https:\/\/coisasdegentepreta.com.br\/#\/schema\/logo\/image\/\"},\"sameAs\":[\"https:\/\/facebook.com\/cmmcomcoisasdegente\",\"https:\/\/x.com\/cmmcomcoisasdegente\",\"https:\/\/instagram.com\/cmmcomcoisasdegente\"]}]}<\/script>\n<!-- \/ Yoast SEO plugin. -->","yoast_head_json":{"title":"Por que os brancos se organizam melhor politicamente? -","robots":{"index":"index","follow":"follow","max-snippet":"max-snippet:-1","max-image-preview":"max-image-preview:large","max-video-preview":"max-video-preview:-1"},"canonical":"https:\/\/coisasdegentepreta.com.br\/index.php\/por-que-os-brancos-se-organizam-melhor-politicamente\/","og_locale":"en_US","og_type":"article","og_title":"Por que os brancos se organizam melhor politicamente? -","og_description":"Por que os brancos se organizam melhor politicamente? A popula\u00e7\u00e3o branca historicamente se organiza melhor politicamente do que a negra n\u00e3o por acaso, mas por desigualdades estruturais. Desde a forma\u00e7\u00e3o do Estado, a pol\u00edtica favoreceu elites brancas, garantindo-lhes maior acesso \u00e0 terra, educa\u00e7\u00e3o e recursos financeiros. Tentativas de organiza\u00e7\u00e3o negra foram frequentemente sufocadas: lideran\u00e7as perseguidas, &hellip; Por que os brancos se organizam melhor politicamente? Read More &raquo;","og_url":"https:\/\/coisasdegentepreta.com.br\/index.php\/por-que-os-brancos-se-organizam-melhor-politicamente\/","article_publisher":"https:\/\/facebook.com\/cmmcomcoisasdegente","article_modified_time":"2025-09-27T23:49:08+00:00","og_image":[{"width":482,"height":342,"url":"https:\/\/coisasdegentepreta.com.br\/wp-content\/uploads\/2025\/09\/Imagem-do-WhatsApp-de-2025-09-27-as-15.23.26_85e2d626.jpg","type":"image\/jpeg"}],"twitter_card":"summary_large_image","twitter_site":"@cmmcomcoisasdegente","twitter_misc":{"Est. reading time":"3 minutes"},"schema":{"@context":"https:\/\/schema.org","@graph":[{"@type":"WebPage","@id":"https:\/\/coisasdegentepreta.com.br\/index.php\/por-que-os-brancos-se-organizam-melhor-politicamente\/","url":"https:\/\/coisasdegentepreta.com.br\/index.php\/por-que-os-brancos-se-organizam-melhor-politicamente\/","name":"Por que os brancos se organizam melhor politicamente? -","isPartOf":{"@id":"https:\/\/coisasdegentepreta.com.br\/#website"},"primaryImageOfPage":{"@id":"https:\/\/coisasdegentepreta.com.br\/index.php\/por-que-os-brancos-se-organizam-melhor-politicamente\/#primaryimage"},"image":{"@id":"https:\/\/coisasdegentepreta.com.br\/index.php\/por-que-os-brancos-se-organizam-melhor-politicamente\/#primaryimage"},"thumbnailUrl":"https:\/\/coisasdegentepreta.com.br\/wp-content\/uploads\/2025\/09\/Imagem-do-WhatsApp-de-2025-09-27-as-15.23.26_85e2d626.jpg","datePublished":"2025-09-27T23:43:21+00:00","dateModified":"2025-09-27T23:49:08+00:00","breadcrumb":{"@id":"https:\/\/coisasdegentepreta.com.br\/index.php\/por-que-os-brancos-se-organizam-melhor-politicamente\/#breadcrumb"},"inLanguage":"en-US","potentialAction":[{"@type":"ReadAction","target":["https:\/\/coisasdegentepreta.com.br\/index.php\/por-que-os-brancos-se-organizam-melhor-politicamente\/"]}]},{"@type":"ImageObject","inLanguage":"en-US","@id":"https:\/\/coisasdegentepreta.com.br\/index.php\/por-que-os-brancos-se-organizam-melhor-politicamente\/#primaryimage","url":"https:\/\/coisasdegentepreta.com.br\/wp-content\/uploads\/2025\/09\/Imagem-do-WhatsApp-de-2025-09-27-as-15.23.26_85e2d626.jpg","contentUrl":"https:\/\/coisasdegentepreta.com.br\/wp-content\/uploads\/2025\/09\/Imagem-do-WhatsApp-de-2025-09-27-as-15.23.26_85e2d626.jpg","width":482,"height":342},{"@type":"BreadcrumbList","@id":"https:\/\/coisasdegentepreta.com.br\/index.php\/por-que-os-brancos-se-organizam-melhor-politicamente\/#breadcrumb","itemListElement":[{"@type":"ListItem","position":1,"name":"ECMM","item":"https:\/\/coisasdegentepreta.com.br\/"},{"@type":"ListItem","position":2,"name":"Por que os brancos se organizam melhor politicamente?"}]},{"@type":"WebSite","@id":"https:\/\/coisasdegentepreta.com.br\/#website","url":"https:\/\/coisasdegentepreta.com.br\/","name":"https:\/\/coisasdegentepreta.com.br","description":"","publisher":{"@id":"https:\/\/coisasdegentepreta.com.br\/#organization"},"potentialAction":[{"@type":"SearchAction","target":{"@type":"EntryPoint","urlTemplate":"https:\/\/coisasdegentepreta.com.br\/?s={search_term_string}"},"query-input":{"@type":"PropertyValueSpecification","valueRequired":true,"valueName":"search_term_string"}}],"inLanguage":"en-US"},{"@type":"Organization","@id":"https:\/\/coisasdegentepreta.com.br\/#organization","name":"Espa\u00e7o de Capacita\u00e7\u00e3o M\u00e1rcio Madeira RJ","url":"https:\/\/coisasdegentepreta.com.br\/","logo":{"@type":"ImageObject","inLanguage":"en-US","@id":"https:\/\/coisasdegentepreta.com.br\/#\/schema\/logo\/image\/","url":"https:\/\/coisasdegentepreta.com.br\/wp-content\/uploads\/2023\/12\/logo-2.png","contentUrl":"https:\/\/coisasdegentepreta.com.br\/wp-content\/uploads\/2023\/12\/logo-2.png","width":2064,"height":1021,"caption":"Espa\u00e7o de Capacita\u00e7\u00e3o M\u00e1rcio Madeira RJ"},"image":{"@id":"https:\/\/coisasdegentepreta.com.br\/#\/schema\/logo\/image\/"},"sameAs":["https:\/\/facebook.com\/cmmcomcoisasdegente","https:\/\/x.com\/cmmcomcoisasdegente","https:\/\/instagram.com\/cmmcomcoisasdegente"]}]}},"_links":{"self":[{"href":"https:\/\/coisasdegentepreta.com.br\/index.php\/wp-json\/wp\/v2\/pages\/7255","targetHints":{"allow":["GET"]}}],"collection":[{"href":"https:\/\/coisasdegentepreta.com.br\/index.php\/wp-json\/wp\/v2\/pages"}],"about":[{"href":"https:\/\/coisasdegentepreta.com.br\/index.php\/wp-json\/wp\/v2\/types\/page"}],"author":[{"embeddable":true,"href":"https:\/\/coisasdegentepreta.com.br\/index.php\/wp-json\/wp\/v2\/users\/1"}],"replies":[{"embeddable":true,"href":"https:\/\/coisasdegentepreta.com.br\/index.php\/wp-json\/wp\/v2\/comments?post=7255"}],"version-history":[{"count":7,"href":"https:\/\/coisasdegentepreta.com.br\/index.php\/wp-json\/wp\/v2\/pages\/7255\/revisions"}],"predecessor-version":[{"id":7263,"href":"https:\/\/coisasdegentepreta.com.br\/index.php\/wp-json\/wp\/v2\/pages\/7255\/revisions\/7263"}],"wp:attachment":[{"href":"https:\/\/coisasdegentepreta.com.br\/index.php\/wp-json\/wp\/v2\/media?parent=7255"}],"curies":[{"name":"wp","href":"https:\/\/api.w.org\/{rel}","templated":true}]}}