{"id":5877,"date":"2025-05-28T16:55:33","date_gmt":"2025-05-28T19:55:33","guid":{"rendered":"https:\/\/coisasdegentepreta.com.br\/?page_id=5877"},"modified":"2025-05-29T00:03:32","modified_gmt":"2025-05-29T03:03:32","slug":"marina-silva-na-comissao-de-infraestrutura-do-senado","status":"publish","type":"page","link":"https:\/\/coisasdegentepreta.com.br\/index.php\/marina-silva-na-comissao-de-infraestrutura-do-senado\/","title":{"rendered":"Marina Silva na Comiss\u00e3o de Infraestrutura do Senado"},"content":{"rendered":"\t\t<div data-elementor-type=\"wp-page\" data-elementor-id=\"5877\" class=\"elementor elementor-5877\">\n\t\t\t\t<div class=\"elementor-element elementor-element-33a3825 e-flex e-con-boxed e-con e-parent\" data-id=\"33a3825\" data-element_type=\"container\" data-settings=\"{&quot;background_background&quot;:&quot;classic&quot;}\">\n\t\t\t\t\t<div class=\"e-con-inner\">\n\t\t\t\t<div class=\"elementor-element elementor-element-99bff9e elementor-widget__width-initial elementor-widget elementor-widget-heading\" data-id=\"99bff9e\" data-element_type=\"widget\" data-widget_type=\"heading.default\">\n\t\t\t\t<div class=\"elementor-widget-container\">\n\t\t\t\t\t<h4 class=\"elementor-heading-title elementor-size-default\">Pol\u00edtica<\/h4>\t\t\t\t<\/div>\n\t\t\t\t<\/div>\n\t\t\t\t\t<\/div>\n\t\t\t\t<\/div>\n\t\t<div class=\"elementor-element elementor-element-71eac4c e-flex e-con-boxed e-con e-parent\" data-id=\"71eac4c\" data-element_type=\"container\" data-settings=\"{&quot;background_background&quot;:&quot;classic&quot;}\">\n\t\t\t\t\t<div class=\"e-con-inner\">\n\t\t\t\t<div class=\"elementor-element elementor-element-70c5951 elementor-widget elementor-widget-heading\" data-id=\"70c5951\" data-element_type=\"widget\" data-widget_type=\"heading.default\">\n\t\t\t\t<div class=\"elementor-widget-container\">\n\t\t\t\t\t<h4 class=\"elementor-heading-title elementor-size-default\">O Instituto Coisas de Gente Preta se solidariza com a Ministra Marina Silva<\/h4>\t\t\t\t<\/div>\n\t\t\t\t<\/div>\n\t\t\t\t\t<\/div>\n\t\t\t\t<\/div>\n\t\t<div class=\"elementor-element elementor-element-9f5553a e-flex e-con-boxed e-con e-parent\" data-id=\"9f5553a\" data-element_type=\"container\" data-settings=\"{&quot;background_background&quot;:&quot;classic&quot;}\">\n\t\t\t\t\t<div class=\"e-con-inner\">\n\t\t<div class=\"elementor-element elementor-element-1164dac e-con-full e-flex e-con e-child\" data-id=\"1164dac\" data-element_type=\"container\">\n\t\t\t\t<div class=\"elementor-element elementor-element-1bf0dd8 elementor-widget elementor-widget-image\" data-id=\"1bf0dd8\" data-element_type=\"widget\" data-widget_type=\"image.default\">\n\t\t\t\t<div class=\"elementor-widget-container\">\n\t\t\t\t\t\t\t\t\t\t\t\t\t\t\t<img fetchpriority=\"high\" decoding=\"async\" width=\"1024\" height=\"1024\" src=\"https:\/\/coisasdegentepreta.com.br\/wp-content\/uploads\/2025\/05\/Imagem-do-WhatsApp-de-2025-05-28-as-21.41.57_121f233e-1024x1024.jpg\" class=\"attachment-large size-large wp-image-5922\" alt=\"\" srcset=\"https:\/\/coisasdegentepreta.com.br\/wp-content\/uploads\/2025\/05\/Imagem-do-WhatsApp-de-2025-05-28-as-21.41.57_121f233e-1024x1024.jpg 1024w, https:\/\/coisasdegentepreta.com.br\/wp-content\/uploads\/2025\/05\/Imagem-do-WhatsApp-de-2025-05-28-as-21.41.57_121f233e-300x300.jpg 300w, https:\/\/coisasdegentepreta.com.br\/wp-content\/uploads\/2025\/05\/Imagem-do-WhatsApp-de-2025-05-28-as-21.41.57_121f233e-150x150.jpg 150w, https:\/\/coisasdegentepreta.com.br\/wp-content\/uploads\/2025\/05\/Imagem-do-WhatsApp-de-2025-05-28-as-21.41.57_121f233e-768x768.jpg 768w, https:\/\/coisasdegentepreta.com.br\/wp-content\/uploads\/2025\/05\/Imagem-do-WhatsApp-de-2025-05-28-as-21.41.57_121f233e-600x600.jpg 600w, https:\/\/coisasdegentepreta.com.br\/wp-content\/uploads\/2025\/05\/Imagem-do-WhatsApp-de-2025-05-28-as-21.41.57_121f233e-100x100.jpg 100w, https:\/\/coisasdegentepreta.com.br\/wp-content\/uploads\/2025\/05\/Imagem-do-WhatsApp-de-2025-05-28-as-21.41.57_121f233e.jpg 1080w\" sizes=\"(max-width: 1024px) 100vw, 1024px\" \/>\t\t\t\t\t\t\t\t\t\t\t\t\t\t\t<\/div>\n\t\t\t\t<\/div>\n\t\t\t\t<\/div>\n\t\t<div class=\"elementor-element elementor-element-c93ea28 e-con-full e-flex e-con e-child\" data-id=\"c93ea28\" data-element_type=\"container\" data-settings=\"{&quot;background_background&quot;:&quot;classic&quot;}\">\n\t\t\t\t<div class=\"elementor-element elementor-element-e7c047b elementor-widget elementor-widget-text-editor\" data-id=\"e7c047b\" data-element_type=\"widget\" data-widget_type=\"text-editor.default\">\n\t\t\t\t<div class=\"elementor-widget-container\">\n\t\t\t\t\t\t\t\t\t<p>H\u00e1 quem ainda se espante quando uma mulher negra ergue a voz. Mais ainda quando ela n\u00e3o apenas fala \u2014 mas confronta, resiste e governa.<\/p><p>E foi exatamente isso que vimos nesta ter\u00e7a-feira (27): uma Ministra de Estado, amaz\u00f4nida, com d\u00e9cadas de luta no corpo e na palavra, sendo atacada por ousar n\u00e3o se calar.<\/p><p>O que aconteceu com Marina Silva na Comiss\u00e3o de Infraestrutura do Senado n\u00e3o foi um debate acalorado. Foi um espet\u00e1culo vergonhoso de misoginia, racismo e viol\u00eancia pol\u00edtica.<\/p><p>Cortar seu microfone foi tentar cortar sua exist\u00eancia. Dizer que ela deveria \u201cse colocar no seu lugar\u201d foi tentar empurr\u00e1-la de volta para um lugar que n\u00f3s, mulheres negras, custamos a sair: o da invisibilidade, da submiss\u00e3o, do sil\u00eancio.<\/p><p>Mas Marina respondeu com altivez, como sempre fez. E eu estou com ela!<br \/>N\u00e3o \u00e9 novidade que, quando uma mulher negra ocupa uma cadeira de poder, muitos tentam puxar o tapete.<\/p><p>Quando ela ocupa essa cadeira com firmeza e \u00e9tica, a rea\u00e7\u00e3o \u00e9 ainda mais violenta. Porque representamos n\u00e3o apenas a ruptura \u2014 mas a possibilidade de um pa\u00eds diferente.<\/p><p>Repudio com veem\u00eancia o tratamento dispensado \u00e0 ministra do Meio Ambiente. E deixo aqui o registro: toda vez que tentarem calar uma de n\u00f3s, haver\u00e1 muitas outras para continuar dizendo.<\/p><p>Nosso lugar \u00e9 onde decidimos estar \u2014 e que fique claro: n\u00e3o voltaremos para o fundo da sala.<br \/>Seguiremos. Altas, negras, preparadas \u2014 e determinadas a fazer valer a voz que herdamos de tantas que vieram antes.<\/p><p>Dra M\u00f4nica Alexandre<br \/>Vice-Presidente da CAARJ\/ Exclusivo para Instituto Coisas de Gente Preta<\/p>\t\t\t\t\t\t\t\t<\/div>\n\t\t\t\t<\/div>\n\t\t\t\t<\/div>\n\t\t\t\t\t<\/div>\n\t\t\t\t<\/div>\n\t\t\t\t<\/div>\n\t\t","protected":false},"excerpt":{"rendered":"<p>Pol\u00edtica O Instituto Coisas de Gente Preta se solidariza com a Ministra Marina Silva H\u00e1 quem ainda se espante quando uma mulher negra ergue a voz. Mais ainda quando ela n\u00e3o apenas fala \u2014 mas confronta, resiste e governa. E foi exatamente isso que vimos nesta ter\u00e7a-feira (27): uma Ministra de Estado, amaz\u00f4nida, com d\u00e9cadas &hellip;<\/p>\n<p class=\"read-more\"> <a class=\"\" href=\"https:\/\/coisasdegentepreta.com.br\/index.php\/marina-silva-na-comissao-de-infraestrutura-do-senado\/\"> <span class=\"screen-reader-text\">Marina Silva na Comiss\u00e3o de Infraestrutura do Senado<\/span> Read More &raquo;<\/a><\/p>\n","protected":false},"author":1,"featured_media":0,"parent":0,"menu_order":0,"comment_status":"closed","ping_status":"closed","template":"","meta":{"site-sidebar-layout":"no-sidebar","site-content-layout":"","ast-site-content-layout":"full-width-container","site-content-style":"default","site-sidebar-style":"default","ast-global-header-display":"","ast-banner-title-visibility":"","ast-main-header-display":"","ast-hfb-above-header-display":"","ast-hfb-below-header-display":"","ast-hfb-mobile-header-display":"","site-post-title":"disabled","ast-breadcrumbs-content":"","ast-featured-img":"disabled","footer-sml-layout":"","theme-transparent-header-meta":"","adv-header-id-meta":"","stick-header-meta":"","header-above-stick-meta":"","header-main-stick-meta":"","header-below-stick-meta":"","astra-migrate-meta-layouts":"default","ast-page-background-enabled":"default","ast-page-background-meta":{"desktop":{"background-color":"var(--ast-global-color-4)","background-image":"","background-repeat":"repeat","background-position":"center center","background-size":"auto","background-attachment":"scroll","background-type":"","background-media":"","overlay-type":"","overlay-color":"","overlay-gradient":""},"tablet":{"background-color":"","background-image":"","background-repeat":"repeat","background-position":"center center","background-size":"auto","background-attachment":"scroll","background-type":"","background-media":"","overlay-type":"","overlay-color":"","overlay-gradient":""},"mobile":{"background-color":"","background-image":"","background-repeat":"repeat","background-position":"center center","background-size":"auto","background-attachment":"scroll","background-type":"","background-media":"","overlay-type":"","overlay-color":"","overlay-gradient":""}},"ast-content-background-meta":{"desktop":{"background-color":"var(--ast-global-color-5)","background-image":"","background-repeat":"repeat","background-position":"center center","background-size":"auto","background-attachment":"scroll","background-type":"","background-media":"","overlay-type":"","overlay-color":"","overlay-gradient":""},"tablet":{"background-color":"var(--ast-global-color-5)","background-image":"","background-repeat":"repeat","background-position":"center center","background-size":"auto","background-attachment":"scroll","background-type":"","background-media":"","overlay-type":"","overlay-color":"","overlay-gradient":""},"mobile":{"background-color":"var(--ast-global-color-5)","background-image":"","background-repeat":"repeat","background-position":"center center","background-size":"auto","background-attachment":"scroll","background-type":"","background-media":"","overlay-type":"","overlay-color":"","overlay-gradient":""}},"footnotes":""},"class_list":["post-5877","page","type-page","status-publish","hentry"],"yoast_head":"<!-- This site is optimized with the Yoast SEO plugin v24.2 - https:\/\/yoast.com\/wordpress\/plugins\/seo\/ -->\n<title>Marina Silva na Comiss\u00e3o de Infraestrutura do Senado -<\/title>\n<meta name=\"robots\" content=\"index, follow, max-snippet:-1, max-image-preview:large, max-video-preview:-1\" \/>\n<link rel=\"canonical\" href=\"https:\/\/coisasdegentepreta.com.br\/index.php\/marina-silva-na-comissao-de-infraestrutura-do-senado\/\" \/>\n<meta property=\"og:locale\" content=\"en_US\" \/>\n<meta property=\"og:type\" content=\"article\" \/>\n<meta property=\"og:title\" content=\"Marina Silva na Comiss\u00e3o de Infraestrutura do Senado -\" \/>\n<meta property=\"og:description\" content=\"Pol\u00edtica O Instituto Coisas de Gente Preta se solidariza com a Ministra Marina Silva H\u00e1 quem ainda se espante quando uma mulher negra ergue a voz. Mais ainda quando ela n\u00e3o apenas fala \u2014 mas confronta, resiste e governa. E foi exatamente isso que vimos nesta ter\u00e7a-feira (27): uma Ministra de Estado, amaz\u00f4nida, com d\u00e9cadas &hellip; Marina Silva na Comiss\u00e3o de Infraestrutura do Senado Read More &raquo;\" \/>\n<meta property=\"og:url\" content=\"https:\/\/coisasdegentepreta.com.br\/index.php\/marina-silva-na-comissao-de-infraestrutura-do-senado\/\" \/>\n<meta property=\"article:publisher\" content=\"https:\/\/facebook.com\/cmmcomcoisasdegente\" \/>\n<meta property=\"article:modified_time\" content=\"2025-05-29T03:03:32+00:00\" \/>\n<meta property=\"og:image\" content=\"https:\/\/coisasdegentepreta.com.br\/wp-content\/uploads\/2025\/05\/Imagem-do-WhatsApp-de-2025-05-28-as-21.41.57_121f233e.jpg\" \/>\n\t<meta property=\"og:image:width\" content=\"1080\" \/>\n\t<meta property=\"og:image:height\" content=\"1080\" \/>\n\t<meta property=\"og:image:type\" content=\"image\/jpeg\" \/>\n<meta name=\"twitter:card\" content=\"summary_large_image\" \/>\n<meta name=\"twitter:site\" content=\"@cmmcomcoisasdegente\" \/>\n<meta name=\"twitter:label1\" content=\"Est. reading time\" \/>\n\t<meta name=\"twitter:data1\" content=\"2 minutes\" \/>\n<script type=\"application\/ld+json\" class=\"yoast-schema-graph\">{\"@context\":\"https:\/\/schema.org\",\"@graph\":[{\"@type\":\"WebPage\",\"@id\":\"https:\/\/coisasdegentepreta.com.br\/index.php\/marina-silva-na-comissao-de-infraestrutura-do-senado\/\",\"url\":\"https:\/\/coisasdegentepreta.com.br\/index.php\/marina-silva-na-comissao-de-infraestrutura-do-senado\/\",\"name\":\"Marina Silva na Comiss\u00e3o de Infraestrutura do Senado -\",\"isPartOf\":{\"@id\":\"https:\/\/coisasdegentepreta.com.br\/#website\"},\"primaryImageOfPage\":{\"@id\":\"https:\/\/coisasdegentepreta.com.br\/index.php\/marina-silva-na-comissao-de-infraestrutura-do-senado\/#primaryimage\"},\"image\":{\"@id\":\"https:\/\/coisasdegentepreta.com.br\/index.php\/marina-silva-na-comissao-de-infraestrutura-do-senado\/#primaryimage\"},\"thumbnailUrl\":\"https:\/\/coisasdegentepreta.com.br\/wp-content\/uploads\/2025\/05\/Imagem-do-WhatsApp-de-2025-05-28-as-21.41.57_121f233e-1024x1024.jpg\",\"datePublished\":\"2025-05-28T19:55:33+00:00\",\"dateModified\":\"2025-05-29T03:03:32+00:00\",\"breadcrumb\":{\"@id\":\"https:\/\/coisasdegentepreta.com.br\/index.php\/marina-silva-na-comissao-de-infraestrutura-do-senado\/#breadcrumb\"},\"inLanguage\":\"en-US\",\"potentialAction\":[{\"@type\":\"ReadAction\",\"target\":[\"https:\/\/coisasdegentepreta.com.br\/index.php\/marina-silva-na-comissao-de-infraestrutura-do-senado\/\"]}]},{\"@type\":\"ImageObject\",\"inLanguage\":\"en-US\",\"@id\":\"https:\/\/coisasdegentepreta.com.br\/index.php\/marina-silva-na-comissao-de-infraestrutura-do-senado\/#primaryimage\",\"url\":\"https:\/\/coisasdegentepreta.com.br\/wp-content\/uploads\/2025\/05\/Imagem-do-WhatsApp-de-2025-05-28-as-21.41.57_121f233e.jpg\",\"contentUrl\":\"https:\/\/coisasdegentepreta.com.br\/wp-content\/uploads\/2025\/05\/Imagem-do-WhatsApp-de-2025-05-28-as-21.41.57_121f233e.jpg\",\"width\":1080,\"height\":1080},{\"@type\":\"BreadcrumbList\",\"@id\":\"https:\/\/coisasdegentepreta.com.br\/index.php\/marina-silva-na-comissao-de-infraestrutura-do-senado\/#breadcrumb\",\"itemListElement\":[{\"@type\":\"ListItem\",\"position\":1,\"name\":\"ECMM\",\"item\":\"https:\/\/coisasdegentepreta.com.br\/\"},{\"@type\":\"ListItem\",\"position\":2,\"name\":\"Marina Silva na Comiss\u00e3o de Infraestrutura do Senado\"}]},{\"@type\":\"WebSite\",\"@id\":\"https:\/\/coisasdegentepreta.com.br\/#website\",\"url\":\"https:\/\/coisasdegentepreta.com.br\/\",\"name\":\"https:\/\/coisasdegentepreta.com.br\",\"description\":\"\",\"publisher\":{\"@id\":\"https:\/\/coisasdegentepreta.com.br\/#organization\"},\"potentialAction\":[{\"@type\":\"SearchAction\",\"target\":{\"@type\":\"EntryPoint\",\"urlTemplate\":\"https:\/\/coisasdegentepreta.com.br\/?s={search_term_string}\"},\"query-input\":{\"@type\":\"PropertyValueSpecification\",\"valueRequired\":true,\"valueName\":\"search_term_string\"}}],\"inLanguage\":\"en-US\"},{\"@type\":\"Organization\",\"@id\":\"https:\/\/coisasdegentepreta.com.br\/#organization\",\"name\":\"Espa\u00e7o de Capacita\u00e7\u00e3o M\u00e1rcio Madeira RJ\",\"url\":\"https:\/\/coisasdegentepreta.com.br\/\",\"logo\":{\"@type\":\"ImageObject\",\"inLanguage\":\"en-US\",\"@id\":\"https:\/\/coisasdegentepreta.com.br\/#\/schema\/logo\/image\/\",\"url\":\"https:\/\/coisasdegentepreta.com.br\/wp-content\/uploads\/2023\/12\/logo-2.png\",\"contentUrl\":\"https:\/\/coisasdegentepreta.com.br\/wp-content\/uploads\/2023\/12\/logo-2.png\",\"width\":2064,\"height\":1021,\"caption\":\"Espa\u00e7o de Capacita\u00e7\u00e3o M\u00e1rcio Madeira RJ\"},\"image\":{\"@id\":\"https:\/\/coisasdegentepreta.com.br\/#\/schema\/logo\/image\/\"},\"sameAs\":[\"https:\/\/facebook.com\/cmmcomcoisasdegente\",\"https:\/\/x.com\/cmmcomcoisasdegente\",\"https:\/\/instagram.com\/cmmcomcoisasdegente\"]}]}<\/script>\n<!-- \/ Yoast SEO plugin. -->","yoast_head_json":{"title":"Marina Silva na Comiss\u00e3o de Infraestrutura do Senado -","robots":{"index":"index","follow":"follow","max-snippet":"max-snippet:-1","max-image-preview":"max-image-preview:large","max-video-preview":"max-video-preview:-1"},"canonical":"https:\/\/coisasdegentepreta.com.br\/index.php\/marina-silva-na-comissao-de-infraestrutura-do-senado\/","og_locale":"en_US","og_type":"article","og_title":"Marina Silva na Comiss\u00e3o de Infraestrutura do Senado -","og_description":"Pol\u00edtica O Instituto Coisas de Gente Preta se solidariza com a Ministra Marina Silva H\u00e1 quem ainda se espante quando uma mulher negra ergue a voz. Mais ainda quando ela n\u00e3o apenas fala \u2014 mas confronta, resiste e governa. E foi exatamente isso que vimos nesta ter\u00e7a-feira (27): uma Ministra de Estado, amaz\u00f4nida, com d\u00e9cadas &hellip; Marina Silva na Comiss\u00e3o de Infraestrutura do Senado Read More &raquo;","og_url":"https:\/\/coisasdegentepreta.com.br\/index.php\/marina-silva-na-comissao-de-infraestrutura-do-senado\/","article_publisher":"https:\/\/facebook.com\/cmmcomcoisasdegente","article_modified_time":"2025-05-29T03:03:32+00:00","og_image":[{"width":1080,"height":1080,"url":"https:\/\/coisasdegentepreta.com.br\/wp-content\/uploads\/2025\/05\/Imagem-do-WhatsApp-de-2025-05-28-as-21.41.57_121f233e.jpg","type":"image\/jpeg"}],"twitter_card":"summary_large_image","twitter_site":"@cmmcomcoisasdegente","twitter_misc":{"Est. reading time":"2 minutes"},"schema":{"@context":"https:\/\/schema.org","@graph":[{"@type":"WebPage","@id":"https:\/\/coisasdegentepreta.com.br\/index.php\/marina-silva-na-comissao-de-infraestrutura-do-senado\/","url":"https:\/\/coisasdegentepreta.com.br\/index.php\/marina-silva-na-comissao-de-infraestrutura-do-senado\/","name":"Marina Silva na Comiss\u00e3o de Infraestrutura do Senado -","isPartOf":{"@id":"https:\/\/coisasdegentepreta.com.br\/#website"},"primaryImageOfPage":{"@id":"https:\/\/coisasdegentepreta.com.br\/index.php\/marina-silva-na-comissao-de-infraestrutura-do-senado\/#primaryimage"},"image":{"@id":"https:\/\/coisasdegentepreta.com.br\/index.php\/marina-silva-na-comissao-de-infraestrutura-do-senado\/#primaryimage"},"thumbnailUrl":"https:\/\/coisasdegentepreta.com.br\/wp-content\/uploads\/2025\/05\/Imagem-do-WhatsApp-de-2025-05-28-as-21.41.57_121f233e-1024x1024.jpg","datePublished":"2025-05-28T19:55:33+00:00","dateModified":"2025-05-29T03:03:32+00:00","breadcrumb":{"@id":"https:\/\/coisasdegentepreta.com.br\/index.php\/marina-silva-na-comissao-de-infraestrutura-do-senado\/#breadcrumb"},"inLanguage":"en-US","potentialAction":[{"@type":"ReadAction","target":["https:\/\/coisasdegentepreta.com.br\/index.php\/marina-silva-na-comissao-de-infraestrutura-do-senado\/"]}]},{"@type":"ImageObject","inLanguage":"en-US","@id":"https:\/\/coisasdegentepreta.com.br\/index.php\/marina-silva-na-comissao-de-infraestrutura-do-senado\/#primaryimage","url":"https:\/\/coisasdegentepreta.com.br\/wp-content\/uploads\/2025\/05\/Imagem-do-WhatsApp-de-2025-05-28-as-21.41.57_121f233e.jpg","contentUrl":"https:\/\/coisasdegentepreta.com.br\/wp-content\/uploads\/2025\/05\/Imagem-do-WhatsApp-de-2025-05-28-as-21.41.57_121f233e.jpg","width":1080,"height":1080},{"@type":"BreadcrumbList","@id":"https:\/\/coisasdegentepreta.com.br\/index.php\/marina-silva-na-comissao-de-infraestrutura-do-senado\/#breadcrumb","itemListElement":[{"@type":"ListItem","position":1,"name":"ECMM","item":"https:\/\/coisasdegentepreta.com.br\/"},{"@type":"ListItem","position":2,"name":"Marina Silva na Comiss\u00e3o de Infraestrutura do Senado"}]},{"@type":"WebSite","@id":"https:\/\/coisasdegentepreta.com.br\/#website","url":"https:\/\/coisasdegentepreta.com.br\/","name":"https:\/\/coisasdegentepreta.com.br","description":"","publisher":{"@id":"https:\/\/coisasdegentepreta.com.br\/#organization"},"potentialAction":[{"@type":"SearchAction","target":{"@type":"EntryPoint","urlTemplate":"https:\/\/coisasdegentepreta.com.br\/?s={search_term_string}"},"query-input":{"@type":"PropertyValueSpecification","valueRequired":true,"valueName":"search_term_string"}}],"inLanguage":"en-US"},{"@type":"Organization","@id":"https:\/\/coisasdegentepreta.com.br\/#organization","name":"Espa\u00e7o de Capacita\u00e7\u00e3o M\u00e1rcio Madeira RJ","url":"https:\/\/coisasdegentepreta.com.br\/","logo":{"@type":"ImageObject","inLanguage":"en-US","@id":"https:\/\/coisasdegentepreta.com.br\/#\/schema\/logo\/image\/","url":"https:\/\/coisasdegentepreta.com.br\/wp-content\/uploads\/2023\/12\/logo-2.png","contentUrl":"https:\/\/coisasdegentepreta.com.br\/wp-content\/uploads\/2023\/12\/logo-2.png","width":2064,"height":1021,"caption":"Espa\u00e7o de Capacita\u00e7\u00e3o M\u00e1rcio Madeira RJ"},"image":{"@id":"https:\/\/coisasdegentepreta.com.br\/#\/schema\/logo\/image\/"},"sameAs":["https:\/\/facebook.com\/cmmcomcoisasdegente","https:\/\/x.com\/cmmcomcoisasdegente","https:\/\/instagram.com\/cmmcomcoisasdegente"]}]}},"_links":{"self":[{"href":"https:\/\/coisasdegentepreta.com.br\/index.php\/wp-json\/wp\/v2\/pages\/5877","targetHints":{"allow":["GET"]}}],"collection":[{"href":"https:\/\/coisasdegentepreta.com.br\/index.php\/wp-json\/wp\/v2\/pages"}],"about":[{"href":"https:\/\/coisasdegentepreta.com.br\/index.php\/wp-json\/wp\/v2\/types\/page"}],"author":[{"embeddable":true,"href":"https:\/\/coisasdegentepreta.com.br\/index.php\/wp-json\/wp\/v2\/users\/1"}],"replies":[{"embeddable":true,"href":"https:\/\/coisasdegentepreta.com.br\/index.php\/wp-json\/wp\/v2\/comments?post=5877"}],"version-history":[{"count":7,"href":"https:\/\/coisasdegentepreta.com.br\/index.php\/wp-json\/wp\/v2\/pages\/5877\/revisions"}],"predecessor-version":[{"id":5925,"href":"https:\/\/coisasdegentepreta.com.br\/index.php\/wp-json\/wp\/v2\/pages\/5877\/revisions\/5925"}],"wp:attachment":[{"href":"https:\/\/coisasdegentepreta.com.br\/index.php\/wp-json\/wp\/v2\/media?parent=5877"}],"curies":[{"name":"wp","href":"https:\/\/api.w.org\/{rel}","templated":true}]}}