{"id":5559,"date":"2025-05-13T20:06:47","date_gmt":"2025-05-13T23:06:47","guid":{"rendered":"https:\/\/coisasdegentepreta.com.br\/?page_id=5559"},"modified":"2025-05-14T15:43:39","modified_gmt":"2025-05-14T18:43:39","slug":"audiencia-publica-rio-de-liberdades","status":"publish","type":"page","link":"https:\/\/coisasdegentepreta.com.br\/index.php\/audiencia-publica-rio-de-liberdades\/","title":{"rendered":"Audi\u00eancia P\u00fablica | Rio de Liberdades"},"content":{"rendered":"\t\t<div data-elementor-type=\"wp-page\" data-elementor-id=\"5559\" class=\"elementor elementor-5559\">\n\t\t\t\t<div class=\"elementor-element elementor-element-23c95df e-flex e-con-boxed e-con e-parent\" data-id=\"23c95df\" data-element_type=\"container\" data-settings=\"{&quot;background_background&quot;:&quot;classic&quot;}\">\n\t\t\t\t\t<div class=\"e-con-inner\">\n\t\t\t\t<div class=\"elementor-element elementor-element-51a1f0b elementor-widget__width-initial elementor-widget elementor-widget-heading\" data-id=\"51a1f0b\" data-element_type=\"widget\" data-widget_type=\"heading.default\">\n\t\t\t\t<div class=\"elementor-widget-container\">\n\t\t\t\t\t<h4 class=\"elementor-heading-title elementor-size-default\">Pol\u00edtica<\/h4>\t\t\t\t<\/div>\n\t\t\t\t<\/div>\n\t\t\t\t\t<\/div>\n\t\t\t\t<\/div>\n\t\t<div class=\"elementor-element elementor-element-56332ee e-flex e-con-boxed e-con e-parent\" data-id=\"56332ee\" data-element_type=\"container\" data-settings=\"{&quot;background_background&quot;:&quot;classic&quot;}\">\n\t\t\t\t\t<div class=\"e-con-inner\">\n\t\t\t\t<div class=\"elementor-element elementor-element-977f09e elementor-widget elementor-widget-heading\" data-id=\"977f09e\" data-element_type=\"widget\" data-widget_type=\"heading.default\">\n\t\t\t\t<div class=\"elementor-widget-container\">\n\t\t\t\t\t<h4 class=\"elementor-heading-title elementor-size-default\">Babalaw\u00f4 Ivanir dos Santos discursa sobre intoler\u00e2ncia religiosa<\/h4>\t\t\t\t<\/div>\n\t\t\t\t<\/div>\n\t\t\t\t\t<\/div>\n\t\t\t\t<\/div>\n\t\t<div class=\"elementor-element elementor-element-527e77f e-flex e-con-boxed e-con e-parent\" data-id=\"527e77f\" data-element_type=\"container\" data-settings=\"{&quot;background_background&quot;:&quot;classic&quot;}\">\n\t\t\t\t\t<div class=\"e-con-inner\">\n\t\t\t\t<div class=\"elementor-element elementor-element-9fa6c96 elementor-widget__width-initial elementor-widget elementor-widget-video\" data-id=\"9fa6c96\" data-element_type=\"widget\" data-settings=\"{&quot;video_type&quot;:&quot;hosted&quot;,&quot;controls&quot;:&quot;yes&quot;}\" data-widget_type=\"video.default\">\n\t\t\t\t<div class=\"elementor-widget-container\">\n\t\t\t\t\t\t\t<div class=\"e-hosted-video elementor-wrapper elementor-open-inline\">\n\t\t\t\t\t<video class=\"elementor-video\" src=\"https:\/\/coisasdegentepreta.com.br\/wp-content\/uploads\/2025\/05\/WhatsApp-Video-2025-05-13-at-16.52.24.mp4\" controls=\"\" preload=\"metadata\" controlsList=\"nodownload\"><\/video>\n\t\t\t\t<\/div>\n\t\t\t\t\t\t<\/div>\n\t\t\t\t<\/div>\n\t\t\t\t<div class=\"elementor-element elementor-element-cde187a elementor-widget elementor-widget-text-editor\" data-id=\"cde187a\" data-element_type=\"widget\" data-widget_type=\"text-editor.default\">\n\t\t\t\t<div class=\"elementor-widget-container\">\n\t\t\t\t\t\t\t\t\t<p>Audi\u00eancia P\u00fablica | Rio de Liberdades.<\/p><p>Durante a audi\u00eancia p\u00fablica realizada na<br \/>Cinel\u00e2ndia, reafirmei algo que repito h\u00e1 anos e que se faz cada vez mais urgente: n\u00e3o h\u00e1 como debater intoler\u00e2ncia religiosa, viol\u00eancia contra os nossos e racismo estrutural sem compreender o cen\u00e1rio pol\u00edtico em que estamos inseridos.<\/p><p>As opress\u00f5es que vivemos n\u00e3o s\u00e3o frutos do acaso<br \/>&#8211; elas s\u00e3o parte de um sistema organizado, que se alimenta do sil\u00eancio e da omiss\u00e3o. E \u00e9 exatamente por isso que eventos como esse s\u00e3o fundamentais: para romper o sil\u00eancio, para afirmar que nossas vidas, nossas f\u00e9s e nossas vozes n\u00e3o ser\u00e3o apagadas.<\/p><p>Ver a Pra\u00e7a da Cinel\u00e2ndia novamente ocupada por lideran\u00e7as religiosas, movimentos sociais, juventudes e representantes de diferentes tradi\u00e7\u00f5es \u00e9 a prova de que seguimos vivos, atentos e mobilizados. A f\u00e9 de matriz africana n\u00e3o se cala. A negritude brasileira e africana n\u00e3o se separa. E a luta contra a viol\u00eancia de Estado \u00e9 nossa luta coletiva.<\/p><p>N\u00e3o se combate intoler\u00e2ncia sem pol\u00edtica p\u00fablica, sem responsabilidade institucional e sem compromisso com a justi\u00e7a. Que essa audi\u00eancia seja mais do que simb\u00f3lica &#8211; que seja semente de mudan\u00e7as concretas.<\/p><p>Seguimos firmes, com ax\u00e9 e com lucidez.<\/p>\t\t\t\t\t\t\t\t<\/div>\n\t\t\t\t<\/div>\n\t\t\t\t\t<\/div>\n\t\t\t\t<\/div>\n\t\t\t\t<\/div>\n\t\t","protected":false},"excerpt":{"rendered":"<p>Pol\u00edtica Babalaw\u00f4 Ivanir dos Santos discursa sobre intoler\u00e2ncia religiosa https:\/\/coisasdegentepreta.com.br\/wp-content\/uploads\/2025\/05\/WhatsApp-Video-2025-05-13-at-16.52.24.mp4 Audi\u00eancia P\u00fablica | Rio de Liberdades. Durante a audi\u00eancia p\u00fablica realizada naCinel\u00e2ndia, reafirmei algo que repito h\u00e1 anos e que se faz cada vez mais urgente: n\u00e3o h\u00e1 como debater intoler\u00e2ncia religiosa, viol\u00eancia contra os nossos e racismo estrutural sem compreender o cen\u00e1rio pol\u00edtico em &hellip;<\/p>\n<p class=\"read-more\"> <a class=\"\" href=\"https:\/\/coisasdegentepreta.com.br\/index.php\/audiencia-publica-rio-de-liberdades\/\"> <span class=\"screen-reader-text\">Audi\u00eancia P\u00fablica | Rio de Liberdades<\/span> Read More &raquo;<\/a><\/p>\n","protected":false},"author":1,"featured_media":0,"parent":0,"menu_order":0,"comment_status":"closed","ping_status":"closed","template":"","meta":{"site-sidebar-layout":"no-sidebar","site-content-layout":"","ast-site-content-layout":"full-width-container","site-content-style":"default","site-sidebar-style":"default","ast-global-header-display":"","ast-banner-title-visibility":"","ast-main-header-display":"","ast-hfb-above-header-display":"","ast-hfb-below-header-display":"","ast-hfb-mobile-header-display":"","site-post-title":"disabled","ast-breadcrumbs-content":"","ast-featured-img":"disabled","footer-sml-layout":"","theme-transparent-header-meta":"","adv-header-id-meta":"","stick-header-meta":"","header-above-stick-meta":"","header-main-stick-meta":"","header-below-stick-meta":"","astra-migrate-meta-layouts":"default","ast-page-background-enabled":"default","ast-page-background-meta":{"desktop":{"background-color":"var(--ast-global-color-4)","background-image":"","background-repeat":"repeat","background-position":"center center","background-size":"auto","background-attachment":"scroll","background-type":"","background-media":"","overlay-type":"","overlay-color":"","overlay-gradient":""},"tablet":{"background-color":"","background-image":"","background-repeat":"repeat","background-position":"center center","background-size":"auto","background-attachment":"scroll","background-type":"","background-media":"","overlay-type":"","overlay-color":"","overlay-gradient":""},"mobile":{"background-color":"","background-image":"","background-repeat":"repeat","background-position":"center center","background-size":"auto","background-attachment":"scroll","background-type":"","background-media":"","overlay-type":"","overlay-color":"","overlay-gradient":""}},"ast-content-background-meta":{"desktop":{"background-color":"var(--ast-global-color-5)","background-image":"","background-repeat":"repeat","background-position":"center center","background-size":"auto","background-attachment":"scroll","background-type":"","background-media":"","overlay-type":"","overlay-color":"","overlay-gradient":""},"tablet":{"background-color":"var(--ast-global-color-5)","background-image":"","background-repeat":"repeat","background-position":"center center","background-size":"auto","background-attachment":"scroll","background-type":"","background-media":"","overlay-type":"","overlay-color":"","overlay-gradient":""},"mobile":{"background-color":"var(--ast-global-color-5)","background-image":"","background-repeat":"repeat","background-position":"center center","background-size":"auto","background-attachment":"scroll","background-type":"","background-media":"","overlay-type":"","overlay-color":"","overlay-gradient":""}},"footnotes":""},"class_list":["post-5559","page","type-page","status-publish","hentry"],"yoast_head":"<!-- This site is optimized with the Yoast SEO plugin v24.2 - https:\/\/yoast.com\/wordpress\/plugins\/seo\/ -->\n<title>Audi\u00eancia P\u00fablica | Rio de Liberdades -<\/title>\n<meta name=\"robots\" content=\"index, follow, max-snippet:-1, max-image-preview:large, max-video-preview:-1\" \/>\n<link rel=\"canonical\" href=\"https:\/\/coisasdegentepreta.com.br\/index.php\/audiencia-publica-rio-de-liberdades\/\" \/>\n<meta property=\"og:locale\" content=\"en_US\" \/>\n<meta property=\"og:type\" content=\"article\" \/>\n<meta property=\"og:title\" content=\"Audi\u00eancia P\u00fablica | Rio de Liberdades -\" \/>\n<meta property=\"og:description\" content=\"Pol\u00edtica Babalaw\u00f4 Ivanir dos Santos discursa sobre intoler\u00e2ncia religiosa https:\/\/coisasdegentepreta.com.br\/wp-content\/uploads\/2025\/05\/WhatsApp-Video-2025-05-13-at-16.52.24.mp4 Audi\u00eancia P\u00fablica | Rio de Liberdades. Durante a audi\u00eancia p\u00fablica realizada naCinel\u00e2ndia, reafirmei algo que repito h\u00e1 anos e que se faz cada vez mais urgente: n\u00e3o h\u00e1 como debater intoler\u00e2ncia religiosa, viol\u00eancia contra os nossos e racismo estrutural sem compreender o cen\u00e1rio pol\u00edtico em &hellip; Audi\u00eancia P\u00fablica | Rio de Liberdades Read More &raquo;\" \/>\n<meta property=\"og:url\" content=\"https:\/\/coisasdegentepreta.com.br\/index.php\/audiencia-publica-rio-de-liberdades\/\" \/>\n<meta property=\"article:publisher\" content=\"https:\/\/facebook.com\/cmmcomcoisasdegente\" \/>\n<meta property=\"article:modified_time\" content=\"2025-05-14T18:43:39+00:00\" \/>\n<meta name=\"twitter:card\" content=\"summary_large_image\" \/>\n<meta name=\"twitter:site\" content=\"@cmmcomcoisasdegente\" \/>\n<meta name=\"twitter:label1\" content=\"Est. reading time\" \/>\n\t<meta name=\"twitter:data1\" content=\"1 minute\" \/>\n<script type=\"application\/ld+json\" class=\"yoast-schema-graph\">{\"@context\":\"https:\/\/schema.org\",\"@graph\":[{\"@type\":\"WebPage\",\"@id\":\"https:\/\/coisasdegentepreta.com.br\/index.php\/audiencia-publica-rio-de-liberdades\/\",\"url\":\"https:\/\/coisasdegentepreta.com.br\/index.php\/audiencia-publica-rio-de-liberdades\/\",\"name\":\"Audi\u00eancia P\u00fablica | Rio de Liberdades -\",\"isPartOf\":{\"@id\":\"https:\/\/coisasdegentepreta.com.br\/#website\"},\"datePublished\":\"2025-05-13T23:06:47+00:00\",\"dateModified\":\"2025-05-14T18:43:39+00:00\",\"breadcrumb\":{\"@id\":\"https:\/\/coisasdegentepreta.com.br\/index.php\/audiencia-publica-rio-de-liberdades\/#breadcrumb\"},\"inLanguage\":\"en-US\",\"potentialAction\":[{\"@type\":\"ReadAction\",\"target\":[\"https:\/\/coisasdegentepreta.com.br\/index.php\/audiencia-publica-rio-de-liberdades\/\"]}]},{\"@type\":\"BreadcrumbList\",\"@id\":\"https:\/\/coisasdegentepreta.com.br\/index.php\/audiencia-publica-rio-de-liberdades\/#breadcrumb\",\"itemListElement\":[{\"@type\":\"ListItem\",\"position\":1,\"name\":\"ECMM\",\"item\":\"https:\/\/coisasdegentepreta.com.br\/\"},{\"@type\":\"ListItem\",\"position\":2,\"name\":\"Audi\u00eancia P\u00fablica | Rio de Liberdades\"}]},{\"@type\":\"WebSite\",\"@id\":\"https:\/\/coisasdegentepreta.com.br\/#website\",\"url\":\"https:\/\/coisasdegentepreta.com.br\/\",\"name\":\"https:\/\/coisasdegentepreta.com.br\",\"description\":\"\",\"publisher\":{\"@id\":\"https:\/\/coisasdegentepreta.com.br\/#organization\"},\"potentialAction\":[{\"@type\":\"SearchAction\",\"target\":{\"@type\":\"EntryPoint\",\"urlTemplate\":\"https:\/\/coisasdegentepreta.com.br\/?s={search_term_string}\"},\"query-input\":{\"@type\":\"PropertyValueSpecification\",\"valueRequired\":true,\"valueName\":\"search_term_string\"}}],\"inLanguage\":\"en-US\"},{\"@type\":\"Organization\",\"@id\":\"https:\/\/coisasdegentepreta.com.br\/#organization\",\"name\":\"Espa\u00e7o de Capacita\u00e7\u00e3o M\u00e1rcio Madeira RJ\",\"url\":\"https:\/\/coisasdegentepreta.com.br\/\",\"logo\":{\"@type\":\"ImageObject\",\"inLanguage\":\"en-US\",\"@id\":\"https:\/\/coisasdegentepreta.com.br\/#\/schema\/logo\/image\/\",\"url\":\"https:\/\/coisasdegentepreta.com.br\/wp-content\/uploads\/2023\/12\/logo-2.png\",\"contentUrl\":\"https:\/\/coisasdegentepreta.com.br\/wp-content\/uploads\/2023\/12\/logo-2.png\",\"width\":2064,\"height\":1021,\"caption\":\"Espa\u00e7o de Capacita\u00e7\u00e3o M\u00e1rcio Madeira RJ\"},\"image\":{\"@id\":\"https:\/\/coisasdegentepreta.com.br\/#\/schema\/logo\/image\/\"},\"sameAs\":[\"https:\/\/facebook.com\/cmmcomcoisasdegente\",\"https:\/\/x.com\/cmmcomcoisasdegente\",\"https:\/\/instagram.com\/cmmcomcoisasdegente\"]}]}<\/script>\n<!-- \/ Yoast SEO plugin. -->","yoast_head_json":{"title":"Audi\u00eancia P\u00fablica | Rio de Liberdades -","robots":{"index":"index","follow":"follow","max-snippet":"max-snippet:-1","max-image-preview":"max-image-preview:large","max-video-preview":"max-video-preview:-1"},"canonical":"https:\/\/coisasdegentepreta.com.br\/index.php\/audiencia-publica-rio-de-liberdades\/","og_locale":"en_US","og_type":"article","og_title":"Audi\u00eancia P\u00fablica | Rio de Liberdades -","og_description":"Pol\u00edtica Babalaw\u00f4 Ivanir dos Santos discursa sobre intoler\u00e2ncia religiosa https:\/\/coisasdegentepreta.com.br\/wp-content\/uploads\/2025\/05\/WhatsApp-Video-2025-05-13-at-16.52.24.mp4 Audi\u00eancia P\u00fablica | Rio de Liberdades. Durante a audi\u00eancia p\u00fablica realizada naCinel\u00e2ndia, reafirmei algo que repito h\u00e1 anos e que se faz cada vez mais urgente: n\u00e3o h\u00e1 como debater intoler\u00e2ncia religiosa, viol\u00eancia contra os nossos e racismo estrutural sem compreender o cen\u00e1rio pol\u00edtico em &hellip; Audi\u00eancia P\u00fablica | Rio de Liberdades Read More &raquo;","og_url":"https:\/\/coisasdegentepreta.com.br\/index.php\/audiencia-publica-rio-de-liberdades\/","article_publisher":"https:\/\/facebook.com\/cmmcomcoisasdegente","article_modified_time":"2025-05-14T18:43:39+00:00","twitter_card":"summary_large_image","twitter_site":"@cmmcomcoisasdegente","twitter_misc":{"Est. reading time":"1 minute"},"schema":{"@context":"https:\/\/schema.org","@graph":[{"@type":"WebPage","@id":"https:\/\/coisasdegentepreta.com.br\/index.php\/audiencia-publica-rio-de-liberdades\/","url":"https:\/\/coisasdegentepreta.com.br\/index.php\/audiencia-publica-rio-de-liberdades\/","name":"Audi\u00eancia P\u00fablica | Rio de Liberdades -","isPartOf":{"@id":"https:\/\/coisasdegentepreta.com.br\/#website"},"datePublished":"2025-05-13T23:06:47+00:00","dateModified":"2025-05-14T18:43:39+00:00","breadcrumb":{"@id":"https:\/\/coisasdegentepreta.com.br\/index.php\/audiencia-publica-rio-de-liberdades\/#breadcrumb"},"inLanguage":"en-US","potentialAction":[{"@type":"ReadAction","target":["https:\/\/coisasdegentepreta.com.br\/index.php\/audiencia-publica-rio-de-liberdades\/"]}]},{"@type":"BreadcrumbList","@id":"https:\/\/coisasdegentepreta.com.br\/index.php\/audiencia-publica-rio-de-liberdades\/#breadcrumb","itemListElement":[{"@type":"ListItem","position":1,"name":"ECMM","item":"https:\/\/coisasdegentepreta.com.br\/"},{"@type":"ListItem","position":2,"name":"Audi\u00eancia P\u00fablica | Rio de Liberdades"}]},{"@type":"WebSite","@id":"https:\/\/coisasdegentepreta.com.br\/#website","url":"https:\/\/coisasdegentepreta.com.br\/","name":"https:\/\/coisasdegentepreta.com.br","description":"","publisher":{"@id":"https:\/\/coisasdegentepreta.com.br\/#organization"},"potentialAction":[{"@type":"SearchAction","target":{"@type":"EntryPoint","urlTemplate":"https:\/\/coisasdegentepreta.com.br\/?s={search_term_string}"},"query-input":{"@type":"PropertyValueSpecification","valueRequired":true,"valueName":"search_term_string"}}],"inLanguage":"en-US"},{"@type":"Organization","@id":"https:\/\/coisasdegentepreta.com.br\/#organization","name":"Espa\u00e7o de Capacita\u00e7\u00e3o M\u00e1rcio Madeira RJ","url":"https:\/\/coisasdegentepreta.com.br\/","logo":{"@type":"ImageObject","inLanguage":"en-US","@id":"https:\/\/coisasdegentepreta.com.br\/#\/schema\/logo\/image\/","url":"https:\/\/coisasdegentepreta.com.br\/wp-content\/uploads\/2023\/12\/logo-2.png","contentUrl":"https:\/\/coisasdegentepreta.com.br\/wp-content\/uploads\/2023\/12\/logo-2.png","width":2064,"height":1021,"caption":"Espa\u00e7o de Capacita\u00e7\u00e3o M\u00e1rcio Madeira RJ"},"image":{"@id":"https:\/\/coisasdegentepreta.com.br\/#\/schema\/logo\/image\/"},"sameAs":["https:\/\/facebook.com\/cmmcomcoisasdegente","https:\/\/x.com\/cmmcomcoisasdegente","https:\/\/instagram.com\/cmmcomcoisasdegente"]}]}},"_links":{"self":[{"href":"https:\/\/coisasdegentepreta.com.br\/index.php\/wp-json\/wp\/v2\/pages\/5559","targetHints":{"allow":["GET"]}}],"collection":[{"href":"https:\/\/coisasdegentepreta.com.br\/index.php\/wp-json\/wp\/v2\/pages"}],"about":[{"href":"https:\/\/coisasdegentepreta.com.br\/index.php\/wp-json\/wp\/v2\/types\/page"}],"author":[{"embeddable":true,"href":"https:\/\/coisasdegentepreta.com.br\/index.php\/wp-json\/wp\/v2\/users\/1"}],"replies":[{"embeddable":true,"href":"https:\/\/coisasdegentepreta.com.br\/index.php\/wp-json\/wp\/v2\/comments?post=5559"}],"version-history":[{"count":13,"href":"https:\/\/coisasdegentepreta.com.br\/index.php\/wp-json\/wp\/v2\/pages\/5559\/revisions"}],"predecessor-version":[{"id":5581,"href":"https:\/\/coisasdegentepreta.com.br\/index.php\/wp-json\/wp\/v2\/pages\/5559\/revisions\/5581"}],"wp:attachment":[{"href":"https:\/\/coisasdegentepreta.com.br\/index.php\/wp-json\/wp\/v2\/media?parent=5559"}],"curies":[{"name":"wp","href":"https:\/\/api.w.org\/{rel}","templated":true}]}}