{"id":3727,"date":"2025-04-11T19:52:05","date_gmt":"2025-04-11T22:52:05","guid":{"rendered":"https:\/\/coisasdegentepreta.com.br\/?page_id=3727"},"modified":"2025-09-17T08:52:07","modified_gmt":"2025-09-17T11:52:07","slug":"curso-de-desenho-e-grafite","status":"publish","type":"page","link":"https:\/\/coisasdegentepreta.com.br\/index.php\/curso-de-desenho-e-grafite\/","title":{"rendered":"Curso de desenho e grafite"},"content":{"rendered":"\t\t<div data-elementor-type=\"wp-page\" data-elementor-id=\"3727\" class=\"elementor elementor-3727\">\n\t\t\t\t<div class=\"elementor-element elementor-element-07e63c6 e-flex e-con-boxed e-con e-parent\" data-id=\"07e63c6\" data-element_type=\"container\" data-settings=\"{&quot;background_background&quot;:&quot;classic&quot;}\">\n\t\t\t\t\t<div class=\"e-con-inner\">\n\t\t\t\t<div class=\"elementor-element elementor-element-370cd4b elementor-widget__width-initial elementor-widget elementor-widget-heading\" data-id=\"370cd4b\" data-element_type=\"widget\" data-widget_type=\"heading.default\">\n\t\t\t\t<div class=\"elementor-widget-container\">\n\t\t\t\t\t<h4 class=\"elementor-heading-title elementor-size-default\">Curso de desenho e grafite<\/h4>\t\t\t\t<\/div>\n\t\t\t\t<\/div>\n\t\t\t\t\t<\/div>\n\t\t\t\t<\/div>\n\t\t<div class=\"elementor-element elementor-element-0669186 e-grid e-con-boxed e-con e-parent\" data-id=\"0669186\" data-element_type=\"container\" data-settings=\"{&quot;background_background&quot;:&quot;classic&quot;}\">\n\t\t\t\t\t<div class=\"e-con-inner\">\n\t\t\t\t<div class=\"elementor-element elementor-element-c9a04a9 elementor-widget elementor-widget-image\" data-id=\"c9a04a9\" data-element_type=\"widget\" data-widget_type=\"image.default\">\n\t\t\t\t<div class=\"elementor-widget-container\">\n\t\t\t\t\t\t\t\t\t\t\t\t\t\t\t<img fetchpriority=\"high\" decoding=\"async\" width=\"768\" height=\"1024\" src=\"https:\/\/coisasdegentepreta.com.br\/wp-content\/uploads\/2025\/04\/WhatsApp-Image-2025-04-11-at-20.23.07-768x1024.jpeg\" class=\"attachment-large size-large wp-image-3742\" alt=\"\" srcset=\"https:\/\/coisasdegentepreta.com.br\/wp-content\/uploads\/2025\/04\/WhatsApp-Image-2025-04-11-at-20.23.07-768x1024.jpeg 768w, https:\/\/coisasdegentepreta.com.br\/wp-content\/uploads\/2025\/04\/WhatsApp-Image-2025-04-11-at-20.23.07-600x800.jpeg 600w, https:\/\/coisasdegentepreta.com.br\/wp-content\/uploads\/2025\/04\/WhatsApp-Image-2025-04-11-at-20.23.07-225x300.jpeg 225w, https:\/\/coisasdegentepreta.com.br\/wp-content\/uploads\/2025\/04\/WhatsApp-Image-2025-04-11-at-20.23.07.jpeg 960w\" sizes=\"(max-width: 768px) 100vw, 768px\" \/>\t\t\t\t\t\t\t\t\t\t\t\t\t\t\t<\/div>\n\t\t\t\t<\/div>\n\t\t\t\t<div class=\"elementor-element elementor-element-bd3851b elementor-widget elementor-widget-image\" data-id=\"bd3851b\" data-element_type=\"widget\" data-widget_type=\"image.default\">\n\t\t\t\t<div class=\"elementor-widget-container\">\n\t\t\t\t\t\t\t\t\t\t\t\t\t\t\t<img decoding=\"async\" width=\"768\" height=\"1024\" src=\"https:\/\/coisasdegentepreta.com.br\/wp-content\/uploads\/2025\/04\/WhatsApp-Image-2025-03-18-at-15.53.24-768x1024.jpeg\" class=\"attachment-large size-large wp-image-3734\" alt=\"\" srcset=\"https:\/\/coisasdegentepreta.com.br\/wp-content\/uploads\/2025\/04\/WhatsApp-Image-2025-03-18-at-15.53.24-768x1024.jpeg 768w, https:\/\/coisasdegentepreta.com.br\/wp-content\/uploads\/2025\/04\/WhatsApp-Image-2025-03-18-at-15.53.24-600x800.jpeg 600w, https:\/\/coisasdegentepreta.com.br\/wp-content\/uploads\/2025\/04\/WhatsApp-Image-2025-03-18-at-15.53.24-225x300.jpeg 225w, https:\/\/coisasdegentepreta.com.br\/wp-content\/uploads\/2025\/04\/WhatsApp-Image-2025-03-18-at-15.53.24-1152x1536.jpeg 1152w, https:\/\/coisasdegentepreta.com.br\/wp-content\/uploads\/2025\/04\/WhatsApp-Image-2025-03-18-at-15.53.24.jpeg 1200w\" sizes=\"(max-width: 768px) 100vw, 768px\" \/>\t\t\t\t\t\t\t\t\t\t\t\t\t\t\t<\/div>\n\t\t\t\t<\/div>\n\t\t\t\t<div class=\"elementor-element elementor-element-946821a elementor-widget elementor-widget-image\" data-id=\"946821a\" data-element_type=\"widget\" data-widget_type=\"image.default\">\n\t\t\t\t<div class=\"elementor-widget-container\">\n\t\t\t\t\t\t\t\t\t\t\t\t\t\t\t<img decoding=\"async\" width=\"768\" height=\"1024\" src=\"https:\/\/coisasdegentepreta.com.br\/wp-content\/uploads\/2025\/04\/WhatsApp-Image-2025-04-11-at-20.23.14-768x1024.jpeg\" class=\"attachment-large size-large wp-image-3741\" alt=\"\" srcset=\"https:\/\/coisasdegentepreta.com.br\/wp-content\/uploads\/2025\/04\/WhatsApp-Image-2025-04-11-at-20.23.14-768x1024.jpeg 768w, https:\/\/coisasdegentepreta.com.br\/wp-content\/uploads\/2025\/04\/WhatsApp-Image-2025-04-11-at-20.23.14-600x800.jpeg 600w, https:\/\/coisasdegentepreta.com.br\/wp-content\/uploads\/2025\/04\/WhatsApp-Image-2025-04-11-at-20.23.14-225x300.jpeg 225w, https:\/\/coisasdegentepreta.com.br\/wp-content\/uploads\/2025\/04\/WhatsApp-Image-2025-04-11-at-20.23.14.jpeg 960w\" sizes=\"(max-width: 768px) 100vw, 768px\" \/>\t\t\t\t\t\t\t\t\t\t\t\t\t\t\t<\/div>\n\t\t\t\t<\/div>\n\t\t\t\t\t<\/div>\n\t\t\t\t<\/div>\n\t\t<div class=\"elementor-element elementor-element-08fe51d e-flex e-con-boxed e-con e-parent\" data-id=\"08fe51d\" data-element_type=\"container\" data-settings=\"{&quot;background_background&quot;:&quot;classic&quot;}\">\n\t\t\t\t\t<div class=\"e-con-inner\">\n\t\t\t\t<div class=\"elementor-element elementor-element-40267f3 elementor-widget elementor-widget-text-editor\" data-id=\"40267f3\" data-element_type=\"widget\" data-widget_type=\"text-editor.default\">\n\t\t\t\t<div class=\"elementor-widget-container\">\n\t\t\t\t\t\t\t\t\t<p><strong>Conte\u00fado Program\u00e1tico:<\/strong> T\u00e9cnicas de grafite desenho e pintura, luz e sombra, conceitos, b\u00e1sicos, intermedi\u00e1rios e avan\u00e7ados, dependendo do rendimento individual de cada aluno (ao final certificado do curso, e assim podendo j\u00e1 aplicar no dia a dia e at\u00e9 para eventuais empregabiidades no mercado de travalho).<\/p><p><strong>Hor\u00e1rio:<\/strong> quinta feiras 14:00 \u00e1s 16:00 (Inicio das aulas em abril).<\/p><p><strong>Inscri\u00e7\u00e3o: <\/strong>entrar em contato com\u00a0 o Instituto Coisas de Gente Preta atrav\u00e9s do n\u00famero: (21) 99753 &#8211; 0449<\/p>\t\t\t\t\t\t\t\t<\/div>\n\t\t\t\t<\/div>\n\t\t\t\t\t<\/div>\n\t\t\t\t<\/div>\n\t\t<div class=\"elementor-element elementor-element-8b77bba e-flex e-con-boxed e-con e-parent\" data-id=\"8b77bba\" data-element_type=\"container\" data-settings=\"{&quot;background_background&quot;:&quot;classic&quot;}\">\n\t\t\t\t\t<div class=\"e-con-inner\">\n\t\t\t\t<div class=\"elementor-element elementor-element-0a36545 elementor-widget__width-inherit elementor-widget elementor-widget-image\" data-id=\"0a36545\" data-element_type=\"widget\" data-widget_type=\"image.default\">\n\t\t\t\t<div class=\"elementor-widget-container\">\n\t\t\t\t\t\t\t\t\t\t\t\t\t\t\t<img loading=\"lazy\" decoding=\"async\" width=\"768\" height=\"1024\" src=\"https:\/\/coisasdegentepreta.com.br\/wp-content\/uploads\/2025\/04\/WhatsApp-Image-2025-03-18-at-15.53.22-768x1024.jpeg\" class=\"attachment-large size-large wp-image-3733\" alt=\"\" srcset=\"https:\/\/coisasdegentepreta.com.br\/wp-content\/uploads\/2025\/04\/WhatsApp-Image-2025-03-18-at-15.53.22-768x1024.jpeg 768w, https:\/\/coisasdegentepreta.com.br\/wp-content\/uploads\/2025\/04\/WhatsApp-Image-2025-03-18-at-15.53.22-600x800.jpeg 600w, https:\/\/coisasdegentepreta.com.br\/wp-content\/uploads\/2025\/04\/WhatsApp-Image-2025-03-18-at-15.53.22-225x300.jpeg 225w, https:\/\/coisasdegentepreta.com.br\/wp-content\/uploads\/2025\/04\/WhatsApp-Image-2025-03-18-at-15.53.22.jpeg 960w\" sizes=\"(max-width: 768px) 100vw, 768px\" \/>\t\t\t\t\t\t\t\t\t\t\t\t\t\t\t<\/div>\n\t\t\t\t<\/div>\n\t\t\t\t<div class=\"elementor-element elementor-element-cd74e09 elementor-widget__width-inherit elementor-widget elementor-widget-text-editor\" data-id=\"cd74e09\" data-element_type=\"widget\" data-widget_type=\"text-editor.default\">\n\t\t\t\t<div class=\"elementor-widget-container\">\n\t\t\t\t\t\t\t\t\t<p>Rodrigo Sini \u00e9 um artista pl\u00e1stico e visual cuja obra se inspira na representatividade, na identidade negra e na for\u00e7a da express\u00e3o art\u00edstica. Seu trabalho transita entre a pintura, o grafite e o desenho, utilizando cores vibrantes e tra\u00e7os marcantes para contar hist\u00f3rias e dar visibilidade \u00e0s narrativas da comunidade negra.<\/p><p>Efetuou uma longa passagem na Escola de Belas Artes da UFRJ (EBA-UFRJ) e tem uma forte conex\u00e3o com o expressionismo, estilo que influencia sua arte na busca por transmitir emo\u00e7\u00f5es intensas e subjetivas. Seu olhar art\u00edstico se volta especialmente para a inf\u00e2ncia negra, representando crian\u00e7as em suas m\u00faltiplas viv\u00eancias, ressaltando sua beleza, pot\u00eancia e individualidade.<\/p><p>Com mais de 10 anos de experi\u00eancia como oficineiro no Centro de Aten\u00e7\u00e3o Psicossocial (CAPS), Rodrigo utilizou a arte como ferramenta terap\u00eautica, promovendo inclus\u00e3o e bem-estar por meio da express\u00e3o art\u00edstica.<\/p><p>Seu talento j\u00e1 ultrapassou fronteiras: teve suas obras expostas pela CUFA em Nova York e participou do Live Paint no Rock in Rio, levando sua arte para um dos maiores festivais do mundo. Al\u00e9m disso, j\u00e1 trabalhou nos camarins de artistas como Seu Jorge, Liniker, Criolo e muitos outros, criando ambientes art\u00edsticos \u00fanicos nos bastidores de grandes apresenta\u00e7\u00f5es.<\/p><p>Atualmente, no Instituto Coisas de Gente Preta (ICGP), ele compartilha sua paix\u00e3o pela arte ministrando aulas de pintura, grafite e desenho, incentivando jovens a explorarem sua criatividade e a se expressarem por meio da arte. Para Rodrigo, a arte n\u00e3o \u00e9 apenas est\u00e9tica, mas tamb\u00e9m um ato de resist\u00eancia e valoriza\u00e7\u00e3o da identidade negra.<\/p>\t\t\t\t\t\t\t\t<\/div>\n\t\t\t\t<\/div>\n\t\t\t\t\t<\/div>\n\t\t\t\t<\/div>\n\t\t\t\t<\/div>\n\t\t","protected":false},"excerpt":{"rendered":"<p>Curso de desenho e grafite Conte\u00fado Program\u00e1tico: T\u00e9cnicas de grafite desenho e pintura, luz e sombra, conceitos, b\u00e1sicos, intermedi\u00e1rios e avan\u00e7ados, dependendo do rendimento individual de cada aluno (ao final certificado do curso, e assim podendo j\u00e1 aplicar no dia a dia e at\u00e9 para eventuais empregabiidades no mercado de travalho). Hor\u00e1rio: quinta feiras 14:00 &hellip;<\/p>\n<p class=\"read-more\"> <a class=\"\" href=\"https:\/\/coisasdegentepreta.com.br\/index.php\/curso-de-desenho-e-grafite\/\"> <span class=\"screen-reader-text\">Curso de desenho e grafite<\/span> Read More &raquo;<\/a><\/p>\n","protected":false},"author":1,"featured_media":0,"parent":0,"menu_order":0,"comment_status":"closed","ping_status":"closed","template":"","meta":{"site-sidebar-layout":"no-sidebar","site-content-layout":"","ast-site-content-layout":"full-width-container","site-content-style":"default","site-sidebar-style":"default","ast-global-header-display":"","ast-banner-title-visibility":"","ast-main-header-display":"","ast-hfb-above-header-display":"","ast-hfb-below-header-display":"","ast-hfb-mobile-header-display":"","site-post-title":"disabled","ast-breadcrumbs-content":"","ast-featured-img":"disabled","footer-sml-layout":"","theme-transparent-header-meta":"","adv-header-id-meta":"","stick-header-meta":"","header-above-stick-meta":"","header-main-stick-meta":"","header-below-stick-meta":"","astra-migrate-meta-layouts":"default","ast-page-background-enabled":"default","ast-page-background-meta":{"desktop":{"background-color":"var(--ast-global-color-4)","background-image":"","background-repeat":"repeat","background-position":"center center","background-size":"auto","background-attachment":"scroll","background-type":"","background-media":"","overlay-type":"","overlay-color":"","overlay-gradient":""},"tablet":{"background-color":"","background-image":"","background-repeat":"repeat","background-position":"center center","background-size":"auto","background-attachment":"scroll","background-type":"","background-media":"","overlay-type":"","overlay-color":"","overlay-gradient":""},"mobile":{"background-color":"","background-image":"","background-repeat":"repeat","background-position":"center center","background-size":"auto","background-attachment":"scroll","background-type":"","background-media":"","overlay-type":"","overlay-color":"","overlay-gradient":""}},"ast-content-background-meta":{"desktop":{"background-color":"var(--ast-global-color-5)","background-image":"","background-repeat":"repeat","background-position":"center center","background-size":"auto","background-attachment":"scroll","background-type":"","background-media":"","overlay-type":"","overlay-color":"","overlay-gradient":""},"tablet":{"background-color":"var(--ast-global-color-5)","background-image":"","background-repeat":"repeat","background-position":"center center","background-size":"auto","background-attachment":"scroll","background-type":"","background-media":"","overlay-type":"","overlay-color":"","overlay-gradient":""},"mobile":{"background-color":"var(--ast-global-color-5)","background-image":"","background-repeat":"repeat","background-position":"center center","background-size":"auto","background-attachment":"scroll","background-type":"","background-media":"","overlay-type":"","overlay-color":"","overlay-gradient":""}},"footnotes":""},"class_list":["post-3727","page","type-page","status-publish","hentry"],"yoast_head":"<!-- This site is optimized with the Yoast SEO plugin v24.2 - https:\/\/yoast.com\/wordpress\/plugins\/seo\/ -->\n<title>Curso de desenho e grafite -<\/title>\n<meta name=\"robots\" content=\"index, follow, max-snippet:-1, max-image-preview:large, max-video-preview:-1\" \/>\n<link rel=\"canonical\" href=\"https:\/\/coisasdegentepreta.com.br\/index.php\/curso-de-desenho-e-grafite\/\" \/>\n<meta property=\"og:locale\" content=\"en_US\" \/>\n<meta property=\"og:type\" content=\"article\" \/>\n<meta property=\"og:title\" content=\"Curso de desenho e grafite -\" \/>\n<meta property=\"og:description\" content=\"Curso de desenho e grafite Conte\u00fado Program\u00e1tico: T\u00e9cnicas de grafite desenho e pintura, luz e sombra, conceitos, b\u00e1sicos, intermedi\u00e1rios e avan\u00e7ados, dependendo do rendimento individual de cada aluno (ao final certificado do curso, e assim podendo j\u00e1 aplicar no dia a dia e at\u00e9 para eventuais empregabiidades no mercado de travalho). Hor\u00e1rio: quinta feiras 14:00 &hellip; Curso de desenho e grafite Read More &raquo;\" \/>\n<meta property=\"og:url\" content=\"https:\/\/coisasdegentepreta.com.br\/index.php\/curso-de-desenho-e-grafite\/\" \/>\n<meta property=\"article:publisher\" content=\"https:\/\/facebook.com\/cmmcomcoisasdegente\" \/>\n<meta property=\"article:modified_time\" content=\"2025-09-17T11:52:07+00:00\" \/>\n<meta property=\"og:image\" content=\"https:\/\/coisasdegentepreta.com.br\/wp-content\/uploads\/2025\/04\/WhatsApp-Image-2025-04-11-at-20.23.07.jpeg\" \/>\n\t<meta property=\"og:image:width\" content=\"960\" \/>\n\t<meta property=\"og:image:height\" content=\"1280\" \/>\n\t<meta property=\"og:image:type\" content=\"image\/jpeg\" \/>\n<meta name=\"twitter:card\" content=\"summary_large_image\" \/>\n<meta name=\"twitter:site\" content=\"@cmmcomcoisasdegente\" \/>\n<meta name=\"twitter:label1\" content=\"Est. reading time\" \/>\n\t<meta name=\"twitter:data1\" content=\"3 minutes\" \/>\n<script type=\"application\/ld+json\" class=\"yoast-schema-graph\">{\"@context\":\"https:\/\/schema.org\",\"@graph\":[{\"@type\":\"WebPage\",\"@id\":\"https:\/\/coisasdegentepreta.com.br\/index.php\/curso-de-desenho-e-grafite\/\",\"url\":\"https:\/\/coisasdegentepreta.com.br\/index.php\/curso-de-desenho-e-grafite\/\",\"name\":\"Curso de desenho e grafite -\",\"isPartOf\":{\"@id\":\"https:\/\/coisasdegentepreta.com.br\/#website\"},\"primaryImageOfPage\":{\"@id\":\"https:\/\/coisasdegentepreta.com.br\/index.php\/curso-de-desenho-e-grafite\/#primaryimage\"},\"image\":{\"@id\":\"https:\/\/coisasdegentepreta.com.br\/index.php\/curso-de-desenho-e-grafite\/#primaryimage\"},\"thumbnailUrl\":\"https:\/\/coisasdegentepreta.com.br\/wp-content\/uploads\/2025\/04\/WhatsApp-Image-2025-04-11-at-20.23.07-768x1024.jpeg\",\"datePublished\":\"2025-04-11T22:52:05+00:00\",\"dateModified\":\"2025-09-17T11:52:07+00:00\",\"breadcrumb\":{\"@id\":\"https:\/\/coisasdegentepreta.com.br\/index.php\/curso-de-desenho-e-grafite\/#breadcrumb\"},\"inLanguage\":\"en-US\",\"potentialAction\":[{\"@type\":\"ReadAction\",\"target\":[\"https:\/\/coisasdegentepreta.com.br\/index.php\/curso-de-desenho-e-grafite\/\"]}]},{\"@type\":\"ImageObject\",\"inLanguage\":\"en-US\",\"@id\":\"https:\/\/coisasdegentepreta.com.br\/index.php\/curso-de-desenho-e-grafite\/#primaryimage\",\"url\":\"https:\/\/coisasdegentepreta.com.br\/wp-content\/uploads\/2025\/04\/WhatsApp-Image-2025-04-11-at-20.23.07.jpeg\",\"contentUrl\":\"https:\/\/coisasdegentepreta.com.br\/wp-content\/uploads\/2025\/04\/WhatsApp-Image-2025-04-11-at-20.23.07.jpeg\",\"width\":960,\"height\":1280},{\"@type\":\"BreadcrumbList\",\"@id\":\"https:\/\/coisasdegentepreta.com.br\/index.php\/curso-de-desenho-e-grafite\/#breadcrumb\",\"itemListElement\":[{\"@type\":\"ListItem\",\"position\":1,\"name\":\"ECMM\",\"item\":\"https:\/\/coisasdegentepreta.com.br\/\"},{\"@type\":\"ListItem\",\"position\":2,\"name\":\"Curso de desenho e grafite\"}]},{\"@type\":\"WebSite\",\"@id\":\"https:\/\/coisasdegentepreta.com.br\/#website\",\"url\":\"https:\/\/coisasdegentepreta.com.br\/\",\"name\":\"https:\/\/coisasdegentepreta.com.br\",\"description\":\"\",\"publisher\":{\"@id\":\"https:\/\/coisasdegentepreta.com.br\/#organization\"},\"potentialAction\":[{\"@type\":\"SearchAction\",\"target\":{\"@type\":\"EntryPoint\",\"urlTemplate\":\"https:\/\/coisasdegentepreta.com.br\/?s={search_term_string}\"},\"query-input\":{\"@type\":\"PropertyValueSpecification\",\"valueRequired\":true,\"valueName\":\"search_term_string\"}}],\"inLanguage\":\"en-US\"},{\"@type\":\"Organization\",\"@id\":\"https:\/\/coisasdegentepreta.com.br\/#organization\",\"name\":\"Espa\u00e7o de Capacita\u00e7\u00e3o M\u00e1rcio Madeira RJ\",\"url\":\"https:\/\/coisasdegentepreta.com.br\/\",\"logo\":{\"@type\":\"ImageObject\",\"inLanguage\":\"en-US\",\"@id\":\"https:\/\/coisasdegentepreta.com.br\/#\/schema\/logo\/image\/\",\"url\":\"https:\/\/coisasdegentepreta.com.br\/wp-content\/uploads\/2023\/12\/logo-2.png\",\"contentUrl\":\"https:\/\/coisasdegentepreta.com.br\/wp-content\/uploads\/2023\/12\/logo-2.png\",\"width\":2064,\"height\":1021,\"caption\":\"Espa\u00e7o de Capacita\u00e7\u00e3o M\u00e1rcio Madeira RJ\"},\"image\":{\"@id\":\"https:\/\/coisasdegentepreta.com.br\/#\/schema\/logo\/image\/\"},\"sameAs\":[\"https:\/\/facebook.com\/cmmcomcoisasdegente\",\"https:\/\/x.com\/cmmcomcoisasdegente\",\"https:\/\/instagram.com\/cmmcomcoisasdegente\"]}]}<\/script>\n<!-- \/ Yoast SEO plugin. -->","yoast_head_json":{"title":"Curso de desenho e grafite -","robots":{"index":"index","follow":"follow","max-snippet":"max-snippet:-1","max-image-preview":"max-image-preview:large","max-video-preview":"max-video-preview:-1"},"canonical":"https:\/\/coisasdegentepreta.com.br\/index.php\/curso-de-desenho-e-grafite\/","og_locale":"en_US","og_type":"article","og_title":"Curso de desenho e grafite -","og_description":"Curso de desenho e grafite Conte\u00fado Program\u00e1tico: T\u00e9cnicas de grafite desenho e pintura, luz e sombra, conceitos, b\u00e1sicos, intermedi\u00e1rios e avan\u00e7ados, dependendo do rendimento individual de cada aluno (ao final certificado do curso, e assim podendo j\u00e1 aplicar no dia a dia e at\u00e9 para eventuais empregabiidades no mercado de travalho). Hor\u00e1rio: quinta feiras 14:00 &hellip; Curso de desenho e grafite Read More &raquo;","og_url":"https:\/\/coisasdegentepreta.com.br\/index.php\/curso-de-desenho-e-grafite\/","article_publisher":"https:\/\/facebook.com\/cmmcomcoisasdegente","article_modified_time":"2025-09-17T11:52:07+00:00","og_image":[{"width":960,"height":1280,"url":"https:\/\/coisasdegentepreta.com.br\/wp-content\/uploads\/2025\/04\/WhatsApp-Image-2025-04-11-at-20.23.07.jpeg","type":"image\/jpeg"}],"twitter_card":"summary_large_image","twitter_site":"@cmmcomcoisasdegente","twitter_misc":{"Est. reading time":"3 minutes"},"schema":{"@context":"https:\/\/schema.org","@graph":[{"@type":"WebPage","@id":"https:\/\/coisasdegentepreta.com.br\/index.php\/curso-de-desenho-e-grafite\/","url":"https:\/\/coisasdegentepreta.com.br\/index.php\/curso-de-desenho-e-grafite\/","name":"Curso de desenho e grafite -","isPartOf":{"@id":"https:\/\/coisasdegentepreta.com.br\/#website"},"primaryImageOfPage":{"@id":"https:\/\/coisasdegentepreta.com.br\/index.php\/curso-de-desenho-e-grafite\/#primaryimage"},"image":{"@id":"https:\/\/coisasdegentepreta.com.br\/index.php\/curso-de-desenho-e-grafite\/#primaryimage"},"thumbnailUrl":"https:\/\/coisasdegentepreta.com.br\/wp-content\/uploads\/2025\/04\/WhatsApp-Image-2025-04-11-at-20.23.07-768x1024.jpeg","datePublished":"2025-04-11T22:52:05+00:00","dateModified":"2025-09-17T11:52:07+00:00","breadcrumb":{"@id":"https:\/\/coisasdegentepreta.com.br\/index.php\/curso-de-desenho-e-grafite\/#breadcrumb"},"inLanguage":"en-US","potentialAction":[{"@type":"ReadAction","target":["https:\/\/coisasdegentepreta.com.br\/index.php\/curso-de-desenho-e-grafite\/"]}]},{"@type":"ImageObject","inLanguage":"en-US","@id":"https:\/\/coisasdegentepreta.com.br\/index.php\/curso-de-desenho-e-grafite\/#primaryimage","url":"https:\/\/coisasdegentepreta.com.br\/wp-content\/uploads\/2025\/04\/WhatsApp-Image-2025-04-11-at-20.23.07.jpeg","contentUrl":"https:\/\/coisasdegentepreta.com.br\/wp-content\/uploads\/2025\/04\/WhatsApp-Image-2025-04-11-at-20.23.07.jpeg","width":960,"height":1280},{"@type":"BreadcrumbList","@id":"https:\/\/coisasdegentepreta.com.br\/index.php\/curso-de-desenho-e-grafite\/#breadcrumb","itemListElement":[{"@type":"ListItem","position":1,"name":"ECMM","item":"https:\/\/coisasdegentepreta.com.br\/"},{"@type":"ListItem","position":2,"name":"Curso de desenho e grafite"}]},{"@type":"WebSite","@id":"https:\/\/coisasdegentepreta.com.br\/#website","url":"https:\/\/coisasdegentepreta.com.br\/","name":"https:\/\/coisasdegentepreta.com.br","description":"","publisher":{"@id":"https:\/\/coisasdegentepreta.com.br\/#organization"},"potentialAction":[{"@type":"SearchAction","target":{"@type":"EntryPoint","urlTemplate":"https:\/\/coisasdegentepreta.com.br\/?s={search_term_string}"},"query-input":{"@type":"PropertyValueSpecification","valueRequired":true,"valueName":"search_term_string"}}],"inLanguage":"en-US"},{"@type":"Organization","@id":"https:\/\/coisasdegentepreta.com.br\/#organization","name":"Espa\u00e7o de Capacita\u00e7\u00e3o M\u00e1rcio Madeira RJ","url":"https:\/\/coisasdegentepreta.com.br\/","logo":{"@type":"ImageObject","inLanguage":"en-US","@id":"https:\/\/coisasdegentepreta.com.br\/#\/schema\/logo\/image\/","url":"https:\/\/coisasdegentepreta.com.br\/wp-content\/uploads\/2023\/12\/logo-2.png","contentUrl":"https:\/\/coisasdegentepreta.com.br\/wp-content\/uploads\/2023\/12\/logo-2.png","width":2064,"height":1021,"caption":"Espa\u00e7o de Capacita\u00e7\u00e3o M\u00e1rcio Madeira RJ"},"image":{"@id":"https:\/\/coisasdegentepreta.com.br\/#\/schema\/logo\/image\/"},"sameAs":["https:\/\/facebook.com\/cmmcomcoisasdegente","https:\/\/x.com\/cmmcomcoisasdegente","https:\/\/instagram.com\/cmmcomcoisasdegente"]}]}},"_links":{"self":[{"href":"https:\/\/coisasdegentepreta.com.br\/index.php\/wp-json\/wp\/v2\/pages\/3727","targetHints":{"allow":["GET"]}}],"collection":[{"href":"https:\/\/coisasdegentepreta.com.br\/index.php\/wp-json\/wp\/v2\/pages"}],"about":[{"href":"https:\/\/coisasdegentepreta.com.br\/index.php\/wp-json\/wp\/v2\/types\/page"}],"author":[{"embeddable":true,"href":"https:\/\/coisasdegentepreta.com.br\/index.php\/wp-json\/wp\/v2\/users\/1"}],"replies":[{"embeddable":true,"href":"https:\/\/coisasdegentepreta.com.br\/index.php\/wp-json\/wp\/v2\/comments?post=3727"}],"version-history":[{"count":28,"href":"https:\/\/coisasdegentepreta.com.br\/index.php\/wp-json\/wp\/v2\/pages\/3727\/revisions"}],"predecessor-version":[{"id":7159,"href":"https:\/\/coisasdegentepreta.com.br\/index.php\/wp-json\/wp\/v2\/pages\/3727\/revisions\/7159"}],"wp:attachment":[{"href":"https:\/\/coisasdegentepreta.com.br\/index.php\/wp-json\/wp\/v2\/media?parent=3727"}],"curies":[{"name":"wp","href":"https:\/\/api.w.org\/{rel}","templated":true}]}}